{"id":744878,"date":"2025-08-28T02:06:50","date_gmt":"2025-08-27T23:06:50","guid":{"rendered":"https:\/\/roveyayinevi.com.tr\/index.php\/urun\/kusadasinda-marti-olmak\/"},"modified":"2026-04-16T02:56:45","modified_gmt":"2026-04-15T23:56:45","slug":"kusadasinda-marti-olmak","status":"publish","type":"product","link":"https:\/\/roveyayinevi.com.tr\/index.php\/urun\/kusadasinda-marti-olmak\/","title":{"rendered":"Ku\u015fadas\u0131&#8217;nda Mart\u0131 Olmak"},"content":{"rendered":"<p>\u0130\u00e7tenlikle bezenmi\u015f duyarl\u0131 \u00f6yk\u00fclerin \u00e7a\u011fr\u0131s\u0131 bu kitap. Deniz k\u0131y\u0131lar\u0131ndan da\u011flara, k\u00f6ylerden kentlere uzanan, ki\u015fisel ya\u015fant\u0131lardan beslenip toplumsal ve k\u00fclt\u00fcrel ufkumuza ve elbette g\u00f6nl\u00fcm\u00fcze kurulan k\u00f6pr\u00fclerden ge\u00e7mek d\u00fc\u015f\u00fcyor okurlar\u0131na. Uzaklarda ba\u015flasa bile yolu hep Ege\u2019ye varan karakterlerin mutlulukla h\u00fcz\u00fcn aras\u0131nda gidip gelen yolculuklar\u0131na \u015fahitlik etmek ya\u015fama dokunmak hissi yarat\u0131yor. Ya\u015fad\u0131\u011f\u0131 kentin k\u00fclt\u00fcr el\u00e7ili\u011fini s\u00fcrd\u00fcren yazar, okurlar\u0131n\u0131 da bu ser\u00fcvene ortak etmeyi ba\u015far\u0131yor. Ege, \u0130zmir, Ayd\u0131n ve elbette Ku\u015fadas\u0131\u2019ndan hepimize \u00f6yk\u00fcce selam g\u00f6nderiyor\u2026 <\/p>\n","protected":false},"excerpt":{"rendered":"<p>\u0130\u00e7tenlikle bezenmi\u015f duyarl\u0131 \u00f6yk\u00fclerin \u00e7a\u011fr\u0131s\u0131 bu kitap. Deniz k\u0131y\u0131lar\u0131ndan da\u011flara, k\u00f6ylerden kentlere uzanan, ki\u015fisel ya\u015fant\u0131lardan beslenip toplumsal ve k\u00fclt\u00fcrel ufkumuza ve elbette g\u00f6nl\u00fcm\u00fcze kurulan k\u00f6pr\u00fclerden ge\u00e7mek<span class=\"excerpt-hellip\"> [\u2026]<\/span><\/p>\n","protected":false},"featured_media":0,"template":"","meta":{"_monsterinsights_skip_tracking":false,"_monsterinsights_sitenote_active":false,"_monsterinsights_sitenote_note":"","_monsterinsights_sitenote_category":0},"product_brand":[],"product_cat":[12291,12711],"product_tag":[],"class_list":{"0":"post-744878","1":"product","2":"type-product","3":"status-publish","5":"product_cat-edebiyat","6":"product_cat-roman-oyku","7":"pa_cilt-ciltsiz","8":"pa_tur-kitap","9":"pa_yayinevi-sinirsiz-kitap","10":"pa_yazar-huseyin-asar","12":"first","13":"instock","14":"sale","15":"shipping-taxable","16":"purchasable","17":"product-type-simple"},"_links":{"self":[{"href":"https:\/\/roveyayinevi.com.tr\/index.php\/wp-json\/wp\/v2\/product\/744878","targetHints":{"allow":["GET"]}}],"collection":[{"href":"https:\/\/roveyayinevi.com.tr\/index.php\/wp-json\/wp\/v2\/product"}],"about":[{"href":"https:\/\/roveyayinevi.com.tr\/index.php\/wp-json\/wp\/v2\/types\/product"}],"wp:attachment":[{"href":"https:\/\/roveyayinevi.com.tr\/index.php\/wp-json\/wp\/v2\/media?parent=744878"}],"wp:term":[{"taxonomy":"product_brand","embeddable":true,"href":"https:\/\/roveyayinevi.com.tr\/index.php\/wp-json\/wp\/v2\/product_brand?post=744878"},{"taxonomy":"product_cat","embeddable":true,"href":"https:\/\/roveyayinevi.com.tr\/index.php\/wp-json\/wp\/v2\/product_cat?post=744878"},{"taxonomy":"product_tag","embeddable":true,"href":"https:\/\/roveyayinevi.com.tr\/index.php\/wp-json\/wp\/v2\/product_tag?post=744878"}],"curies":[{"name":"wp","href":"https:\/\/api.w.org\/{rel}","templated":true}]}}