{"id":744871,"date":"2025-08-28T02:06:41","date_gmt":"2025-08-27T23:06:41","guid":{"rendered":"https:\/\/roveyayinevi.com.tr\/index.php\/urun\/deccal-1\/"},"modified":"2025-10-06T08:04:07","modified_gmt":"2025-10-06T05:04:07","slug":"deccal-1","status":"publish","type":"product","link":"https:\/\/roveyayinevi.com.tr\/index.php\/urun\/deccal-1\/","title":{"rendered":"Deccal 1"},"content":{"rendered":"<p>\u015eair E\u015fref, T\u00fcrk edebiyat\u0131n\u0131n ha\u015far\u0131 \u00e7ocu\u011fu. Hiciv denildi\u011fi zaman akla ilk olarak onun ismi geliyor. Deccal ise millete nefes ald\u0131rmayan bask\u0131c\u0131 ve yolsuzlu\u011fa bulanm\u0131\u015f bir y\u00f6netime kar\u015f\u0131 \u00e7\u0131kan bir intikamc\u0131. Hik\u00e2yesi ve f\u0131kras\u0131 bol bir hiciv bombard\u0131man\u0131. Sans\u00fcrs\u00fcz tam metni, ilk kez g\u00fcn\u00fcm\u00fcz T\u00fcrk\u00e7esiyle&#8230; <\/p>\n","protected":false},"excerpt":{"rendered":"<p>\u015eair E\u015fref, T\u00fcrk edebiyat\u0131n\u0131n ha\u015far\u0131 \u00e7ocu\u011fu. Hiciv denildi\u011fi zaman akla ilk olarak onun ismi geliyor. Deccal ise millete nefes ald\u0131rmayan bask\u0131c\u0131 ve yolsuzlu\u011fa bulanm\u0131\u015f bir y\u00f6netime<span class=\"excerpt-hellip\"> [\u2026]<\/span><\/p>\n","protected":false},"featured_media":0,"template":"","meta":{"_monsterinsights_skip_tracking":false,"_monsterinsights_sitenote_active":false,"_monsterinsights_sitenote_note":"","_monsterinsights_sitenote_category":0},"product_brand":[],"product_cat":[12291,12509],"product_tag":[],"class_list":{"0":"post-744871","1":"product","2":"type-product","3":"status-publish","5":"product_cat-edebiyat","6":"product_cat-siir","7":"pa_cilt-ciltsiz","8":"pa_tur-kitap","9":"pa_yayinevi-sapiens-yayinlari","10":"pa_yazar-sair-esref","12":"first","13":"instock","14":"sale","15":"shipping-taxable","16":"purchasable","17":"product-type-simple"},"_links":{"self":[{"href":"https:\/\/roveyayinevi.com.tr\/index.php\/wp-json\/wp\/v2\/product\/744871","targetHints":{"allow":["GET"]}}],"collection":[{"href":"https:\/\/roveyayinevi.com.tr\/index.php\/wp-json\/wp\/v2\/product"}],"about":[{"href":"https:\/\/roveyayinevi.com.tr\/index.php\/wp-json\/wp\/v2\/types\/product"}],"wp:attachment":[{"href":"https:\/\/roveyayinevi.com.tr\/index.php\/wp-json\/wp\/v2\/media?parent=744871"}],"wp:term":[{"taxonomy":"product_brand","embeddable":true,"href":"https:\/\/roveyayinevi.com.tr\/index.php\/wp-json\/wp\/v2\/product_brand?post=744871"},{"taxonomy":"product_cat","embeddable":true,"href":"https:\/\/roveyayinevi.com.tr\/index.php\/wp-json\/wp\/v2\/product_cat?post=744871"},{"taxonomy":"product_tag","embeddable":true,"href":"https:\/\/roveyayinevi.com.tr\/index.php\/wp-json\/wp\/v2\/product_tag?post=744871"}],"curies":[{"name":"wp","href":"https:\/\/api.w.org\/{rel}","templated":true}]}}