{"id":744866,"date":"2025-08-28T02:06:34","date_gmt":"2025-08-27T23:06:34","guid":{"rendered":"https:\/\/roveyayinevi.com.tr\/index.php\/urun\/muhsin-bey\/"},"modified":"2026-04-16T02:56:45","modified_gmt":"2026-04-15T23:56:45","slug":"muhsin-bey","status":"publish","type":"product","link":"https:\/\/roveyayinevi.com.tr\/index.php\/urun\/muhsin-bey\/","title":{"rendered":"Muhsin Bey"},"content":{"rendered":"<p>Recaizade Mahmut Ekrem Ktapl\u0131\u011f\u0131 &#8211; 2     Yaln\u0131zd\u0131r ya hani insan.   Kalabal\u0131klar i\u00e7inde tek ba\u015f\u0131nad\u0131r.   Hele bir de serde \u015fairlik,   y\u00fcrekte \u00f6l\u00fcm ac\u0131s\u0131 varsa   kara bulutlar eksik olmaz g\u00f6ky\u00fcz\u00fcnden.     Tanzimat asr\u0131n\u0131n b\u00fcy\u00fck \u015fairi Recaizade Mahmut Ekrem,   \u00e7ok iyi tan\u0131d\u0131\u011f\u0131 bir simaya,   \u00e7ok iyi bildi\u011fi bir ac\u0131y\u0131 y\u00fckl\u00fcyor.     Muhsin Bey, \u015fiirle hemh\u00e2l olmu\u015f bir kalbin ac\u0131lar\u0131n\u0131<\/p>\n","protected":false},"excerpt":{"rendered":"<p>Recaizade Mahmut Ekrem Ktapl\u0131\u011f\u0131 &#8211; 2 Yaln\u0131zd\u0131r ya hani insan. Kalabal\u0131klar i\u00e7inde tek ba\u015f\u0131nad\u0131r. Hele bir de serde \u015fairlik, y\u00fcrekte \u00f6l\u00fcm ac\u0131s\u0131 varsa kara bulutlar eksik<span class=\"excerpt-hellip\"> [\u2026]<\/span><\/p>\n","protected":false},"featured_media":0,"template":"","meta":{"_monsterinsights_skip_tracking":false,"_monsterinsights_sitenote_active":false,"_monsterinsights_sitenote_note":"","_monsterinsights_sitenote_category":0},"product_brand":[],"product_cat":[12291,12509],"product_tag":[],"class_list":{"0":"post-744866","1":"product","2":"type-product","3":"status-publish","5":"product_cat-edebiyat","6":"product_cat-siir","7":"pa_cilt-ciltsiz","8":"pa_tur-kitap","9":"pa_yayinevi-sapiens-yayinlari","10":"pa_yazar-recaizade-mahmut-ekrem","12":"first","13":"instock","14":"sale","15":"shipping-taxable","16":"purchasable","17":"product-type-simple"},"_links":{"self":[{"href":"https:\/\/roveyayinevi.com.tr\/index.php\/wp-json\/wp\/v2\/product\/744866","targetHints":{"allow":["GET"]}}],"collection":[{"href":"https:\/\/roveyayinevi.com.tr\/index.php\/wp-json\/wp\/v2\/product"}],"about":[{"href":"https:\/\/roveyayinevi.com.tr\/index.php\/wp-json\/wp\/v2\/types\/product"}],"wp:attachment":[{"href":"https:\/\/roveyayinevi.com.tr\/index.php\/wp-json\/wp\/v2\/media?parent=744866"}],"wp:term":[{"taxonomy":"product_brand","embeddable":true,"href":"https:\/\/roveyayinevi.com.tr\/index.php\/wp-json\/wp\/v2\/product_brand?post=744866"},{"taxonomy":"product_cat","embeddable":true,"href":"https:\/\/roveyayinevi.com.tr\/index.php\/wp-json\/wp\/v2\/product_cat?post=744866"},{"taxonomy":"product_tag","embeddable":true,"href":"https:\/\/roveyayinevi.com.tr\/index.php\/wp-json\/wp\/v2\/product_tag?post=744866"}],"curies":[{"name":"wp","href":"https:\/\/api.w.org\/{rel}","templated":true}]}}