{"id":744853,"date":"2025-08-28T02:06:17","date_gmt":"2025-08-27T23:06:17","guid":{"rendered":"https:\/\/roveyayinevi.com.tr\/index.php\/urun\/ahmet-cevdet-pasa-ve-zamani\/"},"modified":"2026-03-31T12:28:33","modified_gmt":"2026-03-31T09:28:33","slug":"ahmet-cevdet-pasa-ve-zamani","status":"publish","type":"product","link":"https:\/\/roveyayinevi.com.tr\/index.php\/urun\/ahmet-cevdet-pasa-ve-zamani\/","title":{"rendered":"Ahmet Cevdet Pa\u015fa ve Zaman\u0131"},"content":{"rendered":"<p>Fatma Aliye Han\u0131m Fatma Aliye Han\u0131m Kitapl\u0131\u011f\u0131- 3 Onun ismi bir d\u00f6nemi temsil ediyor. Tarihte, hukukta, filolojide, e\u011fitimde, devlet y\u00f6netimde ve daha onlarca alanda yazd\u0131klar\u0131, konu\u015ftuklar\u0131 ve yapt\u0131klar\u0131yla bir sembold\u00fcr Ahmet Cevdet Pa\u015fa. Bu kitap, o b\u00fcy\u00fck adam\u0131n k\u0131z\u0131 taraf\u0131ndan kaleme al\u0131nm\u0131\u015f bir eser. Sade biyografi, sade hat\u0131ra de\u011fil. Cevdet Pa\u015fa&#8217;n\u0131n d\u00f6nemine ve d\u00f6nemi i\u00e7inde bulundu\u011fu istisna\u00ee konuma dair bir bak\u0131\u015f sunuyor. \u0130lk kad\u0131n roman yazar\u0131m\u0131z\u0131n kaleminden, ilk modern tarih\u00e7inin hayat\u0131 ilk kez g\u00fcn\u00fcm\u00fcz T\u00fcrk\u00e7esiyle okuyucuyla bulu\u015fuyor. <\/p>\n","protected":false},"excerpt":{"rendered":"<p>Fatma Aliye Han\u0131m Fatma Aliye Han\u0131m Kitapl\u0131\u011f\u0131- 3 Onun ismi bir d\u00f6nemi temsil ediyor. Tarihte, hukukta, filolojide, e\u011fitimde, devlet y\u00f6netimde ve daha onlarca alanda yazd\u0131klar\u0131, konu\u015ftuklar\u0131<span class=\"excerpt-hellip\"> [\u2026]<\/span><\/p>\n","protected":false},"featured_media":0,"template":"","meta":{"_monsterinsights_skip_tracking":false,"_monsterinsights_sitenote_active":false,"_monsterinsights_sitenote_note":"","_monsterinsights_sitenote_category":0},"product_brand":[],"product_cat":[13946,12304],"product_tag":[],"class_list":{"0":"post-744853","1":"product","2":"type-product","3":"status-publish","5":"product_cat-biyografi-otobiyografi","6":"product_cat-tarih","7":"pa_cilt-ciltsiz","8":"pa_tur-kitap","9":"pa_yayinevi-sapiens-yayinlari","10":"pa_yazar-fatma-aliye-hanim","12":"first","13":"instock","14":"sale","15":"shipping-taxable","16":"purchasable","17":"product-type-simple"},"_links":{"self":[{"href":"https:\/\/roveyayinevi.com.tr\/index.php\/wp-json\/wp\/v2\/product\/744853","targetHints":{"allow":["GET"]}}],"collection":[{"href":"https:\/\/roveyayinevi.com.tr\/index.php\/wp-json\/wp\/v2\/product"}],"about":[{"href":"https:\/\/roveyayinevi.com.tr\/index.php\/wp-json\/wp\/v2\/types\/product"}],"wp:attachment":[{"href":"https:\/\/roveyayinevi.com.tr\/index.php\/wp-json\/wp\/v2\/media?parent=744853"}],"wp:term":[{"taxonomy":"product_brand","embeddable":true,"href":"https:\/\/roveyayinevi.com.tr\/index.php\/wp-json\/wp\/v2\/product_brand?post=744853"},{"taxonomy":"product_cat","embeddable":true,"href":"https:\/\/roveyayinevi.com.tr\/index.php\/wp-json\/wp\/v2\/product_cat?post=744853"},{"taxonomy":"product_tag","embeddable":true,"href":"https:\/\/roveyayinevi.com.tr\/index.php\/wp-json\/wp\/v2\/product_tag?post=744853"}],"curies":[{"name":"wp","href":"https:\/\/api.w.org\/{rel}","templated":true}]}}