{"id":744831,"date":"2025-08-28T02:05:48","date_gmt":"2025-08-27T23:05:48","guid":{"rendered":"https:\/\/roveyayinevi.com.tr\/index.php\/urun\/2-sinif-tek-lider-ilkokul-seti\/"},"modified":"2025-08-29T15:22:17","modified_gmt":"2025-08-29T12:22:17","slug":"2-sinif-tek-lider-ilkokul-seti","status":"publish","type":"product","link":"https:\/\/roveyayinevi.com.tr\/index.php\/urun\/2-sinif-tek-lider-ilkokul-seti\/","title":{"rendered":"2.S\u0131n\u0131f Tek Lider \u0130lkokul Seti"},"content":{"rendered":"<p>Palme Yay\u0131nevi 2. S\u0131n\u0131f Tek Lider \u0130lk Okul SetiT\u00fcrk\u00e7e &#8211; Okuma Anlama Kitab\u0131 HED\u0130YEL\u0130Matematik &#8211; Problemler Kitab\u0131 HED\u0130YEL\u0130Hayat Bilgisi &#8211; Ak\u0131l Oyunlar\u0131 ve E\u011flenceli Etkinlikler Kitab\u0131 HED\u0130YEL\u0130Hafta Sonu Kitab\u0131m Haz\u0131rl\u0131k Kitab\u0131mSeviye Tespit S\u0131nav\u0131\u00c7\u00f6z\u00fcml\u00fc Ak\u0131ll\u0131 Tahta Uygulamas\u0131De\u011ferlendirme \u00c7\u00f6z\u00fcm Videolar\u0131Etkinlik \u00c7\u00f6z\u00fcm Videolar\u0131Konu Anlat\u0131m Videolar\u0131A\u00e7\u0131k U\u00e7lu Soru \u00c7\u00f6z\u00fcm\u00fc<\/p>\n","protected":false},"excerpt":{"rendered":"<p>Palme Yay\u0131nevi 2. S\u0131n\u0131f Tek Lider \u0130lk Okul SetiT\u00fcrk\u00e7e &#8211; Okuma Anlama Kitab\u0131 HED\u0130YEL\u0130Matematik &#8211; Problemler Kitab\u0131 HED\u0130YEL\u0130Hayat Bilgisi &#8211; Ak\u0131l Oyunlar\u0131 ve E\u011flenceli Etkinlikler Kitab\u0131<span class=\"excerpt-hellip\"> [\u2026]<\/span><\/p>\n","protected":false},"featured_media":0,"template":"","meta":{"_monsterinsights_skip_tracking":false,"_monsterinsights_sitenote_active":false,"_monsterinsights_sitenote_note":"","_monsterinsights_sitenote_category":0},"product_brand":[],"product_cat":[12566,13473],"product_tag":[],"class_list":{"0":"post-744831","1":"product","2":"type-product","3":"status-publish","5":"product_cat-egitim","6":"product_cat-sinavlara-hazirlik-okula-yardimci-kaynaklar","7":"pa_cilt-set","8":"pa_tur-kitap","9":"pa_yayinevi-palme-yayincilik-hazirlik-kitaplari","10":"pa_yazar-palme-kolektif","12":"first","13":"onbackorder","14":"sale","15":"shipping-taxable","16":"purchasable","17":"product-type-simple"},"_links":{"self":[{"href":"https:\/\/roveyayinevi.com.tr\/index.php\/wp-json\/wp\/v2\/product\/744831","targetHints":{"allow":["GET"]}}],"collection":[{"href":"https:\/\/roveyayinevi.com.tr\/index.php\/wp-json\/wp\/v2\/product"}],"about":[{"href":"https:\/\/roveyayinevi.com.tr\/index.php\/wp-json\/wp\/v2\/types\/product"}],"wp:attachment":[{"href":"https:\/\/roveyayinevi.com.tr\/index.php\/wp-json\/wp\/v2\/media?parent=744831"}],"wp:term":[{"taxonomy":"product_brand","embeddable":true,"href":"https:\/\/roveyayinevi.com.tr\/index.php\/wp-json\/wp\/v2\/product_brand?post=744831"},{"taxonomy":"product_cat","embeddable":true,"href":"https:\/\/roveyayinevi.com.tr\/index.php\/wp-json\/wp\/v2\/product_cat?post=744831"},{"taxonomy":"product_tag","embeddable":true,"href":"https:\/\/roveyayinevi.com.tr\/index.php\/wp-json\/wp\/v2\/product_tag?post=744831"}],"curies":[{"name":"wp","href":"https:\/\/api.w.org\/{rel}","templated":true}]}}