{"id":744818,"date":"2025-08-28T02:05:24","date_gmt":"2025-08-27T23:05:24","guid":{"rendered":"https:\/\/roveyayinevi.com.tr\/index.php\/urun\/iste-bunlar-hep-sanat\/"},"modified":"2026-04-16T02:56:43","modified_gmt":"2026-04-15T23:56:43","slug":"iste-bunlar-hep-sanat","status":"publish","type":"product","link":"https:\/\/roveyayinevi.com.tr\/index.php\/urun\/iste-bunlar-hep-sanat\/","title":{"rendered":"\u0130\u015fte Bunlar Hep Sanat"},"content":{"rendered":"<p>Modern Sanat = Bunu ben de yapar\u0131m! &#8211; Evet ama yapmad\u0131n Mona Lisa\u2019n\u0131n neden ka\u015flar\u0131n\u0131n olmad\u0131\u011f\u0131n\u0131, bir pisuvar\u0131n nas\u0131l sanat eserine d\u00f6n\u00fc\u015febildi\u011fini, Monet gibi resim yapman\u0131n s\u0131rlar\u0131n\u0131, Ger\u00e7ek\u00fcst\u00fcc\u00fclerin neden s\u0131n\u0131rlar\u0131m\u0131z\u0131 bu kadar zorlad\u0131\u011f\u0131n\u0131, \u00f6zetle sanat\u0131 b\u00f6ylesine &#8220;afili&#8221; yapan s\u0131rr\u0131 \u00f6\u011frenmek isteyen t\u00fcm yarat\u0131c\u0131 zihinlere takdimimizdir: \u0130\u015fte Bunlar Hep Sanat.  8 dile \u00e7evrilen ve yay\u0131mland\u0131\u011f\u0131 \u00fclkelerde b\u00fcy\u00fck ilgi g\u00f6ren &#8220;\u0130\u015eTE BUNLAR HEP\u2026&#8221; serisinin ilk kitab\u0131. <\/p>\n","protected":false},"excerpt":{"rendered":"<p>Modern Sanat = Bunu ben de yapar\u0131m! &#8211; Evet ama yapmad\u0131n Mona Lisa\u2019n\u0131n neden ka\u015flar\u0131n\u0131n olmad\u0131\u011f\u0131n\u0131, bir pisuvar\u0131n nas\u0131l sanat eserine d\u00f6n\u00fc\u015febildi\u011fini, Monet gibi resim yapman\u0131n<span class=\"excerpt-hellip\"> [\u2026]<\/span><\/p>\n","protected":false},"featured_media":0,"template":"","meta":{"_monsterinsights_skip_tracking":false,"_monsterinsights_sitenote_active":false,"_monsterinsights_sitenote_note":"","_monsterinsights_sitenote_category":0},"product_brand":[],"product_cat":[44608,12408],"product_tag":[],"class_list":{"0":"post-744818","1":"product","2":"type-product","3":"status-publish","5":"product_cat-diger-sanat","6":"product_cat-sanat","7":"pa_cilt-ciltsiz","8":"pa_tur-kitap","9":"pa_yayinevi-domingo-yayinevi","10":"pa_yazar-simon-armstrong","12":"first","13":"instock","14":"sale","15":"shipping-taxable","16":"purchasable","17":"product-type-simple"},"_links":{"self":[{"href":"https:\/\/roveyayinevi.com.tr\/index.php\/wp-json\/wp\/v2\/product\/744818","targetHints":{"allow":["GET"]}}],"collection":[{"href":"https:\/\/roveyayinevi.com.tr\/index.php\/wp-json\/wp\/v2\/product"}],"about":[{"href":"https:\/\/roveyayinevi.com.tr\/index.php\/wp-json\/wp\/v2\/types\/product"}],"wp:attachment":[{"href":"https:\/\/roveyayinevi.com.tr\/index.php\/wp-json\/wp\/v2\/media?parent=744818"}],"wp:term":[{"taxonomy":"product_brand","embeddable":true,"href":"https:\/\/roveyayinevi.com.tr\/index.php\/wp-json\/wp\/v2\/product_brand?post=744818"},{"taxonomy":"product_cat","embeddable":true,"href":"https:\/\/roveyayinevi.com.tr\/index.php\/wp-json\/wp\/v2\/product_cat?post=744818"},{"taxonomy":"product_tag","embeddable":true,"href":"https:\/\/roveyayinevi.com.tr\/index.php\/wp-json\/wp\/v2\/product_tag?post=744818"}],"curies":[{"name":"wp","href":"https:\/\/api.w.org\/{rel}","templated":true}]}}