{"id":744816,"date":"2025-08-28T02:05:21","date_gmt":"2025-08-27T23:05:21","guid":{"rendered":"https:\/\/roveyayinevi.com.tr\/index.php\/urun\/alinin-seccadesi\/"},"modified":"2025-10-06T08:03:47","modified_gmt":"2025-10-06T05:03:47","slug":"alinin-seccadesi","status":"publish","type":"product","link":"https:\/\/roveyayinevi.com.tr\/index.php\/urun\/alinin-seccadesi\/","title":{"rendered":"Ali&#8217;nin Seccadesi"},"content":{"rendered":"<p>Ali, alkol ba\u011f\u0131ml\u0131s\u0131 bir baban\u0131n o\u011fludur. 10 Ya\u015f\u0131na basmas\u0131na birka\u00e7 g\u00fcn kala, r\u00fcyas\u0131nda anneannesini g\u00f6r\u00fcr. Aylar \u00f6nce vefat eden bu nur y\u00fczl\u00fc ihtiyar, \u2018Ya\u015f g\u00fcn\u00fc\u2019 nedeni ile ona \u2018muhte\u015fem\u2019 bir hediye se\u00e7ti\u011fini ve e\u011fer onu kullan\u0131rsa Cennet\u2019e u\u00e7aca\u011f\u0131n\u0131 m\u00fcjdeler. Bu hediye, \u2018i\u015flemeli\u2019 bir seccadedir. Ve eski bir dolab\u0131n alt\u0131na saklanm\u0131\u015ft\u0131r. Ali, onu bulunca kullanmaya, yani namaz k\u0131lmaya niyetlenir ama, en sevdi\u011fi insan dikilir kar\u015f\u0131s\u0131na\u2026 Kendisini her f\u0131rsatta azarlayacak, hatta \u00e7ok k\u00f6t\u00fc d\u00f6vecek babas\u0131d\u0131r bu. Ali\u2019nin tek s\u0131\u011f\u0131na\u011f\u0131, g\u00f6zya\u015flar\u0131 i\u00e7inde yapt\u0131\u011f\u0131 dualar\u0131d\u0131r. Bir de alt kom\u015fular\u0131, Hakk\u0131 Dede vard\u0131r ona yard\u0131mc\u0131 olan, Ali\u2019yle birlikte onun babas\u0131na direnen\u2026 \u2026 Peygamber Efendimizin \u2018d\u00fcnyada en \u00e7ok sevdi\u011fi\u2019 \u00fc\u00e7 \u015feyden biriydi namaz. \u201cG\u00f6z\u00fcm\u00fcn Nuru\u201d olarak tarif etmi\u015fti onu. Veya \u201cDinin Dire\u011fi\u201d Di\u011fer bir s\u00f6z\u00fcnde ise \u201cM\u00fcminlerin Mirac\u0131\u201d Ayn\u0131 mira\u00e7ta ya\u015fanan yolculuk gibi, insan\u0131 ufuklar \u00f6tesine u\u00e7uran, oradan da g\u00f6klere y\u00fckselten bir \u2018Burak\u2019 \u2026 C\u00fcneyd Suavi, elinizdeki kitapla o harika yolculuktan \u2018cennet manzaralar\u0131\u2019 sunuyor sizlere. T\u00fcm \u00e7ocuklara ve kalbi \u2018\u00e7ocuk safl\u0131\u011f\u0131nda\u2019 kalan herkese\u2026<\/p>\n","protected":false},"excerpt":{"rendered":"<p>Ali, alkol ba\u011f\u0131ml\u0131s\u0131 bir baban\u0131n o\u011fludur. 10 Ya\u015f\u0131na basmas\u0131na birka\u00e7 g\u00fcn kala, r\u00fcyas\u0131nda anneannesini g\u00f6r\u00fcr. Aylar \u00f6nce vefat eden bu nur y\u00fczl\u00fc ihtiyar, \u2018Ya\u015f g\u00fcn\u00fc\u2019 nedeni<span class=\"excerpt-hellip\"> [\u2026]<\/span><\/p>\n","protected":false},"featured_media":0,"template":"","meta":{"_monsterinsights_skip_tracking":false,"_monsterinsights_sitenote_active":false,"_monsterinsights_sitenote_note":"","_monsterinsights_sitenote_category":0},"product_brand":[],"product_cat":[12274,12284],"product_tag":[],"class_list":{"0":"post-744816","1":"product","2":"type-product","3":"status-publish","5":"product_cat-cocuk-ve-genclik-kitaplari","6":"product_cat-hikayeler","7":"pa_cilt-ciltsiz","8":"pa_tur-kitap","9":"pa_yayinevi-foliant-yayinlari","10":"pa_yazar-cuneyd-suavi","12":"first","13":"instock","14":"sale","15":"shipping-taxable","16":"purchasable","17":"product-type-simple"},"_links":{"self":[{"href":"https:\/\/roveyayinevi.com.tr\/index.php\/wp-json\/wp\/v2\/product\/744816","targetHints":{"allow":["GET"]}}],"collection":[{"href":"https:\/\/roveyayinevi.com.tr\/index.php\/wp-json\/wp\/v2\/product"}],"about":[{"href":"https:\/\/roveyayinevi.com.tr\/index.php\/wp-json\/wp\/v2\/types\/product"}],"wp:attachment":[{"href":"https:\/\/roveyayinevi.com.tr\/index.php\/wp-json\/wp\/v2\/media?parent=744816"}],"wp:term":[{"taxonomy":"product_brand","embeddable":true,"href":"https:\/\/roveyayinevi.com.tr\/index.php\/wp-json\/wp\/v2\/product_brand?post=744816"},{"taxonomy":"product_cat","embeddable":true,"href":"https:\/\/roveyayinevi.com.tr\/index.php\/wp-json\/wp\/v2\/product_cat?post=744816"},{"taxonomy":"product_tag","embeddable":true,"href":"https:\/\/roveyayinevi.com.tr\/index.php\/wp-json\/wp\/v2\/product_tag?post=744816"}],"curies":[{"name":"wp","href":"https:\/\/api.w.org\/{rel}","templated":true}]}}