{"id":744807,"date":"2025-08-28T02:05:11","date_gmt":"2025-08-27T23:05:11","guid":{"rendered":"https:\/\/roveyayinevi.com.tr\/index.php\/urun\/edebiyat-lugati-tahirul-mevlevi\/"},"modified":"2026-04-16T02:56:43","modified_gmt":"2026-04-15T23:56:43","slug":"edebiyat-lugati-tahirul-mevlevi","status":"publish","type":"product","link":"https:\/\/roveyayinevi.com.tr\/index.php\/urun\/edebiyat-lugati-tahirul-mevlevi\/","title":{"rendered":"Edebiyat L\u00fcgat\u0131 -Tahir\u00fc\u2019l Mevlevi"},"content":{"rendered":"<p>Edebiyat L\u00fcgat\u0131, Osmanl\u0131 \u015fiirini ve nesrini \u00e7ok daha iyi bilmek i\u00e7in ana kaynaklardan biri. Tahir\u00fc\u2019l Mevlevi y\u0131llar s\u00fcren ara\u015ft\u0131rma, e\u011fitim ve hayat tecr\u00fcbesinden s\u00fczerek yazd\u0131 onu.  Klasik \u015fiirin anlam katmanlar\u0131nda k\u00fclt\u00fcrel bilgi ve yarat\u0131c\u0131 hamlelerle nas\u0131l gezindi\u011fini kavramak i\u00e7in e\u015fsiz bir ba\u015fvuru kitab\u0131 Edebiyat L\u00fcgat\u0131. Tahir\u00fc\u2019l Mevlevi, her kavram i\u00e7in \u00f6rnek \u015fiirlerden al\u0131nt\u0131lar yapt\u0131. Hem kendi yazd\u0131\u011f\u0131 \u015fiirlerden hem de Fuzul\u00ee, Nef\u2019\u00ee, Nedim, B\u00e2k\u00ee, N\u00e2b\u00ee, \u015eeyh\u00fclislam Yahya, Kanuni Sultan S\u00fcleyman, Ziya Pa\u015fa, \u015ein\u00e2s\u00ee, Yusuf Ziya Orta\u00e7 ve daha pek \u00e7ok \u015fairden \u00f6rneklere yer verdi&#8230; Tahir\u00fc\u2019l Mevlevi\u2019nin edebiyat tarih\u00e7isi ki\u015fili\u011finin rehberli\u011finde eski \u015fiiri hissederek ya\u015famak m\u00fcmk\u00fcn. Edebiyat L\u00fcgat\u0131 sadece bir s\u00f6zl\u00fck de\u011fil ayn\u0131 zamanda k\u00fclt\u00fcrel bir gezi rehberi.<\/p>\n","protected":false},"excerpt":{"rendered":"<p>Edebiyat L\u00fcgat\u0131, Osmanl\u0131 \u015fiirini ve nesrini \u00e7ok daha iyi bilmek i\u00e7in ana kaynaklardan biri. Tahir\u00fc\u2019l Mevlevi y\u0131llar s\u00fcren ara\u015ft\u0131rma, e\u011fitim ve hayat tecr\u00fcbesinden s\u00fczerek yazd\u0131 onu.<span class=\"excerpt-hellip\"> [\u2026]<\/span><\/p>\n","protected":false},"featured_media":0,"template":"","meta":{"_monsterinsights_skip_tracking":false,"_monsterinsights_sitenote_active":false,"_monsterinsights_sitenote_note":"","_monsterinsights_sitenote_category":0},"product_brand":[],"product_cat":[12566,13611],"product_tag":[],"class_list":{"0":"post-744807","1":"product","2":"type-product","3":"status-publish","5":"product_cat-egitim","6":"product_cat-sozlukler-ve-konusma-kilavuzlari","7":"pa_cilt-ciltsiz","8":"pa_tur-kitap","9":"pa_yayinevi-kapi-yayinlari","10":"pa_yazar-ismail-gulec","12":"first","13":"instock","14":"sale","15":"shipping-taxable","16":"purchasable","17":"product-type-simple"},"_links":{"self":[{"href":"https:\/\/roveyayinevi.com.tr\/index.php\/wp-json\/wp\/v2\/product\/744807","targetHints":{"allow":["GET"]}}],"collection":[{"href":"https:\/\/roveyayinevi.com.tr\/index.php\/wp-json\/wp\/v2\/product"}],"about":[{"href":"https:\/\/roveyayinevi.com.tr\/index.php\/wp-json\/wp\/v2\/types\/product"}],"wp:attachment":[{"href":"https:\/\/roveyayinevi.com.tr\/index.php\/wp-json\/wp\/v2\/media?parent=744807"}],"wp:term":[{"taxonomy":"product_brand","embeddable":true,"href":"https:\/\/roveyayinevi.com.tr\/index.php\/wp-json\/wp\/v2\/product_brand?post=744807"},{"taxonomy":"product_cat","embeddable":true,"href":"https:\/\/roveyayinevi.com.tr\/index.php\/wp-json\/wp\/v2\/product_cat?post=744807"},{"taxonomy":"product_tag","embeddable":true,"href":"https:\/\/roveyayinevi.com.tr\/index.php\/wp-json\/wp\/v2\/product_tag?post=744807"}],"curies":[{"name":"wp","href":"https:\/\/api.w.org\/{rel}","templated":true}]}}