{"id":744787,"date":"2025-08-28T02:04:47","date_gmt":"2025-08-27T23:04:47","guid":{"rendered":"https:\/\/roveyayinevi.com.tr\/index.php\/urun\/insan-aynasinda-gorunen-asikar-sir\/"},"modified":"2026-04-16T02:56:42","modified_gmt":"2026-04-15T23:56:42","slug":"insan-aynasinda-gorunen-asikar-sir","status":"publish","type":"product","link":"https:\/\/roveyayinevi.com.tr\/index.php\/urun\/insan-aynasinda-gorunen-asikar-sir\/","title":{"rendered":"\u0130nsan Aynas\u0131nda G\u00f6r\u00fcnen A\u015fikar S\u0131r"},"content":{"rendered":"<p>\u0130nsan, varolu\u015fa dair hakikatin idrakinde nas\u0131l bir referans noktas\u0131d\u0131r? Alg\u0131lama, d\u00fc\u015f\u00fcnme ve anlamland\u0131rma yetene\u011fi itibariyle insan neden di\u011fer t\u00fcm varl\u0131klardan daha donan\u0131ml\u0131 \u015fekilde yarat\u0131lm\u0131\u015ft\u0131r? Bu ayr\u0131cal\u0131kl\u0131 donan\u0131mlar insan\u0131, nas\u0131l \u0130lah\u00ee isim ve s\u0131fatlar\u0131n tecelli etti\u011fi bir ayna k\u0131l\u0131yor? Bizler bu s\u0131rl\u0131 mahiyetimizin fark\u0131nda m\u0131y\u0131z? \u0130\u015fte bu kitap; k\u00e2inat\u0131n, ya\u015fam\u0131n ve kendi varl\u0131\u011f\u0131n\u0131n anlam\u0131n\u0131 sorgulayanlara, benli\u011findeki a\u015fik\u00e2r s\u0131rlar\u0131 ke\u015ffetmek ve insan\u0131n mahiyeti ile yarat\u0131c\u0131s\u0131 aras\u0131ndaki \u0130lah\u00ee isim ve s\u0131fatlarla kurulan m\u00fcnasebeti anlamak isteyenlere yeni bir bak\u0131\u015f a\u00e7\u0131s\u0131 sunuyor. \u201cVarl\u0131k Aynas\u0131nda G\u00f6r\u00fcnen A\u015e\u0130K\u00c2R SIR\u201d kitab\u0131n\u0131n devam\u0131 ve ikincisi olan \u201c\u0130nsan Aynas\u0131nda G\u00f6r\u00fcnen A\u015e\u0130K\u00c2R SIR\u201d isimli bu kitab\u0131m\u0131z; basitten karma\u015f\u0131\u011fa do\u011fru misallerle okuyucuya bir d\u00fc\u015f\u00fcnce talimi yapt\u0131r\u0131yor. \u0130nsan\u0131n kendi benli\u011fini referans alarak \u0130lah\u00ee ef\u2019al (fiiller), esma ve s\u0131fatlar\u0131n, bilincine nas\u0131l yans\u0131d\u0131\u011f\u0131 hususunda bir tefekk\u00fcr performans\u0131 kazand\u0131r\u0131yor. B\u00f6ylece, \u0130lah\u00ee Zat\u2019\u0131n (c.c.) varl\u0131\u011f\u0131n\u0131n ve esma ve s\u0131fatlar\u0131n\u0131n en parlak zuhur yeri ve aynas\u0131 olan insan\u0131n, bu merkez varl\u0131k konumunun fark\u0131na varmas\u0131na; benli\u011fini varolu\u015fa dair hakikatin kap\u0131lar\u0131n\u0131 a\u00e7an bir anahtar olarak kullanabilmesine ve \u0130lah\u00ee tecellileri okuyabilecek bir yetenek kazanmas\u0131na basamak olu\u015fturuyor. Ayr\u0131ca kitap, mevcut bilgi ve bilim anlay\u0131\u015f\u0131na yeni bir yorum getiriyor. <\/p>\n","protected":false},"excerpt":{"rendered":"<p>\u0130nsan, varolu\u015fa dair hakikatin idrakinde nas\u0131l bir referans noktas\u0131d\u0131r? Alg\u0131lama, d\u00fc\u015f\u00fcnme ve anlamland\u0131rma yetene\u011fi itibariyle insan neden di\u011fer t\u00fcm varl\u0131klardan daha donan\u0131ml\u0131 \u015fekilde yarat\u0131lm\u0131\u015ft\u0131r? Bu ayr\u0131cal\u0131kl\u0131<span class=\"excerpt-hellip\"> [\u2026]<\/span><\/p>\n","protected":false},"featured_media":0,"template":"","meta":{"_monsterinsights_skip_tracking":false,"_monsterinsights_sitenote_active":false,"_monsterinsights_sitenote_note":"","_monsterinsights_sitenote_category":0},"product_brand":[],"product_cat":[13036,12718,12719],"product_tag":[],"class_list":{"0":"post-744787","1":"product","2":"type-product","3":"status-publish","5":"product_cat-arastirma-inceleme-islam","6":"product_cat-din","7":"product_cat-islam","8":"pa_cilt-ciltsiz","9":"pa_tur-kitap","10":"pa_yayinevi-caglayan-kitap","11":"pa_yazar-yusuf-caglayan","13":"first","14":"instock","15":"sale","16":"shipping-taxable","17":"purchasable","18":"product-type-simple"},"_links":{"self":[{"href":"https:\/\/roveyayinevi.com.tr\/index.php\/wp-json\/wp\/v2\/product\/744787","targetHints":{"allow":["GET"]}}],"collection":[{"href":"https:\/\/roveyayinevi.com.tr\/index.php\/wp-json\/wp\/v2\/product"}],"about":[{"href":"https:\/\/roveyayinevi.com.tr\/index.php\/wp-json\/wp\/v2\/types\/product"}],"wp:attachment":[{"href":"https:\/\/roveyayinevi.com.tr\/index.php\/wp-json\/wp\/v2\/media?parent=744787"}],"wp:term":[{"taxonomy":"product_brand","embeddable":true,"href":"https:\/\/roveyayinevi.com.tr\/index.php\/wp-json\/wp\/v2\/product_brand?post=744787"},{"taxonomy":"product_cat","embeddable":true,"href":"https:\/\/roveyayinevi.com.tr\/index.php\/wp-json\/wp\/v2\/product_cat?post=744787"},{"taxonomy":"product_tag","embeddable":true,"href":"https:\/\/roveyayinevi.com.tr\/index.php\/wp-json\/wp\/v2\/product_tag?post=744787"}],"curies":[{"name":"wp","href":"https:\/\/api.w.org\/{rel}","templated":true}]}}