{"id":744780,"date":"2025-08-28T02:04:38","date_gmt":"2025-08-27T23:04:38","guid":{"rendered":"https:\/\/roveyayinevi.com.tr\/index.php\/urun\/yalnizligin-biyografisi\/"},"modified":"2026-04-16T02:56:42","modified_gmt":"2026-04-15T23:56:42","slug":"yalnizligin-biyografisi","status":"publish","type":"product","link":"https:\/\/roveyayinevi.com.tr\/index.php\/urun\/yalnizligin-biyografisi\/","title":{"rendered":"Yaln\u0131zl\u0131\u011f\u0131n Biyografisi"},"content":{"rendered":"<p>Yaln\u0131zl\u0131\u011f\u0131n Biyografisi, duygusal bir dil ve deneyim olarak yaln\u0131zl\u0131\u011f\u0131n yeni bir yorumunu sunmaktad\u0131r. Fay Bound Alberti, 18. y\u00fczy\u0131ldan g\u00fcn\u00fcm\u00fcze; mektuplar, g\u00fcnl\u00fckler, siyasi tart\u0131\u015fmalar ve t\u0131p literat\u00fcr\u00fcn\u00fc kullanarak yaln\u0131zl\u0131\u011f\u0131n tarih d\u0131\u015f\u0131, evrensel bir olgu olmad\u0131\u011f\u0131n\u0131 savunmaktad\u0131r. Yazara g\u00f6re yaln\u0131zl\u0131k modern bir duygudur ve s\u0131n\u0131f, cinsiyet, etnik k\u00f6ken ve deneyime g\u00f6re farkl\u0131l\u0131k g\u00f6steren, karma\u015f\u0131k bir duygusal durumu ifade eder. Sylvia Plath, Krali\u00e7e Victoria ve Virginia Woolf gibi vaka hik\u00e2yelerini inceleyen Yaln\u0131zl\u0131\u011f\u0131n Biyografisi, yaln\u0131zl\u0131\u011f\u0131n modern ve somutla\u015fm\u0131\u015f bir duygu olarak ortaya \u00e7\u0131k\u0131\u015f\u0131n\u0131n haritas\u0131n\u0131 \u00e7\u0131karmaktad\u0131r.   \u201c\u015eefkatli, geni\u015f kapsaml\u0131 bir inceleme.\u201d                                                                                                                                                       Terry Eagleton, The Guardian   \u201cAlberti\u2019nin keskin siyasal analizlerinin yan\u0131 s\u0131ra, kitab\u0131n en g\u00fc\u00e7l\u00fc temalar\u0131ndan biri de yaln\u0131zl\u0131\u011f\u0131n nas\u0131l b\u00fcy\u00fck bir \u00e7e\u015fitlilik g\u00f6sterdi\u011fi, hayatlar\u0131m\u0131z\u0131n ne kadar i\u00e7inde oldu\u011fu, genellemelere nas\u0131l da s\u0131\u011fmad\u0131\u011f\u0131. Yaln\u0131zl\u0131k bir 21. y\u00fczy\u0131l salg\u0131n\u0131d\u0131r belki, acilen kar\u015f\u0131l\u0131k verilmesi gereken modern bir hastal\u0131kt\u0131r ama bundan \u00e7ok \u00e7ok daha fazlas\u0131d\u0131r da.\u201d Sophie McBain, The New Statesman   \u201cParlak bir toplum ve k\u00fclt\u00fcr tarih\u00e7isinin kaleme ald\u0131\u011f\u0131 muhte\u015fem bir yaln\u0131zl\u0131k biyografisi.\u201d                                                                                               James Daybell, Histories of the Unexpected   \u201cYaln\u0131zl\u0131\u011f\u0131n modern bir duygusal oldu\u011fu y\u00f6n\u00fcnde ilgin\u00e7 bir savdan yola \u00e7\u0131kan Fay Bound Alberti, bug\u00fcnk\u00fc yaln\u0131zl\u0131k ikilemine yol a\u00e7an bir\u00e7ok ve\u00e7henin ve etkenin izini s\u00fcr\u00fcyor. Kitap hem ge\u00e7en iki y\u00fczy\u0131lda duygular\u0131n tarihinin birka\u00e7 ve\u00e7hesine hem de bug\u00fcn kar\u015f\u0131 kar\u015f\u0131ya kal\u0131nan meselelerin ve imk\u00e2nlar\u0131n insanc\u0131l bir yakla\u015f\u0131mla anla\u015f\u0131lmas\u0131na katk\u0131da bulunuyor.\u201d                                                                                                                                       Dr. Peter Stearns, George Mason \u00dcniversitesi   <\/p>\n","protected":false},"excerpt":{"rendered":"<p>Yaln\u0131zl\u0131\u011f\u0131n Biyografisi, duygusal bir dil ve deneyim olarak yaln\u0131zl\u0131\u011f\u0131n yeni bir yorumunu sunmaktad\u0131r. Fay Bound Alberti, 18. y\u00fczy\u0131ldan g\u00fcn\u00fcm\u00fcze; mektuplar, g\u00fcnl\u00fckler, siyasi tart\u0131\u015fmalar ve t\u0131p literat\u00fcr\u00fcn\u00fc<span class=\"excerpt-hellip\"> [\u2026]<\/span><\/p>\n","protected":false},"featured_media":0,"template":"","meta":{"_monsterinsights_skip_tracking":false,"_monsterinsights_sitenote_active":false,"_monsterinsights_sitenote_note":"","_monsterinsights_sitenote_category":0},"product_brand":[],"product_cat":[12835,12324],"product_tag":[],"class_list":{"0":"post-744780","1":"product","2":"type-product","3":"status-publish","5":"product_cat-genel-sosyoloji","6":"product_cat-sosyoloji","7":"pa_cilt-ciltsiz","8":"pa_tur-kitap","9":"pa_yayinevi-albaraka-yayinlari","10":"pa_yazar-fay-bound-alberti","12":"first","13":"instock","14":"sale","15":"shipping-taxable","16":"purchasable","17":"product-type-simple"},"_links":{"self":[{"href":"https:\/\/roveyayinevi.com.tr\/index.php\/wp-json\/wp\/v2\/product\/744780","targetHints":{"allow":["GET"]}}],"collection":[{"href":"https:\/\/roveyayinevi.com.tr\/index.php\/wp-json\/wp\/v2\/product"}],"about":[{"href":"https:\/\/roveyayinevi.com.tr\/index.php\/wp-json\/wp\/v2\/types\/product"}],"wp:attachment":[{"href":"https:\/\/roveyayinevi.com.tr\/index.php\/wp-json\/wp\/v2\/media?parent=744780"}],"wp:term":[{"taxonomy":"product_brand","embeddable":true,"href":"https:\/\/roveyayinevi.com.tr\/index.php\/wp-json\/wp\/v2\/product_brand?post=744780"},{"taxonomy":"product_cat","embeddable":true,"href":"https:\/\/roveyayinevi.com.tr\/index.php\/wp-json\/wp\/v2\/product_cat?post=744780"},{"taxonomy":"product_tag","embeddable":true,"href":"https:\/\/roveyayinevi.com.tr\/index.php\/wp-json\/wp\/v2\/product_tag?post=744780"}],"curies":[{"name":"wp","href":"https:\/\/api.w.org\/{rel}","templated":true}]}}