{"id":744779,"date":"2025-08-28T02:04:37","date_gmt":"2025-08-27T23:04:37","guid":{"rendered":"https:\/\/roveyayinevi.com.tr\/index.php\/urun\/kitaplari-yakmak-bilgi-tarihi-saldiri-altinda\/"},"modified":"2026-04-16T02:56:42","modified_gmt":"2026-04-15T23:56:42","slug":"kitaplari-yakmak-bilgi-tarihi-saldiri-altinda","status":"publish","type":"product","link":"https:\/\/roveyayinevi.com.tr\/index.php\/urun\/kitaplari-yakmak-bilgi-tarihi-saldiri-altinda\/","title":{"rendered":"Kitaplar\u0131 Yakmak :Bilgi Tarihi Sald\u0131r\u0131 Alt\u0131nda"},"content":{"rendered":"<p>K\u00fct\u00fcphaneler ve ar\u015fivler, kitaplar\u0131 muhafaza etmelerinin \u00f6tesinde insanl\u0131k i\u00e7in birer hazinedir; bu kurumlar\u0131n devaml\u0131l\u0131\u011f\u0131, tecr\u00fcbe ve bilginin gelecek ku\u015faklara aktar\u0131lmas\u0131nda hayati bir \u00f6nem ta\u015f\u0131r.   Sava\u015flar, istilalar ve ya\u011fmalar tarih boyunca k\u00fct\u00fcphanelerin yak\u0131l\u0131p y\u0131k\u0131lmas\u0131na neden olurken modern d\u00fcnyada bilgi, \u00e7e\u015fitli \u00e7\u0131karlar u\u011fruna tahrip edilmektedir. Bilgiyi muhafaza etmekle g\u00f6revli k\u00fct\u00fcphaneler ise maddi, siyasi ve sosyal zorluklar kar\u015f\u0131s\u0131nda \u00e2deta bir varl\u0131k sava\u015f\u0131 vermektedir.   Kitaplar\u0131 Yakmak, \u0130skenderiye\u2019den Saraybosna\u2019ya; Irak\u2019tan Birle\u015fik Krall\u0131k\u2019a k\u00fct\u00fcphane ve ar\u015fivlerde saklanan bilgi hazinesinin kas\u0131tl\u0131 bir \u015fekilde yok edilmeye \u00e7al\u0131\u015f\u0131lmas\u0131n\u0131n ard\u0131nda yatan politik, din\u00ee ve k\u00fclt\u00fcrel saikleri g\u00f6zler \u00f6n\u00fcne sermektedir. Kitap ayr\u0131ca, bir kavram olarak \u201cbilginin korunmas\u0131\u201dn\u0131n sosyal ve politik a\u00e7\u0131dan \u00f6nemine de\u011finmekte ve toplumun bu konudaki rol\u00fcn\u00fc sorgulamaktad\u0131r.  <\/p>\n","protected":false},"excerpt":{"rendered":"<p>K\u00fct\u00fcphaneler ve ar\u015fivler, kitaplar\u0131 muhafaza etmelerinin \u00f6tesinde insanl\u0131k i\u00e7in birer hazinedir; bu kurumlar\u0131n devaml\u0131l\u0131\u011f\u0131, tecr\u00fcbe ve bilginin gelecek ku\u015faklara aktar\u0131lmas\u0131nda hayati bir \u00f6nem ta\u015f\u0131r. Sava\u015flar, istilalar<span class=\"excerpt-hellip\"> [\u2026]<\/span><\/p>\n","protected":false},"featured_media":0,"template":"","meta":{"_monsterinsights_skip_tracking":false,"_monsterinsights_sitenote_active":false,"_monsterinsights_sitenote_note":"","_monsterinsights_sitenote_category":0},"product_brand":[],"product_cat":[12835,12324],"product_tag":[],"class_list":{"0":"post-744779","1":"product","2":"type-product","3":"status-publish","5":"product_cat-genel-sosyoloji","6":"product_cat-sosyoloji","7":"pa_cilt-ciltsiz","8":"pa_tur-kitap","9":"pa_yayinevi-albaraka-yayinlari","10":"pa_yazar-richard-ovenden","12":"first","13":"instock","14":"sale","15":"shipping-taxable","16":"purchasable","17":"product-type-simple"},"_links":{"self":[{"href":"https:\/\/roveyayinevi.com.tr\/index.php\/wp-json\/wp\/v2\/product\/744779","targetHints":{"allow":["GET"]}}],"collection":[{"href":"https:\/\/roveyayinevi.com.tr\/index.php\/wp-json\/wp\/v2\/product"}],"about":[{"href":"https:\/\/roveyayinevi.com.tr\/index.php\/wp-json\/wp\/v2\/types\/product"}],"wp:attachment":[{"href":"https:\/\/roveyayinevi.com.tr\/index.php\/wp-json\/wp\/v2\/media?parent=744779"}],"wp:term":[{"taxonomy":"product_brand","embeddable":true,"href":"https:\/\/roveyayinevi.com.tr\/index.php\/wp-json\/wp\/v2\/product_brand?post=744779"},{"taxonomy":"product_cat","embeddable":true,"href":"https:\/\/roveyayinevi.com.tr\/index.php\/wp-json\/wp\/v2\/product_cat?post=744779"},{"taxonomy":"product_tag","embeddable":true,"href":"https:\/\/roveyayinevi.com.tr\/index.php\/wp-json\/wp\/v2\/product_tag?post=744779"}],"curies":[{"name":"wp","href":"https:\/\/api.w.org\/{rel}","templated":true}]}}