{"id":744765,"date":"2025-08-28T02:04:18","date_gmt":"2025-08-27T23:04:18","guid":{"rendered":"https:\/\/roveyayinevi.com.tr\/index.php\/urun\/sylvia-plath-hakkinda-bir-roman\/"},"modified":"2026-04-16T02:56:41","modified_gmt":"2026-04-15T23:56:41","slug":"sylvia-plath-hakkinda-bir-roman","status":"publish","type":"product","link":"https:\/\/roveyayinevi.com.tr\/index.php\/urun\/sylvia-plath-hakkinda-bir-roman\/","title":{"rendered":"Sylvia Plath Hakk\u0131nda Bir Roman"},"content":{"rendered":"<p>Kendi elleriyle son verdi\u011fi k\u0131sa hayat\u0131na ra\u011fmen edebiyat tarihinde e\u015fsiz bir yeri olan ve 20. y\u00fczy\u0131l\u0131n en \u00f6nemli psikolojik romanlar\u0131ndan S\u0131r\u00e7a Fanus\u2019a imza atan Sylvia Plath, bu kurgusal otobiyografide kendisi bir psikolojik roman\u0131n kahraman\u0131 olarak kar\u015f\u0131m\u0131za \u00e7\u0131k\u0131yor. Yazar\u0131n hayat\u0131n\u0131n son bir y\u0131l\u0131n\u0131 konu edenDelice Co\u015fkun, Plath\u2019in kocas\u0131 Ted Hughes ile giderek sorunlu bir hal alan tutkulu ili\u015fkisini, \u201cyazmak\u201dla ilgili a\u00e7mazlar\u0131n\u0131, kendi annesiyle \u00e7\u00f6zemediklerini, hayat\u0131n s\u0131radan dertlerinin yaratt\u0131\u011f\u0131 s\u0131k\u0131nt\u0131lar\u0131, iki k\u00fc\u00e7\u00fck \u00e7ocu\u011fun annesi olarak ya\u015fad\u0131\u011f\u0131 duygusal ini\u015f \u00e7\u0131k\u0131\u015flar\u0131 son derece ayr\u0131nt\u0131l\u0131 ve inand\u0131r\u0131c\u0131 bir zihin ak\u0131\u015f\u0131yla anlat\u0131yor.Delice Co\u015fkun 2021\u2019de \u0130sve\u00e7\u2019in en \u00f6nemli edebiyat \u00f6d\u00fcl\u00fc olan August \u00d6d\u00fcl\u00fc\u2019n\u00fc kazand\u0131. \u201cCulhed, Plath&#8217;\u0131 son derecede iyi canland\u0131r\u0131yor. Plath&#8217;in i\u00e7sel benli\u011fi -yaz\u0131lar\u0131nda dolays\u0131z, \u00f6zg\u00fcr ve d\u00fcr\u00fcst olu\u015fu- ile d\u00fcnyaya g\u00f6sterdi\u011fi d\u0131\u015f g\u00f6r\u00fcn\u00fc\u015f aras\u0131ndaki \u00e7eli\u015fkiyi ortaya \u00e7\u0131kar\u0131yor.\u201d Norrbottens Kuriren \u201cDelice Co\u015fkun okumamdan bana kalan, Cullhead\u2019in depresyon ile ne\u015fe, kendini imha ile kibir aras\u0131ndaki psikolojik \u00e7eki\u015fmeyi nas\u0131l tasvir etti\u011fi. Biri di\u011ferini d\u0131\u015far\u0131da b\u0131rakm\u0131yor; bilakis birbirlerini b\u00fcy\u00fct\u00fcyorlar.\u201d Aftonbladet \u201cS\u0131r\u00e7a Fanus\u2019u ve Sylvia\u2019n\u0131n \u015fiirlerini okuyanlar i\u00e7in Elin Cullhed\u2019in, kahraman\u0131n\u0131n d\u00fc\u015f\u00fcnme ve hissetme bi\u00e7imine ne kadar ba\u011fl\u0131 oldu\u011fu gayet a\u00e7\u0131k. Elin Cullhed\u2019in kurgusal ki\u015fisi de ger\u00e7ek Sylvia gibi, duygusal hayat\u0131yla b\u00fct\u00fcnle\u015fen rasyonel ve ele\u015ftirel, keskin bir zekaya sahip; ger\u00e7ek\u00e7ilikle hayal g\u00fcc\u00fc aras\u0131nda, umutla \u00e7aresizlik aras\u0131nda, g\u00fcven ve ihanet aras\u0131nda s\u00fcrekli sal\u0131nan dipsiz bir k\u0131r\u0131lganl\u0131k.\u201d Alba <\/p>\n","protected":false},"excerpt":{"rendered":"<p>Kendi elleriyle son verdi\u011fi k\u0131sa hayat\u0131na ra\u011fmen edebiyat tarihinde e\u015fsiz bir yeri olan ve 20. y\u00fczy\u0131l\u0131n en \u00f6nemli psikolojik romanlar\u0131ndan S\u0131r\u00e7a Fanus\u2019a imza atan Sylvia Plath,<span class=\"excerpt-hellip\"> [\u2026]<\/span><\/p>\n","protected":false},"featured_media":0,"template":"","meta":{"_monsterinsights_skip_tracking":false,"_monsterinsights_sitenote_active":false,"_monsterinsights_sitenote_note":"","_monsterinsights_sitenote_category":0},"product_brand":[],"product_cat":[12291,12711],"product_tag":[],"class_list":{"0":"post-744765","1":"product","2":"type-product","3":"status-publish","5":"product_cat-edebiyat","6":"product_cat-roman-oyku","7":"pa_cilt-ciltsiz","8":"pa_tur-kitap","9":"pa_yayinevi-kirmizi-kedi-yayinevi","10":"pa_yazar-elin-cullhed-delice-coskun","12":"first","13":"instock","14":"sale","15":"shipping-taxable","16":"purchasable","17":"product-type-simple"},"_links":{"self":[{"href":"https:\/\/roveyayinevi.com.tr\/index.php\/wp-json\/wp\/v2\/product\/744765","targetHints":{"allow":["GET"]}}],"collection":[{"href":"https:\/\/roveyayinevi.com.tr\/index.php\/wp-json\/wp\/v2\/product"}],"about":[{"href":"https:\/\/roveyayinevi.com.tr\/index.php\/wp-json\/wp\/v2\/types\/product"}],"wp:attachment":[{"href":"https:\/\/roveyayinevi.com.tr\/index.php\/wp-json\/wp\/v2\/media?parent=744765"}],"wp:term":[{"taxonomy":"product_brand","embeddable":true,"href":"https:\/\/roveyayinevi.com.tr\/index.php\/wp-json\/wp\/v2\/product_brand?post=744765"},{"taxonomy":"product_cat","embeddable":true,"href":"https:\/\/roveyayinevi.com.tr\/index.php\/wp-json\/wp\/v2\/product_cat?post=744765"},{"taxonomy":"product_tag","embeddable":true,"href":"https:\/\/roveyayinevi.com.tr\/index.php\/wp-json\/wp\/v2\/product_tag?post=744765"}],"curies":[{"name":"wp","href":"https:\/\/api.w.org\/{rel}","templated":true}]}}