{"id":744745,"date":"2025-08-28T02:03:53","date_gmt":"2025-08-27T23:03:53","guid":{"rendered":"https:\/\/roveyayinevi.com.tr\/index.php\/urun\/siirle-cogalmak\/"},"modified":"2026-04-16T02:56:40","modified_gmt":"2026-04-15T23:56:40","slug":"siirle-cogalmak","status":"publish","type":"product","link":"https:\/\/roveyayinevi.com.tr\/index.php\/urun\/siirle-cogalmak\/","title":{"rendered":"\u015eiirle \u00c7o\u011falmak"},"content":{"rendered":"<p>Kadri Yama\u00e7\u2019\u0131n yeni \u015fiir kitab\u0131 \u201c\u015eiirle \u00c7o\u011falmak\u201d Kitapsaati Yay\u0131nlar\u0131\u2019ndan \u00e7\u0131kt\u0131!   \u201c\u015eiir g\u00fcnd\u00fcz g\u00f6r\u00fclen bir r\u00fcya gibidir. Anlam\u0131n\u0131 ve ba\u011flam\u0131n\u0131 aktaran \u015fair, eseri okura devreder. Okurun akl\u0131nda kalanlar bir r\u00fcyadan hat\u0131rlananlar gibi b\u00f6l\u00fck p\u00f6r\u00e7\u00fckt\u00fcr, ama \u015fiir bu ak\u0131lda kalanlarla ya\u015far. \u015eair r\u00fcyay\u0131 g\u00f6r\u00fcp ortadan kayboland\u0131r, r\u00fcyas\u0131n\u0131 yazar ve gider.\u201d   <\/p>\n","protected":false},"excerpt":{"rendered":"<p>Kadri Yama\u00e7\u2019\u0131n yeni \u015fiir kitab\u0131 \u201c\u015eiirle \u00c7o\u011falmak\u201d Kitapsaati Yay\u0131nlar\u0131\u2019ndan \u00e7\u0131kt\u0131! \u201c\u015eiir g\u00fcnd\u00fcz g\u00f6r\u00fclen bir r\u00fcya gibidir. Anlam\u0131n\u0131 ve ba\u011flam\u0131n\u0131 aktaran \u015fair, eseri okura devreder. Okurun akl\u0131nda<span class=\"excerpt-hellip\"> [\u2026]<\/span><\/p>\n","protected":false},"featured_media":0,"template":"","meta":{"_monsterinsights_skip_tracking":false,"_monsterinsights_sitenote_active":false,"_monsterinsights_sitenote_note":"","_monsterinsights_sitenote_category":0},"product_brand":[],"product_cat":[12291,12509],"product_tag":[],"class_list":{"0":"post-744745","1":"product","2":"type-product","3":"status-publish","5":"product_cat-edebiyat","6":"product_cat-siir","7":"pa_cilt-ciltsiz","8":"pa_tur-kitap","9":"pa_yayinevi-efil-yayinevi","10":"pa_yazar-kadri-yamac","12":"first","13":"instock","14":"sale","15":"shipping-taxable","16":"purchasable","17":"product-type-simple"},"_links":{"self":[{"href":"https:\/\/roveyayinevi.com.tr\/index.php\/wp-json\/wp\/v2\/product\/744745","targetHints":{"allow":["GET"]}}],"collection":[{"href":"https:\/\/roveyayinevi.com.tr\/index.php\/wp-json\/wp\/v2\/product"}],"about":[{"href":"https:\/\/roveyayinevi.com.tr\/index.php\/wp-json\/wp\/v2\/types\/product"}],"wp:attachment":[{"href":"https:\/\/roveyayinevi.com.tr\/index.php\/wp-json\/wp\/v2\/media?parent=744745"}],"wp:term":[{"taxonomy":"product_brand","embeddable":true,"href":"https:\/\/roveyayinevi.com.tr\/index.php\/wp-json\/wp\/v2\/product_brand?post=744745"},{"taxonomy":"product_cat","embeddable":true,"href":"https:\/\/roveyayinevi.com.tr\/index.php\/wp-json\/wp\/v2\/product_cat?post=744745"},{"taxonomy":"product_tag","embeddable":true,"href":"https:\/\/roveyayinevi.com.tr\/index.php\/wp-json\/wp\/v2\/product_tag?post=744745"}],"curies":[{"name":"wp","href":"https:\/\/api.w.org\/{rel}","templated":true}]}}