{"id":744741,"date":"2025-08-28T02:03:50","date_gmt":"2025-08-27T23:03:50","guid":{"rendered":"https:\/\/roveyayinevi.com.tr\/index.php\/urun\/felsefe-nedir\/"},"modified":"2026-04-16T02:56:40","modified_gmt":"2026-04-15T23:56:40","slug":"felsefe-nedir","status":"publish","type":"product","link":"https:\/\/roveyayinevi.com.tr\/index.php\/urun\/felsefe-nedir\/","title":{"rendered":"Felsefe Nedir?"},"content":{"rendered":"<p>Antikc\u0327ag\u0306\u2019dan modern zamanlara, Platon\u2019dan Nietzsche\u2019ye, Descartes\u2019tan Kant\u2019a, felsefeciler hep sorular sordu ve insan\u0131, du\u0308nyay\u0131, hayat\u0131 anlamland\u0131rmaya c\u0327al\u0131s\u0327t\u0131. I\u0307nsan nedir? Ahla\u0302k gerekli midir? Bilgi neye yarar? Zaman\u0131m\u0131z\u0131n u\u0308nlu\u0308 felsefecilerinden Andre\u0301 Comte-Sponville de bunun gibi birc\u0327ok sorunun izini su\u0308rerek felsefenin du\u0308s\u0327u\u0308nme bic\u0327imini tart\u0131s\u0327\u0131yor. Felsefe tarihinde iz b\u0131rakm\u0131s\u0327 o\u0308nemli isimleri ve ak\u0131mlar\u0131; ayr\u0131ca varl\u0131k, insan, Tanr\u0131, bilgelik, erdem, gu\u0308zellik, siyaset, sanat gibi felsefi du\u0308s\u0327u\u0308ncenin ana tart\u0131s\u0327ma konular\u0131n\u0131 sunuyor. Felsefeyi felsefe yapan s\u0327eyin ne oldug\u0306unu sorgulay\u0131p buna kendi u\u0308slubunca yan\u0131t veriyor: Felsefe herkes ic\u0327indir ve herkes kendi bilgelig\u0306ine giden yolu ars\u0327\u0131nlar. \u201cFelsefe, bilmekten ziyade du\u0308s\u0327u\u0308nmek, ac\u0327\u0131klamaktan ziyade sorgulamakt\u0131r. Felsefe eldeki bilgilere ilave bir bilgi deg\u0306ildir; onlar hakk\u0131nda, dolay\u0131s\u0131yla bu bilgilerin s\u0131n\u0131rlar\u0131, yani bilinmeyen hakk\u0131nda bir tefekku\u0308rdu\u0308r. Bilimden ziyade bilgelig\u0306i, bilgimizi art\u0131rmaktan ziyade bilgi u\u0308stu\u0308ne du\u0308s\u0327u\u0308nmeyi veya onu as\u0327may\u0131 hedefler.\u201d<\/p>\n","protected":false},"excerpt":{"rendered":"<p>Antikc\u0327ag\u0306\u2019dan modern zamanlara, Platon\u2019dan Nietzsche\u2019ye, Descartes\u2019tan Kant\u2019a, felsefeciler hep sorular sordu ve insan\u0131, du\u0308nyay\u0131, hayat\u0131 anlamland\u0131rmaya c\u0327al\u0131s\u0327t\u0131. I\u0307nsan nedir? Ahla\u0302k gerekli midir? Bilgi neye yarar? Zaman\u0131m\u0131z\u0131n<span class=\"excerpt-hellip\"> [\u2026]<\/span><\/p>\n","protected":false},"featured_media":0,"template":"","meta":{"_monsterinsights_skip_tracking":false,"_monsterinsights_sitenote_active":false,"_monsterinsights_sitenote_note":"","_monsterinsights_sitenote_category":0},"product_brand":[],"product_cat":[12388,13555],"product_tag":[],"class_list":{"0":"post-744741","1":"product","2":"type-product","3":"status-publish","5":"product_cat-felsefe","6":"product_cat-genel-felsefe","7":"pa_cilt-ciltsiz","8":"pa_tur-kitap","9":"pa_yayinevi-iletisim-yayinlari","10":"pa_yazar-andre-comte-sponville","12":"first","13":"instock","14":"sale","15":"shipping-taxable","16":"purchasable","17":"product-type-simple"},"_links":{"self":[{"href":"https:\/\/roveyayinevi.com.tr\/index.php\/wp-json\/wp\/v2\/product\/744741","targetHints":{"allow":["GET"]}}],"collection":[{"href":"https:\/\/roveyayinevi.com.tr\/index.php\/wp-json\/wp\/v2\/product"}],"about":[{"href":"https:\/\/roveyayinevi.com.tr\/index.php\/wp-json\/wp\/v2\/types\/product"}],"wp:attachment":[{"href":"https:\/\/roveyayinevi.com.tr\/index.php\/wp-json\/wp\/v2\/media?parent=744741"}],"wp:term":[{"taxonomy":"product_brand","embeddable":true,"href":"https:\/\/roveyayinevi.com.tr\/index.php\/wp-json\/wp\/v2\/product_brand?post=744741"},{"taxonomy":"product_cat","embeddable":true,"href":"https:\/\/roveyayinevi.com.tr\/index.php\/wp-json\/wp\/v2\/product_cat?post=744741"},{"taxonomy":"product_tag","embeddable":true,"href":"https:\/\/roveyayinevi.com.tr\/index.php\/wp-json\/wp\/v2\/product_tag?post=744741"}],"curies":[{"name":"wp","href":"https:\/\/api.w.org\/{rel}","templated":true}]}}