{"id":744733,"date":"2025-08-28T02:03:42","date_gmt":"2025-08-27T23:03:42","guid":{"rendered":"https:\/\/roveyayinevi.com.tr\/index.php\/urun\/amator-denizcilikte-acil-durum-seyri\/"},"modified":"2026-04-16T02:56:40","modified_gmt":"2026-04-15T23:56:40","slug":"amator-denizcilikte-acil-durum-seyri","status":"publish","type":"product","link":"https:\/\/roveyayinevi.com.tr\/index.php\/urun\/amator-denizcilikte-acil-durum-seyri\/","title":{"rendered":"Amat\u00f6r Denizcilikte Acil Durum Seyri"},"content":{"rendered":"<p>GPS\u2019iniz bozuldu. Pusulan\u0131z k\u0131r\u0131ld\u0131. Teknoloji sizi terk etti. A\u00e7\u0131k denizin ortas\u0131nda nerede oldu\u011funuzu, nereye gitti\u011finizi bilmiyorsunuz. Bu kitap ba\u015fta G\u00fcne\u015f ve Kutup Y\u0131ld\u0131z\u0131 (Polaris) olmak \u00fczere g\u00f6kcisimlerini kullanarak nerede oldu\u011funuzu ve nereye gidece\u011finizi, basit tekniklerle \u00f6gretiyor. Bu kitap hayat kurtar\u0131yor.<\/p>\n","protected":false},"excerpt":{"rendered":"<p>GPS\u2019iniz bozuldu. Pusulan\u0131z k\u0131r\u0131ld\u0131. Teknoloji sizi terk etti. A\u00e7\u0131k denizin ortas\u0131nda nerede oldu\u011funuzu, nereye gitti\u011finizi bilmiyorsunuz. Bu kitap ba\u015fta G\u00fcne\u015f ve Kutup Y\u0131ld\u0131z\u0131 (Polaris) olmak \u00fczere<span class=\"excerpt-hellip\"> [\u2026]<\/span><\/p>\n","protected":false},"featured_media":0,"template":"","meta":{"_monsterinsights_skip_tracking":false,"_monsterinsights_sitenote_active":false,"_monsterinsights_sitenote_note":"","_monsterinsights_sitenote_category":0},"product_brand":[],"product_cat":[13005,37328],"product_tag":[],"class_list":{"0":"post-744733","1":"product","2":"type-product","3":"status-publish","5":"product_cat-bilim-muhendislik","6":"product_cat-diger-bilim-muhendislik","7":"pa_cilt-ciltsiz","8":"pa_tur-kitap","9":"pa_yayinevi-pankus-yayinlari","10":"pa_yazar-cem-gurdeniz","12":"first","13":"instock","14":"sale","15":"shipping-taxable","16":"purchasable","17":"product-type-simple"},"_links":{"self":[{"href":"https:\/\/roveyayinevi.com.tr\/index.php\/wp-json\/wp\/v2\/product\/744733","targetHints":{"allow":["GET"]}}],"collection":[{"href":"https:\/\/roveyayinevi.com.tr\/index.php\/wp-json\/wp\/v2\/product"}],"about":[{"href":"https:\/\/roveyayinevi.com.tr\/index.php\/wp-json\/wp\/v2\/types\/product"}],"wp:attachment":[{"href":"https:\/\/roveyayinevi.com.tr\/index.php\/wp-json\/wp\/v2\/media?parent=744733"}],"wp:term":[{"taxonomy":"product_brand","embeddable":true,"href":"https:\/\/roveyayinevi.com.tr\/index.php\/wp-json\/wp\/v2\/product_brand?post=744733"},{"taxonomy":"product_cat","embeddable":true,"href":"https:\/\/roveyayinevi.com.tr\/index.php\/wp-json\/wp\/v2\/product_cat?post=744733"},{"taxonomy":"product_tag","embeddable":true,"href":"https:\/\/roveyayinevi.com.tr\/index.php\/wp-json\/wp\/v2\/product_tag?post=744733"}],"curies":[{"name":"wp","href":"https:\/\/api.w.org\/{rel}","templated":true}]}}