{"id":744732,"date":"2025-08-28T02:03:41","date_gmt":"2025-08-27T23:03:41","guid":{"rendered":"https:\/\/roveyayinevi.com.tr\/index.php\/urun\/dalalet\/"},"modified":"2026-04-16T02:56:40","modified_gmt":"2026-04-15T23:56:40","slug":"dalalet","status":"publish","type":"product","link":"https:\/\/roveyayinevi.com.tr\/index.php\/urun\/dalalet\/","title":{"rendered":"Dalalet"},"content":{"rendered":"<p>Bu kitap okuyucular\u0131na, &#8220;Bu hayas\u0131zca ak\u0131n\u0131 g\u00f6vdenizi siper ederek durdurun&#8221; demek i\u00e7in yaz\u0131ld\u0131. Gazetecilik mesle\u011finin i\u011fdi\u015f edildi\u011fi \u00fclkemizde, yaz\u0131lanlar\u0131, sans\u00fcr uygulaman\u0131n \u00f6tesinde adeta her yerden sildiren bir zihniyete kar\u015f\u0131 sava\u015f halindeyiz. Elimizdeki tek g\u00fcc\u00fcm\u00fcz de m\u00fcrekkebimiz. Dijital ortamdan yok edilenleri kitaplara m\u0131hl\u0131yoruz.   Fetullah G\u00fclen\u2019i Amerika\u2019ya yerle\u015ftiren hekim kim? Karen Fogg\u2019un e-postalar\u0131ndaki T\u00fcrk b\u00fcy\u00fckel\u00e7i Alt\u0131l\u0131 mutabakat\u0131 kimler yazd\u0131? Anayasa\u2019da 1921 oyunu CHP\u2019den dan\u0131\u015fman olan G\u00fclen\u2019in telefon arkada\u015f\u0131 AKP\u2019de kimin yan\u0131na ge\u00e7ti? S\u00fcleyman Soylu\u2019nun Devlet Bah\u00e7eli\u2019ye a\u011f\u0131r ithamlar\u0131 FET\u00d6\u2019c\u00fcleri hangi vali, valiyi hangi bakan kurtard\u0131? K\u0131l\u0131\u00e7daro\u011flu Balyoz ile ilgili ne s\u00f6yledi? \u0130stiklal Madalyas\u0131, hangi \u2018istiklal\u2019 d\u00fc\u015fman\u0131na verildi? Ak\u015fener\u2019e \u2018suikast\u2019 iddias\u0131n\u0131 s\u00f6yleyen FET\u00d6\u2019c\u00fc FET\u00d6\u2019n\u00fcn askerleri &#8220;G\u00fcne\u015fli G\u00fcnlere&#8221; nas\u0131l haz\u0131rlan\u0131yor? Bank Asya\u2019ya para yat\u0131ran i\u015fadamlar\u0131 nas\u0131l kurtuldu? Erdo\u011fan &#8220;Y\u0131l\u0131n \u00d6d\u00fcl\u00fc&#8221;n\u00fc kime verdi? Hilal Kaplan\u2019\u0131n silinmi\u015f \u2018Taraf\u2019\u0131 Z\u00fclf\u00fc Livaneli nas\u0131l bir solcu? Madalyal\u0131 albay\u0131n katili kim? H\u00fccre bilgi verilerimiz nas\u0131l \u00e7al\u0131nd\u0131? T\u0131pta Uzmanl\u0131k S\u0131nav\u0131 (TUS) sorular\u0131 \u00e7al\u0131nd\u0131 m\u0131? TUSDATA ger\u00e7e\u011fi Bu belediyeye \u2018Mete\u2019 olmayan giremez!<\/p>\n","protected":false},"excerpt":{"rendered":"<p>Bu kitap okuyucular\u0131na, &#8220;Bu hayas\u0131zca ak\u0131n\u0131 g\u00f6vdenizi siper ederek durdurun&#8221; demek i\u00e7in yaz\u0131ld\u0131. Gazetecilik mesle\u011finin i\u011fdi\u015f edildi\u011fi \u00fclkemizde, yaz\u0131lanlar\u0131, sans\u00fcr uygulaman\u0131n \u00f6tesinde adeta her yerden sildiren<span class=\"excerpt-hellip\"> [\u2026]<\/span><\/p>\n","protected":false},"featured_media":0,"template":"","meta":{"_monsterinsights_skip_tracking":false,"_monsterinsights_sitenote_active":false,"_monsterinsights_sitenote_note":"","_monsterinsights_sitenote_category":0},"product_brand":[],"product_cat":[13059,12337],"product_tag":[],"class_list":{"0":"post-744732","1":"product","2":"type-product","3":"status-publish","5":"product_cat-diger-politika-siyaset","6":"product_cat-politika-siyaset","7":"pa_cilt-ciltsiz","8":"pa_tur-kitap","9":"pa_yayinevi-pankus-yayinlari","10":"pa_yazar-erdem-atay","12":"first","13":"instock","14":"sale","15":"shipping-taxable","16":"purchasable","17":"product-type-simple"},"_links":{"self":[{"href":"https:\/\/roveyayinevi.com.tr\/index.php\/wp-json\/wp\/v2\/product\/744732","targetHints":{"allow":["GET"]}}],"collection":[{"href":"https:\/\/roveyayinevi.com.tr\/index.php\/wp-json\/wp\/v2\/product"}],"about":[{"href":"https:\/\/roveyayinevi.com.tr\/index.php\/wp-json\/wp\/v2\/types\/product"}],"wp:attachment":[{"href":"https:\/\/roveyayinevi.com.tr\/index.php\/wp-json\/wp\/v2\/media?parent=744732"}],"wp:term":[{"taxonomy":"product_brand","embeddable":true,"href":"https:\/\/roveyayinevi.com.tr\/index.php\/wp-json\/wp\/v2\/product_brand?post=744732"},{"taxonomy":"product_cat","embeddable":true,"href":"https:\/\/roveyayinevi.com.tr\/index.php\/wp-json\/wp\/v2\/product_cat?post=744732"},{"taxonomy":"product_tag","embeddable":true,"href":"https:\/\/roveyayinevi.com.tr\/index.php\/wp-json\/wp\/v2\/product_tag?post=744732"}],"curies":[{"name":"wp","href":"https:\/\/api.w.org\/{rel}","templated":true}]}}