{"id":744722,"date":"2025-08-28T02:03:28","date_gmt":"2025-08-27T23:03:28","guid":{"rendered":"https:\/\/roveyayinevi.com.tr\/index.php\/urun\/yesil-surat\/"},"modified":"2026-04-16T02:56:39","modified_gmt":"2026-04-15T23:56:39","slug":"yesil-surat","status":"publish","type":"product","link":"https:\/\/roveyayinevi.com.tr\/index.php\/urun\/yesil-surat\/","title":{"rendered":"Ye\u015fil Surat"},"content":{"rendered":"<p>\u201cBo\u011fucu, Kafkaesk bir gizem ve belirsizlik atmosferi.\u201d \u2013Franz RottensteinerGustav Meyrink, do\u011fa\u00fcst\u00fc unsurlara yer veren Avrupal\u0131 yazarlar aras\u0131nda benzerlerinden s\u0131yr\u0131l\u0131p \u00e7a\u011fa damga vuran, ele ald\u0131\u011f\u0131 ok\u00fclt konular\u0131 modern zamanlar\u0131n meselesi h\u00e2line getirmekte usta bir isim. \u00dcnl\u00fc ilk roman\u0131 Golem\u2019den sonra 1916\u2019da yay\u0131mlanan ikinci roman\u0131 Ye\u015fil Surat, hem yaz\u0131ld\u0131\u011f\u0131 Birinci D\u00fcnya Sava\u015f\u0131 y\u0131llar\u0131n\u0131n panoramas\u0131n\u0131 \u00e7iziyor hem de g\u00fcndelik hayat\u0131n i\u00e7ine s\u0131zan mistik ve b\u00fcy\u00fcl\u00fc olaylar\u0131n ne kadar korkun\u00e7 yerlere varabilece\u011fini g\u00f6steren, dinsel sembollerle y\u00fckl\u00fc, d\u00fc\u015fsel bir hik\u00e2ye anlat\u0131yor.Amsterdam\u2019\u0131n kalabal\u0131\u011f\u0131ndan ka\u00e7mak i\u00e7in esrarengiz bir \u201cBilmeceler D\u00fckk\u00e2n\u0131\u201dna giren Fortunat Hauberrisser bir an i\u00e7in derin bir uykuya dalar fakat uyanmas\u0131yla birlikte t\u00fcm hayat\u0131 de\u011fi\u015fir. Bu d\u00fckk\u00e2nda kar\u015f\u0131la\u015ft\u0131\u011f\u0131 tekinsiz bir adam, onun hem d\u00fc\u015flerine hem de ger\u00e7ekli\u011fine musallat olur.Karanl\u0131k bir ayd\u0131nlanma, \u00f6l\u00fcmc\u00fcl bir uyan\u0131\u015f\u2026<\/p>\n","protected":false},"excerpt":{"rendered":"<p>\u201cBo\u011fucu, Kafkaesk bir gizem ve belirsizlik atmosferi.\u201d \u2013Franz RottensteinerGustav Meyrink, do\u011fa\u00fcst\u00fc unsurlara yer veren Avrupal\u0131 yazarlar aras\u0131nda benzerlerinden s\u0131yr\u0131l\u0131p \u00e7a\u011fa damga vuran, ele ald\u0131\u011f\u0131 ok\u00fclt konular\u0131<span class=\"excerpt-hellip\"> [\u2026]<\/span><\/p>\n","protected":false},"featured_media":0,"template":"","meta":{"_monsterinsights_skip_tracking":false,"_monsterinsights_sitenote_active":false,"_monsterinsights_sitenote_note":"","_monsterinsights_sitenote_category":0},"product_brand":[],"product_cat":[12291,17033],"product_tag":[],"class_list":{"0":"post-744722","1":"product","2":"type-product","3":"status-publish","5":"product_cat-edebiyat","6":"product_cat-korku-gerilim","7":"pa_cilt-ciltsiz","8":"pa_tur-kitap","9":"pa_yayinevi-ithaki-yayinlari","10":"pa_yazar-gustav-meyrink","12":"first","13":"instock","14":"sale","15":"shipping-taxable","16":"purchasable","17":"product-type-simple"},"_links":{"self":[{"href":"https:\/\/roveyayinevi.com.tr\/index.php\/wp-json\/wp\/v2\/product\/744722","targetHints":{"allow":["GET"]}}],"collection":[{"href":"https:\/\/roveyayinevi.com.tr\/index.php\/wp-json\/wp\/v2\/product"}],"about":[{"href":"https:\/\/roveyayinevi.com.tr\/index.php\/wp-json\/wp\/v2\/types\/product"}],"wp:attachment":[{"href":"https:\/\/roveyayinevi.com.tr\/index.php\/wp-json\/wp\/v2\/media?parent=744722"}],"wp:term":[{"taxonomy":"product_brand","embeddable":true,"href":"https:\/\/roveyayinevi.com.tr\/index.php\/wp-json\/wp\/v2\/product_brand?post=744722"},{"taxonomy":"product_cat","embeddable":true,"href":"https:\/\/roveyayinevi.com.tr\/index.php\/wp-json\/wp\/v2\/product_cat?post=744722"},{"taxonomy":"product_tag","embeddable":true,"href":"https:\/\/roveyayinevi.com.tr\/index.php\/wp-json\/wp\/v2\/product_tag?post=744722"}],"curies":[{"name":"wp","href":"https:\/\/api.w.org\/{rel}","templated":true}]}}