{"id":744718,"date":"2025-08-28T02:03:22","date_gmt":"2025-08-27T23:03:22","guid":{"rendered":"https:\/\/roveyayinevi.com.tr\/index.php\/urun\/uc-yaranin-sarkilari\/"},"modified":"2026-04-16T02:56:39","modified_gmt":"2026-04-15T23:56:39","slug":"uc-yaranin-sarkilari","status":"publish","type":"product","link":"https:\/\/roveyayinevi.com.tr\/index.php\/urun\/uc-yaranin-sarkilari\/","title":{"rendered":"\u00dc\u00e7 Yaran\u0131n \u015eark\u0131lar\u0131"},"content":{"rendered":"<p>Miguel Hern\u00e1ndez Gilabert (1910-1942) \u0130spanyol \u015fiirinin 20. y\u00fczy\u0131ldaki s\u00f6ylensel adlar\u0131ndan Miguel Hern\u00e1ndez, eski \u015fiir ak\u0131mlar\u0131 ve \u015fairleri \u00f6z\u00fcmsemi\u015f g\u00fc\u00e7l\u00fc bir ozan olarak gen\u00e7 ya\u015fta dikkat \u00e7ekti. Zorluklarla ge\u00e7en ya\u015fam\u0131 \u0130\u00e7 Sava\u015f\u0131n getirdi\u011fi y\u0131k\u0131mlardan pay\u0131n\u0131 alm\u0131\u015f, sars\u0131c\u0131 \u015fiirini b\u00fcy\u00fck \u015fiddet dalgas\u0131n\u0131n getirdi\u011fi tematik \u00e7eperlerde derinle\u015ftirerek olgunla\u015ft\u0131rm\u0131\u015ft\u0131r. \u00dc\u00e7 Yaran\u0131n \u015eark\u0131lar\u0131, \u0130\u00e7 Sava\u015f sonras\u0131nda tecrit edildi\u011fi hapishanede g\u00f6rd\u00fc\u011f\u00fc zulme kar\u015f\u0131n yazmay\u0131 s\u00fcrd\u00fcren Hern\u00e1ndez\u2019in \u00e7a\u011f\u0131n t\u00fcm ezilen ve ba\u015f kald\u0131ranlar\u0131na miras b\u0131rakt\u0131\u011f\u0131 \u201cya\u015fam, a\u015fk ve \u00f6l\u00fcm yaralar\u0131\u201dndan \u00f6nemli bir b\u00f6l\u00fcm\u00fc bir araya getiriyor. Neruda\u2019n\u0131n \u201cuyanmakta olan ar\u0131 pete\u011finin yo\u011fun \u0131\u015f\u0131\u011f\u0131\u201d diye selamlad\u0131\u011f\u0131 b\u00fcy\u00fck ozan\u0131, \u00f6l\u00fcm\u00fcn\u00fcn 80. y\u0131l\u0131nda, Vicente Aleixandre\u2019nin hapishane revirindeki naa\u015f\u0131 ba\u015f\u0131nda kaleme ald\u0131\u011f\u0131 dizelerle an\u0131yoruz: \u201cAh, g\u00f6klerin yaln\u0131zl\u0131\u011f\u0131! I\u015f\u0131klar yaln\u0131zca senin g\u00f6vdeni ayd\u0131nlat\u0131yor\u201d h\u00e2l\u00e2<\/p>\n","protected":false},"excerpt":{"rendered":"<p>Miguel Hern\u00e1ndez Gilabert (1910-1942) \u0130spanyol \u015fiirinin 20. y\u00fczy\u0131ldaki s\u00f6ylensel adlar\u0131ndan Miguel Hern\u00e1ndez, eski \u015fiir ak\u0131mlar\u0131 ve \u015fairleri \u00f6z\u00fcmsemi\u015f g\u00fc\u00e7l\u00fc bir ozan olarak gen\u00e7 ya\u015fta dikkat \u00e7ekti.<span class=\"excerpt-hellip\"> [\u2026]<\/span><\/p>\n","protected":false},"featured_media":0,"template":"","meta":{"_monsterinsights_skip_tracking":false,"_monsterinsights_sitenote_active":false,"_monsterinsights_sitenote_note":"","_monsterinsights_sitenote_category":0},"product_brand":[],"product_cat":[12291,12509],"product_tag":[],"class_list":{"0":"post-744718","1":"product","2":"type-product","3":"status-publish","5":"product_cat-edebiyat","6":"product_cat-siir","7":"pa_cilt-ciltsiz","8":"pa_tur-kitap","9":"pa_yayinevi-ayrinti-yayinlari","10":"pa_yazar-miguel-hernandez","12":"first","13":"instock","14":"sale","15":"shipping-taxable","16":"purchasable","17":"product-type-simple"},"_links":{"self":[{"href":"https:\/\/roveyayinevi.com.tr\/index.php\/wp-json\/wp\/v2\/product\/744718","targetHints":{"allow":["GET"]}}],"collection":[{"href":"https:\/\/roveyayinevi.com.tr\/index.php\/wp-json\/wp\/v2\/product"}],"about":[{"href":"https:\/\/roveyayinevi.com.tr\/index.php\/wp-json\/wp\/v2\/types\/product"}],"wp:attachment":[{"href":"https:\/\/roveyayinevi.com.tr\/index.php\/wp-json\/wp\/v2\/media?parent=744718"}],"wp:term":[{"taxonomy":"product_brand","embeddable":true,"href":"https:\/\/roveyayinevi.com.tr\/index.php\/wp-json\/wp\/v2\/product_brand?post=744718"},{"taxonomy":"product_cat","embeddable":true,"href":"https:\/\/roveyayinevi.com.tr\/index.php\/wp-json\/wp\/v2\/product_cat?post=744718"},{"taxonomy":"product_tag","embeddable":true,"href":"https:\/\/roveyayinevi.com.tr\/index.php\/wp-json\/wp\/v2\/product_tag?post=744718"}],"curies":[{"name":"wp","href":"https:\/\/api.w.org\/{rel}","templated":true}]}}