{"id":744711,"date":"2025-08-28T02:03:16","date_gmt":"2025-08-27T23:03:16","guid":{"rendered":"https:\/\/roveyayinevi.com.tr\/index.php\/urun\/fiziksel-aktivite-merkezlerine-gelen-bireylerin-hizmet-kalite-beklentisi-ve-motivasyonlarinin-incelenmesi\/"},"modified":"2026-04-16T02:56:39","modified_gmt":"2026-04-15T23:56:39","slug":"fiziksel-aktivite-merkezlerine-gelen-bireylerin-hizmet-kalite-beklentisi-ve-motivasyonlarinin-incelenmesi","status":"publish","type":"product","link":"https:\/\/roveyayinevi.com.tr\/index.php\/urun\/fiziksel-aktivite-merkezlerine-gelen-bireylerin-hizmet-kalite-beklentisi-ve-motivasyonlarinin-incelenmesi\/","title":{"rendered":"Fiziksel Aktivite Merkezlerine Gelen Bireylerin Hizmet Kalite Beklentisi ve Motivasyonlar\u0131n\u0131n \u0130ncelenmesi"},"content":{"rendered":"<p>1.      B\u00d6L\u00dcM: SPOR VE TES\u0130SLE\u015eME   2.      B\u00d6L\u00dcM: H\u0130ZMET KAL\u0130TES\u0130   3.      B\u00d6L\u00dcM: SERBEST ZAMAN MOT\u0130VASYONU   4.      B\u00d6L\u00dcM: Y\u00d6NTEM     <\/p>\n","protected":false},"excerpt":{"rendered":"<p>1. B\u00d6L\u00dcM: SPOR VE TES\u0130SLE\u015eME 2. B\u00d6L\u00dcM: H\u0130ZMET KAL\u0130TES\u0130 3. B\u00d6L\u00dcM: SERBEST ZAMAN MOT\u0130VASYONU 4. B\u00d6L\u00dcM: Y\u00d6NTEM<\/p>\n","protected":false},"featured_media":0,"template":"","meta":{"_monsterinsights_skip_tracking":false,"_monsterinsights_sitenote_active":false,"_monsterinsights_sitenote_note":"","_monsterinsights_sitenote_category":0},"product_brand":[],"product_cat":[15563,15564],"product_tag":[],"class_list":{"0":"post-744711","1":"product","2":"type-product","3":"status-publish","5":"product_cat-hobi","6":"product_cat-spor","7":"pa_cilt-ciltsiz","8":"pa_tur-kitap","9":"pa_yayinevi-gazi-kitabevi","10":"pa_yazar-muzaffer-emir-orak","12":"first","13":"instock","14":"sale","15":"shipping-taxable","16":"purchasable","17":"product-type-simple"},"_links":{"self":[{"href":"https:\/\/roveyayinevi.com.tr\/index.php\/wp-json\/wp\/v2\/product\/744711","targetHints":{"allow":["GET"]}}],"collection":[{"href":"https:\/\/roveyayinevi.com.tr\/index.php\/wp-json\/wp\/v2\/product"}],"about":[{"href":"https:\/\/roveyayinevi.com.tr\/index.php\/wp-json\/wp\/v2\/types\/product"}],"wp:attachment":[{"href":"https:\/\/roveyayinevi.com.tr\/index.php\/wp-json\/wp\/v2\/media?parent=744711"}],"wp:term":[{"taxonomy":"product_brand","embeddable":true,"href":"https:\/\/roveyayinevi.com.tr\/index.php\/wp-json\/wp\/v2\/product_brand?post=744711"},{"taxonomy":"product_cat","embeddable":true,"href":"https:\/\/roveyayinevi.com.tr\/index.php\/wp-json\/wp\/v2\/product_cat?post=744711"},{"taxonomy":"product_tag","embeddable":true,"href":"https:\/\/roveyayinevi.com.tr\/index.php\/wp-json\/wp\/v2\/product_tag?post=744711"}],"curies":[{"name":"wp","href":"https:\/\/api.w.org\/{rel}","templated":true}]}}