{"id":744710,"date":"2025-08-28T02:03:15","date_gmt":"2025-08-27T23:03:15","guid":{"rendered":"https:\/\/roveyayinevi.com.tr\/index.php\/urun\/entegre-raporlama-ve-entegre-raporlamanin-turk-bankacilik-sektorundeki-uygulamasi\/"},"modified":"2026-04-16T02:56:39","modified_gmt":"2026-04-15T23:56:39","slug":"entegre-raporlama-ve-entegre-raporlamanin-turk-bankacilik-sektorundeki-uygulamasi","status":"publish","type":"product","link":"https:\/\/roveyayinevi.com.tr\/index.php\/urun\/entegre-raporlama-ve-entegre-raporlamanin-turk-bankacilik-sektorundeki-uygulamasi\/","title":{"rendered":"Entegre Raporlama ve Entegre Raporlaman\u0131n T\u00fcrk Bankac\u0131l\u0131k Sekt\u00f6r\u00fcndeki Uygulamas\u0131"},"content":{"rendered":"<p>I.                    B\u00d6L\u00dcM 1. KURUMSAL RAPORLAMA   II.                 B\u00d6L\u00dcM 2. ENTEGRE RAPORLAMA     III.              B\u00d6L\u00dcM 3. T\u00dcRK BANKACILIK SEKT\u00d6R\u00dc ENTEGRE RAPORLAMA UYGULAMALARININ ULUSLARARASI ENTEGRE RAPORLAMA \u00c7ER\u00c7EVES\u0130 (IIRC) \u0130LE UYUMLULU\u011eUNUN KAR\u015eILA\u015eTIRMALI \u0130NCELENMES\u0130 <\/p>\n","protected":false},"excerpt":{"rendered":"<p>I. B\u00d6L\u00dcM 1. KURUMSAL RAPORLAMA II. B\u00d6L\u00dcM 2. ENTEGRE RAPORLAMA III. B\u00d6L\u00dcM 3. T\u00dcRK BANKACILIK SEKT\u00d6R\u00dc ENTEGRE RAPORLAMA UYGULAMALARININ ULUSLARARASI ENTEGRE RAPORLAMA \u00c7ER\u00c7EVES\u0130 (IIRC) \u0130LE UYUMLULU\u011eUNUN<span class=\"excerpt-hellip\"> [\u2026]<\/span><\/p>\n","protected":false},"featured_media":0,"template":"","meta":{"_monsterinsights_skip_tracking":false,"_monsterinsights_sitenote_active":false,"_monsterinsights_sitenote_note":"","_monsterinsights_sitenote_category":0},"product_brand":[],"product_cat":[12573,12566],"product_tag":[],"class_list":{"0":"post-744710","1":"product","2":"type-product","3":"status-publish","5":"product_cat-akademik-kitaplar","6":"product_cat-egitim","7":"pa_cilt-ciltsiz","8":"pa_tur-kitap","9":"pa_yayinevi-gazi-kitabevi","10":"pa_yazar-ahmet-tepedelen","12":"first","13":"instock","14":"sale","15":"shipping-taxable","16":"purchasable","17":"product-type-simple"},"_links":{"self":[{"href":"https:\/\/roveyayinevi.com.tr\/index.php\/wp-json\/wp\/v2\/product\/744710","targetHints":{"allow":["GET"]}}],"collection":[{"href":"https:\/\/roveyayinevi.com.tr\/index.php\/wp-json\/wp\/v2\/product"}],"about":[{"href":"https:\/\/roveyayinevi.com.tr\/index.php\/wp-json\/wp\/v2\/types\/product"}],"wp:attachment":[{"href":"https:\/\/roveyayinevi.com.tr\/index.php\/wp-json\/wp\/v2\/media?parent=744710"}],"wp:term":[{"taxonomy":"product_brand","embeddable":true,"href":"https:\/\/roveyayinevi.com.tr\/index.php\/wp-json\/wp\/v2\/product_brand?post=744710"},{"taxonomy":"product_cat","embeddable":true,"href":"https:\/\/roveyayinevi.com.tr\/index.php\/wp-json\/wp\/v2\/product_cat?post=744710"},{"taxonomy":"product_tag","embeddable":true,"href":"https:\/\/roveyayinevi.com.tr\/index.php\/wp-json\/wp\/v2\/product_tag?post=744710"}],"curies":[{"name":"wp","href":"https:\/\/api.w.org\/{rel}","templated":true}]}}