{"id":744697,"date":"2025-08-28T02:02:56","date_gmt":"2025-08-27T23:02:56","guid":{"rendered":"https:\/\/roveyayinevi.com.tr\/index.php\/urun\/feminist-elestiri\/"},"modified":"2026-04-16T02:56:38","modified_gmt":"2026-04-15T23:56:38","slug":"feminist-elestiri","status":"publish","type":"product","link":"https:\/\/roveyayinevi.com.tr\/index.php\/urun\/feminist-elestiri\/","title":{"rendered":"Feminist Ele\u015ftiri"},"content":{"rendered":"<p>T\u00fcrkiye\u2019de feminist ele\u015ftiri ne t\u00fcr bir i\u015f yapar? Kendini nas\u0131l ele\u015ftirir? Derlemeyi haz\u0131rlarken bu sorulardan yola \u00e7\u0131kt\u0131klar\u0131n\u0131 s\u00f6yleyen Demet G\u00fcl\u00e7i\u00e7ek ve Emine Erdo\u011fan, niyetlerinin bir re\u00e7ete sunmak olmad\u0131\u011f\u0131n\u0131, ama\u00e7lar\u0131n\u0131n feminist ele\u015ftirinin ortaya koyduklar\u0131 \u00fczerine feminist \u00f6zenle konu\u015fmay\u0131 te\u015fvik etmek oldu\u011funu belirtiyorlar. * Feminist Ele\u015ftiri, Donna Haraway\u2019in s\u00f6z\u00fcn\u00fc, \u201cfeminist nesnellik, basit\u00e7e, konumlu bilgiler demektir\u201di merkezine alarak bilginin konumlulu\u011funa ili\u015fkin farkl\u0131 d\u00fczeylerde ama ortak bir tart\u0131\u015fma y\u00fcr\u00fct\u00fcyor. Derlemelerde pek s\u0131k rastlamad\u0131\u011f\u0131m\u0131z bir nitelik: Her yaz\u0131 ba\u015fka bir yerden, ba\u015fka bir hik\u00e2ye anlat\u0131yor ama b\u00fct\u00fcn yaz\u0131lar ayn\u0131 g\u00f6vdeye ba\u011flan\u0131yor: Feminist bilgi, konumlu bilgidir. \u201cEle\u015ftiri\u201d kelimesinin d\u00fc\u015f\u00fcnd\u00fcrd\u00fc\u011f\u00fc negatif etkinlikten \u00e7ok, kitaptaki yaz\u0131lar ele\u015ftiriyi \u00fcretken bir faaliyet olarak kuruyorlar. Konumlulu\u011fun ve bilmenin anlam\u0131n\u0131, feminizmin nas\u0131l \u201c\u00e7al\u0131\u015ft\u0131\u011f\u0131n\u0131\u201d \u2013ki bence bu feminizmin \u00f6znesi probleminden \u00e7ok daha ilgin\u00e7 ufuklar a\u00e7ar\u2013 g\u00f6steriyorlar. Tam zaman\u0131nda.  \u2014 Aksu Bora   <\/p>\n","protected":false},"excerpt":{"rendered":"<p>T\u00fcrkiye\u2019de feminist ele\u015ftiri ne t\u00fcr bir i\u015f yapar? Kendini nas\u0131l ele\u015ftirir? Derlemeyi haz\u0131rlarken bu sorulardan yola \u00e7\u0131kt\u0131klar\u0131n\u0131 s\u00f6yleyen Demet G\u00fcl\u00e7i\u00e7ek ve Emine Erdo\u011fan, niyetlerinin bir re\u00e7ete<span class=\"excerpt-hellip\"> [\u2026]<\/span><\/p>\n","protected":false},"featured_media":0,"template":"","meta":{"_monsterinsights_skip_tracking":false,"_monsterinsights_sitenote_active":false,"_monsterinsights_sitenote_note":"","_monsterinsights_sitenote_category":0},"product_brand":[],"product_cat":[14741,13488],"product_tag":[],"class_list":{"0":"post-744697","1":"product","2":"type-product","3":"status-publish","5":"product_cat-kadin-sorunlari-feminizm","6":"product_cat-toplum-ve-insan","7":"pa_cilt-ciltsiz","8":"pa_tur-kitap","9":"pa_yayinevi-metis-yayinlari","10":"pa_yazar-kolektif","12":"first","13":"instock","14":"sale","15":"shipping-taxable","16":"purchasable","17":"product-type-simple"},"_links":{"self":[{"href":"https:\/\/roveyayinevi.com.tr\/index.php\/wp-json\/wp\/v2\/product\/744697","targetHints":{"allow":["GET"]}}],"collection":[{"href":"https:\/\/roveyayinevi.com.tr\/index.php\/wp-json\/wp\/v2\/product"}],"about":[{"href":"https:\/\/roveyayinevi.com.tr\/index.php\/wp-json\/wp\/v2\/types\/product"}],"wp:attachment":[{"href":"https:\/\/roveyayinevi.com.tr\/index.php\/wp-json\/wp\/v2\/media?parent=744697"}],"wp:term":[{"taxonomy":"product_brand","embeddable":true,"href":"https:\/\/roveyayinevi.com.tr\/index.php\/wp-json\/wp\/v2\/product_brand?post=744697"},{"taxonomy":"product_cat","embeddable":true,"href":"https:\/\/roveyayinevi.com.tr\/index.php\/wp-json\/wp\/v2\/product_cat?post=744697"},{"taxonomy":"product_tag","embeddable":true,"href":"https:\/\/roveyayinevi.com.tr\/index.php\/wp-json\/wp\/v2\/product_tag?post=744697"}],"curies":[{"name":"wp","href":"https:\/\/api.w.org\/{rel}","templated":true}]}}