{"id":744696,"date":"2025-08-28T02:02:55","date_gmt":"2025-08-27T23:02:55","guid":{"rendered":"https:\/\/roveyayinevi.com.tr\/index.php\/urun\/bak-bu-senin-yildizin\/"},"modified":"2026-04-16T02:56:38","modified_gmt":"2026-04-15T23:56:38","slug":"bak-bu-senin-yildizin","status":"publish","type":"product","link":"https:\/\/roveyayinevi.com.tr\/index.php\/urun\/bak-bu-senin-yildizin\/","title":{"rendered":"Bak, Bu Senin Y\u0131ld\u0131z\u0131n"},"content":{"rendered":"<p>En g\u00fczel oyuncak en sevdi\u011fimiz oyuncak de\u011fil midir? Kendimizi en yak\u0131n hissetti\u011fimiz, hayat\u0131m\u0131za girdi\u011fi an\u0131 hi\u00e7 unutamad\u0131\u011f\u0131m\u0131z, ba\u015fka oyuncaklar\u0131n onun yerini alamad\u0131\u011f\u0131 oyuncaklard\u0131r bunlar. Ayn\u0131 Lara\u2019n\u0131n Aybala\u2019s\u0131 gibi\u2026 Anneannesinin \u00f6zene bezene Lara i\u00e7in dikti\u011fi bebek, tam da o en sevdi\u011fimiz oyuncaklar\u0131m\u0131z\u0131n \u00f6zelliklerini ta\u015f\u0131yor. D\u00fcnya \u00fczerinde ba\u015fka bir e\u015fi yok, \u00e7ok tatl\u0131 ve ona g\u00f6n\u00fclden ba\u011fl\u0131 bir sahibi var, bir de sevildi\u011fini bilen ve \u00e7ok duyarl\u0131 bir kalbi\u2026 Aybala bebek, o \u00e7ok hassas bebek kalbiyle hem di\u011fer oyuncaklarla arkada\u015fl\u0131k kuruyor hem de bir bebek olarak \u201cBen kimim?\u201d sorusunun pe\u015fine d\u00fc\u015f\u00fcyor. Oyuncaklar\u0131n duygu dolu ya\u015fant\u0131lar\u0131n\u0131 anlatan bu hik\u00e2yeye e\u015flik etmek ister misin? <\/p>\n","protected":false},"excerpt":{"rendered":"<p>En g\u00fczel oyuncak en sevdi\u011fimiz oyuncak de\u011fil midir? Kendimizi en yak\u0131n hissetti\u011fimiz, hayat\u0131m\u0131za girdi\u011fi an\u0131 hi\u00e7 unutamad\u0131\u011f\u0131m\u0131z, ba\u015fka oyuncaklar\u0131n onun yerini alamad\u0131\u011f\u0131 oyuncaklard\u0131r bunlar. Ayn\u0131 Lara\u2019n\u0131n<span class=\"excerpt-hellip\"> [\u2026]<\/span><\/p>\n","protected":false},"featured_media":0,"template":"","meta":{"_monsterinsights_skip_tracking":false,"_monsterinsights_sitenote_active":false,"_monsterinsights_sitenote_note":"","_monsterinsights_sitenote_category":0},"product_brand":[],"product_cat":[12274,12284],"product_tag":[],"class_list":{"0":"post-744696","1":"product","2":"type-product","3":"status-publish","5":"product_cat-cocuk-ve-genclik-kitaplari","6":"product_cat-hikayeler","7":"pa_cilt-ciltsiz","8":"pa_tur-kitap","9":"pa_yayinevi-dinozor-cocuk","10":"pa_yazar-ayse-ay","12":"first","13":"instock","14":"sale","15":"shipping-taxable","16":"purchasable","17":"product-type-simple"},"_links":{"self":[{"href":"https:\/\/roveyayinevi.com.tr\/index.php\/wp-json\/wp\/v2\/product\/744696","targetHints":{"allow":["GET"]}}],"collection":[{"href":"https:\/\/roveyayinevi.com.tr\/index.php\/wp-json\/wp\/v2\/product"}],"about":[{"href":"https:\/\/roveyayinevi.com.tr\/index.php\/wp-json\/wp\/v2\/types\/product"}],"wp:attachment":[{"href":"https:\/\/roveyayinevi.com.tr\/index.php\/wp-json\/wp\/v2\/media?parent=744696"}],"wp:term":[{"taxonomy":"product_brand","embeddable":true,"href":"https:\/\/roveyayinevi.com.tr\/index.php\/wp-json\/wp\/v2\/product_brand?post=744696"},{"taxonomy":"product_cat","embeddable":true,"href":"https:\/\/roveyayinevi.com.tr\/index.php\/wp-json\/wp\/v2\/product_cat?post=744696"},{"taxonomy":"product_tag","embeddable":true,"href":"https:\/\/roveyayinevi.com.tr\/index.php\/wp-json\/wp\/v2\/product_tag?post=744696"}],"curies":[{"name":"wp","href":"https:\/\/api.w.org\/{rel}","templated":true}]}}