{"id":744693,"date":"2025-08-28T02:02:51","date_gmt":"2025-08-27T23:02:51","guid":{"rendered":"https:\/\/roveyayinevi.com.tr\/index.php\/urun\/2030\/"},"modified":"2026-04-16T02:56:38","modified_gmt":"2026-04-15T23:56:38","slug":"2030","status":"publish","type":"product","link":"https:\/\/roveyayinevi.com.tr\/index.php\/urun\/2030\/","title":{"rendered":"2030"},"content":{"rendered":"<p>Frans\u0131z edebiyat\u0131n\u0131n en \u00fcretken yazarlar\u0131ndan olan Philippe Djian, 2030\u2019da al\u0131\u015f\u0131lm\u0131\u015f karakterlerinin d\u00fcnyas\u0131ndan ve haletiruhiyesinden \u00e7ok da uzakla\u015fmadan bu kez farkl\u0131 bir konuya el at\u0131yor. K\u00fcresel \u0131s\u0131nman\u0131n tehdidi alt\u0131ndaki, distopyaya yakla\u015fmas\u0131na ramak kalm\u0131\u015f bir d\u00fcnyay\u0131 tasvir ediyor ve b\u00f6ylesi bir d\u00fcnyada yerini bulmaya ya da korumaya \u00e7al\u0131\u015fan alt\u0131 karakter \u00fczerinden hem keyifli hem de dikkat \u00e7ekici bir hik\u00e2ye anlat\u0131yor. Y\u0131l 2030\u2026 Sa\u00e7lar\u0131 \u00f6rg\u00fcl\u00fc k\u00fc\u00e7\u00fck bir k\u0131z\u0131n k\u00fcresel \u0131s\u0131nmaya ve \u00e7evre sorunlar\u0131na dikkat \u00e7ekmek i\u00e7in okulu k\u0131r\u0131p \u00fclke \u00fclke dola\u015ft\u0131\u011f\u0131 g\u00fcnler geride kalm\u0131\u015f, aradan on y\u0131l\u0131 a\u015fk\u0131n bir s\u00fcre ge\u00e7mi\u015f. Alt\u0131 ay s\u00fcren bunalt\u0131c\u0131 yazlar, aniden bast\u0131ran dondurucu so\u011fuklar, seller, orman yang\u0131nlar\u0131, uzun s\u00fcren elektrik kesintileri ve daha nice \u00fcrk\u00fct\u00fcc\u00fc ger\u00e7eklik g\u00fcndelik ya\u015fam\u0131n bir par\u00e7as\u0131 haline d\u00f6n\u00fc\u015fm\u00fc\u015f. \u00c7anlar on y\u0131llard\u0131r \u00e7al\u0131yor ama ancak k\u00fc\u00e7\u00fck bir az\u0131nl\u0131k taraf\u0131ndan duyuluyor ya da dikkate al\u0131n\u0131yor. Djian\u2019\u0131n roman kahramanlar\u0131n\u0131 i\u015fte b\u00f6ylesi bir atmosferde var olmaya \u00e7al\u0131\u015f\u0131rken tan\u0131yoruz. Roman\u0131n ana karakteri diyebilece\u011fimiz Greg, kar\u0131s\u0131n\u0131 ve o\u011flunu be\u015f y\u0131l \u00f6nce bir trafik kazas\u0131nda kaybetmi\u015f. Kay\u0131nbiraderi Anton\u2019a ait, \u00e7evrecilerin hedef tahtas\u0131nda bulunan bir laboratuvarda \u00e7al\u0131\u015f\u0131yor. Konforlu ve ayr\u0131cal\u0131kl\u0131 ya\u015fam\u0131n\u0131 Anton\u2019a bor\u00e7lu. Ya\u015fad\u0131\u011f\u0131 a\u011f\u0131r travmay\u0131 hen\u00fcz atlatamam\u0131\u015f olan Greg, vicdan\u0131 ve \u00e7\u0131karlar\u0131 aras\u0131nda gidip geliyor. \u00c7evre sorunlar\u0131na fazlas\u0131yla duyarl\u0131, on d\u00f6rt ya\u015f\u0131ndaki ye\u011feni Lucie ve onun arac\u0131l\u0131\u011f\u0131yla tan\u0131\u015f\u0131p k\u0131sa s\u00fcrede \u00e2\u015f\u0131k oldu\u011fu \u00e7evre aktivisti V\u00e9ra sayesinde bak\u0131\u015f a\u00e7\u0131s\u0131 yava\u015f yava\u015f de\u011fi\u015fmeye ba\u015fl\u0131yor ancak olaylar \u00f6yle bir geli\u015fiyor ki hik\u00e2ye umulmad\u0131k bir finale do\u011fru s\u00fcr\u00fckleniyor. Seda A\u011far\u2019\u0131n \u00e7evirisiyle sizlerle bulu\u015fturdu\u011fumuz 2030, bug\u00fcn\u00fcm\u00fcze ve gelece\u011fimize dair t\u00fcm korkular\u0131m\u0131za ve endi\u015felerimize ayna oluyor, bizi \u00e7ok tan\u0131d\u0131k bir yak\u0131n gelece\u011fe davet ediyor. <\/p>\n","protected":false},"excerpt":{"rendered":"<p>Frans\u0131z edebiyat\u0131n\u0131n en \u00fcretken yazarlar\u0131ndan olan Philippe Djian, 2030\u2019da al\u0131\u015f\u0131lm\u0131\u015f karakterlerinin d\u00fcnyas\u0131ndan ve haletiruhiyesinden \u00e7ok da uzakla\u015fmadan bu kez farkl\u0131 bir konuya el at\u0131yor. K\u00fcresel \u0131s\u0131nman\u0131n<span class=\"excerpt-hellip\"> [\u2026]<\/span><\/p>\n","protected":false},"featured_media":0,"template":"","meta":{"_monsterinsights_skip_tracking":false,"_monsterinsights_sitenote_active":false,"_monsterinsights_sitenote_note":"","_monsterinsights_sitenote_category":0},"product_brand":[],"product_cat":[12291,12711],"product_tag":[],"class_list":{"0":"post-744693","1":"product","2":"type-product","3":"status-publish","5":"product_cat-edebiyat","6":"product_cat-roman-oyku","7":"pa_cilt-ciltsiz","8":"pa_tur-kitap","9":"pa_yayinevi-dusbaz-kitaplar","10":"pa_yazar-philippe-djian","12":"first","13":"instock","14":"sale","15":"shipping-taxable","16":"purchasable","17":"product-type-simple"},"_links":{"self":[{"href":"https:\/\/roveyayinevi.com.tr\/index.php\/wp-json\/wp\/v2\/product\/744693","targetHints":{"allow":["GET"]}}],"collection":[{"href":"https:\/\/roveyayinevi.com.tr\/index.php\/wp-json\/wp\/v2\/product"}],"about":[{"href":"https:\/\/roveyayinevi.com.tr\/index.php\/wp-json\/wp\/v2\/types\/product"}],"wp:attachment":[{"href":"https:\/\/roveyayinevi.com.tr\/index.php\/wp-json\/wp\/v2\/media?parent=744693"}],"wp:term":[{"taxonomy":"product_brand","embeddable":true,"href":"https:\/\/roveyayinevi.com.tr\/index.php\/wp-json\/wp\/v2\/product_brand?post=744693"},{"taxonomy":"product_cat","embeddable":true,"href":"https:\/\/roveyayinevi.com.tr\/index.php\/wp-json\/wp\/v2\/product_cat?post=744693"},{"taxonomy":"product_tag","embeddable":true,"href":"https:\/\/roveyayinevi.com.tr\/index.php\/wp-json\/wp\/v2\/product_tag?post=744693"}],"curies":[{"name":"wp","href":"https:\/\/api.w.org\/{rel}","templated":true}]}}