{"id":744659,"date":"2025-08-28T02:02:05","date_gmt":"2025-08-27T23:02:05","guid":{"rendered":"https:\/\/roveyayinevi.com.tr\/index.php\/urun\/sifa-farkindaliktan-gecer\/"},"modified":"2026-04-16T02:56:37","modified_gmt":"2026-04-15T23:56:37","slug":"sifa-farkindaliktan-gecer","status":"publish","type":"product","link":"https:\/\/roveyayinevi.com.tr\/index.php\/urun\/sifa-farkindaliktan-gecer\/","title":{"rendered":"\u015eifa Fark\u0131ndal\u0131ktan Ge\u00e7er"},"content":{"rendered":"<p>\u0130nsan\u0131n i\u00e7inde sadece mutluluk ya da mutsuzluk yoktur. Senin g\u00f6remedi\u011fin endi\u015fe, karars\u0131zl\u0131k, yar\u0131m kalm\u0131\u015f i\u015flerin su\u00e7lulu\u011fu, kayg\u0131lar, yapamad\u0131klar\u0131n i\u00e7in duydu\u011fun pi\u015fmanl\u0131klar, ba\u015far\u0131s\u0131zl\u0131klar, geride kalman\u0131n h\u00fczn\u00fc, bazen ya\u015farken bile fark\u0131nda olmad\u0131\u011f\u0131m\u0131z \u00e7ok \u015fey vard\u0131r. T\u0131pk\u0131 hayat gibi. \u0130\u00e7imizde ad\u0131n\u0131 koyabildi\u011fimiz ya da koyamad\u0131\u011f\u0131m\u0131z bir s\u00fcr\u00fc duyguyla dola\u015f\u0131yoruz.<\/p>\n","protected":false},"excerpt":{"rendered":"<p>\u0130nsan\u0131n i\u00e7inde sadece mutluluk ya da mutsuzluk yoktur. Senin g\u00f6remedi\u011fin endi\u015fe, karars\u0131zl\u0131k, yar\u0131m kalm\u0131\u015f i\u015flerin su\u00e7lulu\u011fu, kayg\u0131lar, yapamad\u0131klar\u0131n i\u00e7in duydu\u011fun pi\u015fmanl\u0131klar, ba\u015far\u0131s\u0131zl\u0131klar, geride kalman\u0131n h\u00fczn\u00fc, bazen<span class=\"excerpt-hellip\"> [\u2026]<\/span><\/p>\n","protected":false},"featured_media":0,"template":"","meta":{"_monsterinsights_skip_tracking":false,"_monsterinsights_sitenote_active":false,"_monsterinsights_sitenote_note":"","_monsterinsights_sitenote_category":0},"product_brand":[],"product_cat":[12364,12376],"product_tag":[],"class_list":{"0":"post-744659","1":"product","2":"type-product","3":"status-publish","5":"product_cat-genel-konular","6":"product_cat-kisisel-gelisim","7":"pa_cilt-ciltsiz","8":"pa_tur-kitap","9":"pa_yayinevi-kuytu-yayinlari","10":"pa_yazar-yasemin-toprak","12":"first","13":"instock","14":"sale","15":"shipping-taxable","16":"purchasable","17":"product-type-simple"},"_links":{"self":[{"href":"https:\/\/roveyayinevi.com.tr\/index.php\/wp-json\/wp\/v2\/product\/744659","targetHints":{"allow":["GET"]}}],"collection":[{"href":"https:\/\/roveyayinevi.com.tr\/index.php\/wp-json\/wp\/v2\/product"}],"about":[{"href":"https:\/\/roveyayinevi.com.tr\/index.php\/wp-json\/wp\/v2\/types\/product"}],"wp:attachment":[{"href":"https:\/\/roveyayinevi.com.tr\/index.php\/wp-json\/wp\/v2\/media?parent=744659"}],"wp:term":[{"taxonomy":"product_brand","embeddable":true,"href":"https:\/\/roveyayinevi.com.tr\/index.php\/wp-json\/wp\/v2\/product_brand?post=744659"},{"taxonomy":"product_cat","embeddable":true,"href":"https:\/\/roveyayinevi.com.tr\/index.php\/wp-json\/wp\/v2\/product_cat?post=744659"},{"taxonomy":"product_tag","embeddable":true,"href":"https:\/\/roveyayinevi.com.tr\/index.php\/wp-json\/wp\/v2\/product_tag?post=744659"}],"curies":[{"name":"wp","href":"https:\/\/api.w.org\/{rel}","templated":true}]}}