{"id":744655,"date":"2025-08-28T02:02:00","date_gmt":"2025-08-27T23:02:00","guid":{"rendered":"https:\/\/roveyayinevi.com.tr\/index.php\/urun\/meskun-zaman\/"},"modified":"2026-04-16T02:56:37","modified_gmt":"2026-04-15T23:56:37","slug":"meskun-zaman","status":"publish","type":"product","link":"https:\/\/roveyayinevi.com.tr\/index.php\/urun\/meskun-zaman\/","title":{"rendered":"Mesk\u00fcn  Zaman"},"content":{"rendered":"<p>Mevsimlerden yazd\u0131, k\u0131\u015ft\u0131, ilkbahard\u0131, bir de sonbahar. Saatlerden me\u00e7hul.   Sonsuzlu\u011fun i\u00e7inde s\u0131k\u0131\u015f\u0131p kalsalar da dostluk ne\u015fesiyle \u0131\u015f\u0131ldayan Makbule ve Zimbul. Uyuyanlar\u0131n r\u00fcyas\u0131na g\u00f6lge gibi s\u00fcz\u00fclen iki k\u00fc\u00e7\u00fck kad\u0131n. Sokaklarda, sahilde \u00e7at\u0131larda dola\u015f\u0131yor; d\u00fcnde, bug\u00fcnde, yar\u0131nda geziyorlar. \u0130zmir Karata\u015f Yahudi mahallesinde ba\u015flayan yolculuklar\u0131nda zaman\u0131 katetmi\u015f, yery\u00fcz\u00fcndeki izlerini ar\u0131yorlar. G\u00f6\u00e7ler, s\u00fcrg\u00fcnler, \u00f6l\u00fcmler, sevdalar, ayr\u0131l\u0131klar g\u00f6rd\u00fcler. Gidenlerin ard\u0131nda b\u0131rakt\u0131\u011f\u0131 bo\u015flu\u011fu g\u00f6rd\u00fcler, yasemin toplayan ellerin zaman\u0131n hi\u00e7bir yerinden tutamad\u0131\u011f\u0131n\u0131 g\u00f6rd\u00fcler. Ne oldu da Madam Anita\u2019n\u0131n radyosundaki \u015fark\u0131 sustu? Kom\u015fulara ne oldu? Madam Sara\u2019n\u0131n balkonundan silkeledi\u011fi kilimden, s\u0131r s\u0131r, ac\u0131 ac\u0131 d\u00f6k\u00fclen renkler neden soldu? Dario Moreno\u2019ya dair \u015fehir efsaneleri ne zaman unutuldu?   Mesk\u00fbn Zaman\u2019da Ra\u015fel Meseri usta kalemiyle 60 y\u0131ll\u0131k bir c\u00fcmlenin alt\u0131n\u0131 \u00e7iziyor. <\/p>\n","protected":false},"excerpt":{"rendered":"<p>Mevsimlerden yazd\u0131, k\u0131\u015ft\u0131, ilkbahard\u0131, bir de sonbahar. Saatlerden me\u00e7hul. Sonsuzlu\u011fun i\u00e7inde s\u0131k\u0131\u015f\u0131p kalsalar da dostluk ne\u015fesiyle \u0131\u015f\u0131ldayan Makbule ve Zimbul. Uyuyanlar\u0131n r\u00fcyas\u0131na g\u00f6lge gibi s\u00fcz\u00fclen iki<span class=\"excerpt-hellip\"> [\u2026]<\/span><\/p>\n","protected":false},"featured_media":0,"template":"","meta":{"_monsterinsights_skip_tracking":false,"_monsterinsights_sitenote_active":false,"_monsterinsights_sitenote_note":"","_monsterinsights_sitenote_category":0},"product_brand":[],"product_cat":[12291,12711],"product_tag":[],"class_list":{"0":"post-744655","1":"product","2":"type-product","3":"status-publish","5":"product_cat-edebiyat","6":"product_cat-roman-oyku","7":"pa_cilt-ciltsiz","8":"pa_tur-kitap","9":"pa_yayinevi-alfa-yayinlari","10":"pa_yazar-rasel-meseri","12":"first","13":"instock","14":"sale","15":"shipping-taxable","16":"purchasable","17":"product-type-simple"},"_links":{"self":[{"href":"https:\/\/roveyayinevi.com.tr\/index.php\/wp-json\/wp\/v2\/product\/744655","targetHints":{"allow":["GET"]}}],"collection":[{"href":"https:\/\/roveyayinevi.com.tr\/index.php\/wp-json\/wp\/v2\/product"}],"about":[{"href":"https:\/\/roveyayinevi.com.tr\/index.php\/wp-json\/wp\/v2\/types\/product"}],"wp:attachment":[{"href":"https:\/\/roveyayinevi.com.tr\/index.php\/wp-json\/wp\/v2\/media?parent=744655"}],"wp:term":[{"taxonomy":"product_brand","embeddable":true,"href":"https:\/\/roveyayinevi.com.tr\/index.php\/wp-json\/wp\/v2\/product_brand?post=744655"},{"taxonomy":"product_cat","embeddable":true,"href":"https:\/\/roveyayinevi.com.tr\/index.php\/wp-json\/wp\/v2\/product_cat?post=744655"},{"taxonomy":"product_tag","embeddable":true,"href":"https:\/\/roveyayinevi.com.tr\/index.php\/wp-json\/wp\/v2\/product_tag?post=744655"}],"curies":[{"name":"wp","href":"https:\/\/api.w.org\/{rel}","templated":true}]}}