{"id":744652,"date":"2025-08-28T02:01:56","date_gmt":"2025-08-27T23:01:56","guid":{"rendered":"https:\/\/roveyayinevi.com.tr\/index.php\/urun\/fakir-carudatta-kirik-kalca-ciltli\/"},"modified":"2026-04-16T02:56:37","modified_gmt":"2026-04-15T23:56:37","slug":"fakir-carudatta-kirik-kalca-ciltli","status":"publish","type":"product","link":"https:\/\/roveyayinevi.com.tr\/index.php\/urun\/fakir-carudatta-kirik-kalca-ciltli\/","title":{"rendered":"Fakir \u00c7arudatta&amp; K\u0131r\u0131k Kal\u00e7a (Ciltli)"},"content":{"rendered":"<p>Bu bask\u0131da, MS. I.-3. y\u00fczy\u0131llar aras\u0131nda ya\u015fad\u0131\u011f\u0131 tahmin edilen \u0130lk Hindu saray \u015fairlerinden ve Sanskrit edebiyat\u0131n\u0131n babas\u0131 Bh\u0101sa\u2019n\u0131n, Sanskrit asl\u0131ndan \u0130ngilizce \u00e7evirisiyle kar\u015f\u0131la\u015ft\u0131r\u0131larak H. Derya Can taraf\u0131ndan dilimize aktar\u0131lan iki dram\u0131 yer almaktad\u0131r. D\u00f6rt perde h\u00e2linde elimizde olan Daridra\u00e7\u0101rudattam (Fakir \u00c7\u0101rudatta), sonraki dram yazarlar\u0131 taraf\u0131ndan da ele al\u0131nan yar\u0131m kalm\u0131\u015f bir eserdir. Mah\u0101bh\u0101rata destan\u0131ndan al\u0131nan \u016arubha\u1e45gam (K\u0131r\u0131k Kal\u00e7a) ise sava\u015f\u0131n yaratt\u0131\u011f\u0131 trajedinin anlat\u0131ld\u0131\u011f\u0131 tek perdelik bir dramd\u0131r.<\/p>\n","protected":false},"excerpt":{"rendered":"<p>Bu bask\u0131da, MS. I.-3. y\u00fczy\u0131llar aras\u0131nda ya\u015fad\u0131\u011f\u0131 tahmin edilen \u0130lk Hindu saray \u015fairlerinden ve Sanskrit edebiyat\u0131n\u0131n babas\u0131 Bh\u0101sa\u2019n\u0131n, Sanskrit asl\u0131ndan \u0130ngilizce \u00e7evirisiyle kar\u015f\u0131la\u015ft\u0131r\u0131larak H. Derya Can<span class=\"excerpt-hellip\"> [\u2026]<\/span><\/p>\n","protected":false},"featured_media":0,"template":"","meta":{"_monsterinsights_skip_tracking":false,"_monsterinsights_sitenote_active":false,"_monsterinsights_sitenote_note":"","_monsterinsights_sitenote_category":0},"product_brand":[],"product_cat":[12291,12711],"product_tag":[],"class_list":{"0":"post-744652","1":"product","2":"type-product","3":"status-publish","5":"product_cat-edebiyat","6":"product_cat-roman-oyku","7":"pa_cilt-ciltli","8":"pa_tur-kitap","9":"pa_yayinevi-otuken-nesriyat","10":"pa_yazar-bhasa","12":"first","13":"instock","14":"sale","15":"shipping-taxable","16":"purchasable","17":"product-type-simple"},"_links":{"self":[{"href":"https:\/\/roveyayinevi.com.tr\/index.php\/wp-json\/wp\/v2\/product\/744652","targetHints":{"allow":["GET"]}}],"collection":[{"href":"https:\/\/roveyayinevi.com.tr\/index.php\/wp-json\/wp\/v2\/product"}],"about":[{"href":"https:\/\/roveyayinevi.com.tr\/index.php\/wp-json\/wp\/v2\/types\/product"}],"wp:attachment":[{"href":"https:\/\/roveyayinevi.com.tr\/index.php\/wp-json\/wp\/v2\/media?parent=744652"}],"wp:term":[{"taxonomy":"product_brand","embeddable":true,"href":"https:\/\/roveyayinevi.com.tr\/index.php\/wp-json\/wp\/v2\/product_brand?post=744652"},{"taxonomy":"product_cat","embeddable":true,"href":"https:\/\/roveyayinevi.com.tr\/index.php\/wp-json\/wp\/v2\/product_cat?post=744652"},{"taxonomy":"product_tag","embeddable":true,"href":"https:\/\/roveyayinevi.com.tr\/index.php\/wp-json\/wp\/v2\/product_tag?post=744652"}],"curies":[{"name":"wp","href":"https:\/\/api.w.org\/{rel}","templated":true}]}}