{"id":744651,"date":"2025-08-28T02:01:54","date_gmt":"2025-08-27T23:01:54","guid":{"rendered":"https:\/\/roveyayinevi.com.tr\/index.php\/urun\/siirlerim\/"},"modified":"2026-04-16T02:56:37","modified_gmt":"2026-04-15T23:56:37","slug":"siirlerim","status":"publish","type":"product","link":"https:\/\/roveyayinevi.com.tr\/index.php\/urun\/siirlerim\/","title":{"rendered":"\u015eiirlerim"},"content":{"rendered":"<p>Say\u0131n \u015fiir severler. M\u00fczik nedir sorusuna genelde \u201cduygu ve d\u00fc\u015f\u00fcncelerin g\u00fczel sesle anlat\u0131lmas\u0131.\u201d denilir. \u015eiir\u2019e de, insan hissiyat\u0131ndan ortaya \u00e7\u0131kan duygu ve d\u00fc\u015f\u00fcncelerin, (bir bak\u0131ma) \u015fairler taraf\u0131ndan hayk\u0131r\u0131l\u0131\u015f\u0131 diyebiliriz. \u015eairler, toplumun g\u00f6z\u00fc, kula\u011f\u0131, hak ve hukuku, veciz ifadelerle hayk\u0131ran, hatta toplumu etkileyen ki\u015fileridir. Bunlar\u0131, s\u00f6zc\u00fcklerin l\u00fcgat manas\u0131yla, s\u00f6ylemiyorum. Sadece,  d\u00fc\u015f\u00fcnce d\u00fcnyamda ki, de\u011ferlendirme mi (l\u00fcgat anlam\u0131 d\u0131\u015f\u0131nda ayr\u0131 olarak) s\u00f6yl\u00fcyorum. Bendeniz duygusal ve cana yak\u0131n bir insan\u0131m. Muhafazak\u00e2r aile ortam\u0131 i\u00e7inde yeti\u015ftim. Gen\u00e7lik y\u0131llar\u0131mda a\u011f\u0131rl\u0131kl\u0131 olarak, Turizm sekt\u00f6r\u00fcnde \u00e7al\u0131\u015ft\u0131m. \u00d6zellikle Anadolu Kul\u00fcb\u00fcnde \u00e7al\u0131\u015ft\u0131m. Bu d\u00f6nem de edebiyat\u0131n ve siyasetin yetkin ki\u015fileriyle tan\u0131\u015fma imk\u00e2n\u0131 buldum.  Anadolu insan\u0131n\u0131n genel kaderi yokluk, k\u0131tl\u0131k ve \u00e7ileye, birde g\u00f6n\u00fcl arzular\u0131 eklenince \u015fiire kar\u015f\u0131 var olan ilgim daha da artt\u0131 ve gen\u00e7lik y\u0131llar\u0131mda \u201cYanan G\u00f6nl\u00fcm\u201d adl\u0131 \u015fiir kitab\u0131 yay\u0131mlad\u0131m. \u00c7\u00fcnk\u00fc hayat\u0131n ola\u011fan ak\u0131\u015f\u0131, bizi \u015fairle\u015ftirmi\u015fti. Gen\u00e7lik y\u0131llar\u0131mda yazd\u0131\u011f\u0131m bir a\u015fk \u015fiirimi, Ankara\u2019daki bir programda, Sn. Muazzez ABACI\u2019 YA okudum. \u201cHarikulade l\u00fctfen Kamuran (Menajeri) Bey\u2019e verin, de\u011ferlendirelim dedi. Bense \u015fiirlerimi bir kitapta toplamay\u0131 d\u00fc\u015f\u00fcnd\u00fc\u011f\u00fcmden vermedim. Sonra ki ba\u015fka bir programda da Sn. \u00d6zdemir ERDO\u011eAN\u2019A farkl\u0131 bir \u015fiir okudum. O da benzeri \u015feyler s\u00f6yledi. Bende ona da vermedim\/g\u00f6ndermedim ama bir de\u011ferlendirme imk\u00e2n\u0131m da olmad\u0131. \u015eimdi ise, kitapla\u015ft\u0131rarak, \u015fiir severlerle bulu\u015fturmak istedim. \u00c7\u00fcnk\u00fc \u015fiirlerimde, ya\u015fanm\u0131\u015fl\u0131k ve (duygusal anlamda) bir ruh oldu\u011funu hissediyordum. Bunun i\u00e7in farkl\u0131 y\u0131llarda, emek \u00fcr\u00fcn\u00fc olarak ortaya \u00e7\u0131km\u0131\u015f olan \u015fiirlerimi elinizdeki kitap\u2019ta toparlamay\u0131 uygun buldum. Takdir siz \u015fiir sevenlere ait olacakt\u0131r.   <\/p>\n","protected":false},"excerpt":{"rendered":"<p>Say\u0131n \u015fiir severler. M\u00fczik nedir sorusuna genelde \u201cduygu ve d\u00fc\u015f\u00fcncelerin g\u00fczel sesle anlat\u0131lmas\u0131.\u201d denilir. \u015eiir\u2019e de, insan hissiyat\u0131ndan ortaya \u00e7\u0131kan duygu ve d\u00fc\u015f\u00fcncelerin, (bir bak\u0131ma) \u015fairler<span class=\"excerpt-hellip\"> [\u2026]<\/span><\/p>\n","protected":false},"featured_media":0,"template":"","meta":{"_monsterinsights_skip_tracking":false,"_monsterinsights_sitenote_active":false,"_monsterinsights_sitenote_note":"","_monsterinsights_sitenote_category":0},"product_brand":[],"product_cat":[12291,12509],"product_tag":[],"class_list":{"0":"post-744651","1":"product","2":"type-product","3":"status-publish","5":"product_cat-edebiyat","6":"product_cat-siir","7":"pa_cilt-ciltsiz","8":"pa_tur-kitap","9":"pa_yayinevi-gulnar-yayinlari","10":"pa_yazar-nezih-yildirim","12":"first","13":"instock","14":"sale","15":"shipping-taxable","16":"purchasable","17":"product-type-simple"},"_links":{"self":[{"href":"https:\/\/roveyayinevi.com.tr\/index.php\/wp-json\/wp\/v2\/product\/744651","targetHints":{"allow":["GET"]}}],"collection":[{"href":"https:\/\/roveyayinevi.com.tr\/index.php\/wp-json\/wp\/v2\/product"}],"about":[{"href":"https:\/\/roveyayinevi.com.tr\/index.php\/wp-json\/wp\/v2\/types\/product"}],"wp:attachment":[{"href":"https:\/\/roveyayinevi.com.tr\/index.php\/wp-json\/wp\/v2\/media?parent=744651"}],"wp:term":[{"taxonomy":"product_brand","embeddable":true,"href":"https:\/\/roveyayinevi.com.tr\/index.php\/wp-json\/wp\/v2\/product_brand?post=744651"},{"taxonomy":"product_cat","embeddable":true,"href":"https:\/\/roveyayinevi.com.tr\/index.php\/wp-json\/wp\/v2\/product_cat?post=744651"},{"taxonomy":"product_tag","embeddable":true,"href":"https:\/\/roveyayinevi.com.tr\/index.php\/wp-json\/wp\/v2\/product_tag?post=744651"}],"curies":[{"name":"wp","href":"https:\/\/api.w.org\/{rel}","templated":true}]}}