{"id":744649,"date":"2025-08-28T02:01:52","date_gmt":"2025-08-27T23:01:52","guid":{"rendered":"https:\/\/roveyayinevi.com.tr\/index.php\/urun\/pollyanna-fleksi-kapak\/"},"modified":"2026-04-16T02:56:37","modified_gmt":"2026-04-15T23:56:37","slug":"pollyanna-fleksi-kapak","status":"publish","type":"product","link":"https:\/\/roveyayinevi.com.tr\/index.php\/urun\/pollyanna-fleksi-kapak\/","title":{"rendered":"Pollyanna (Fleksi Kapak)"},"content":{"rendered":"<p>Eleanor Porter bu kitapta, \u00e7ocukluk d\u00f6neminin \u00f6nyarg\u0131s\u0131z, saf ve olumlu duygularla dolu d\u00fcnyas\u0131n\u0131 yans\u0131tmaktad\u0131r.   Roman\u0131n kahraman\u0131 Pollyanna 11 ya\u015f\u0131ndad\u0131r. \u00d6nce annesini sonra da babas\u0131n\u0131 kaybedince teyzesinin yan\u0131na g\u00f6nderilir. Pollyanna\u2019n\u0131n teyzesi pek de s\u0131cakkanl\u0131 biri de\u011fildir.   Zaman ge\u00e7tik\u00e7e Pollyanna ortam\u0131 yumu\u015fatmakta gecikmeyecektir. Onun olumlu ve yap\u0131c\u0131 tutumu hem teyzesinin hem de \u00e7evresindekilerin ya\u015fam\u0131nda mutlulu\u011fa ula\u015fman\u0131n yolunu a\u00e7m\u0131\u015ft\u0131r.   Roman \u00fcnlendikten sonra \u201cPollyanna tavr\u0131\u201d olarak nitelenen bu tutum, Porter\u2019\u0131n eserini \u00e7ocuk edebiyat\u0131n\u0131n ba\u015fyap\u0131tlar\u0131 aras\u0131na \u00e7\u0131karm\u0131\u015ft\u0131r. <\/p>\n","protected":false},"excerpt":{"rendered":"<p>Eleanor Porter bu kitapta, \u00e7ocukluk d\u00f6neminin \u00f6nyarg\u0131s\u0131z, saf ve olumlu duygularla dolu d\u00fcnyas\u0131n\u0131 yans\u0131tmaktad\u0131r. Roman\u0131n kahraman\u0131 Pollyanna 11 ya\u015f\u0131ndad\u0131r. \u00d6nce annesini sonra da babas\u0131n\u0131 kaybedince teyzesinin<span class=\"excerpt-hellip\"> [\u2026]<\/span><\/p>\n","protected":false},"featured_media":0,"template":"","meta":{"_monsterinsights_skip_tracking":false,"_monsterinsights_sitenote_active":false,"_monsterinsights_sitenote_note":"","_monsterinsights_sitenote_category":0},"product_brand":[],"product_cat":[12689,12274],"product_tag":[],"class_list":{"0":"post-744649","1":"product","2":"type-product","3":"status-publish","5":"product_cat-cizgi-roman-cocuk-ve-genclik-kitaplari","6":"product_cat-cocuk-ve-genclik-kitaplari","7":"pa_cilt-ciltsiz","8":"pa_tur-kitap","9":"pa_yayinevi-remzi-kitabevi","10":"pa_yazar-eleanor-h-porter","12":"first","13":"instock","14":"sale","15":"shipping-taxable","16":"purchasable","17":"product-type-simple"},"_links":{"self":[{"href":"https:\/\/roveyayinevi.com.tr\/index.php\/wp-json\/wp\/v2\/product\/744649","targetHints":{"allow":["GET"]}}],"collection":[{"href":"https:\/\/roveyayinevi.com.tr\/index.php\/wp-json\/wp\/v2\/product"}],"about":[{"href":"https:\/\/roveyayinevi.com.tr\/index.php\/wp-json\/wp\/v2\/types\/product"}],"wp:attachment":[{"href":"https:\/\/roveyayinevi.com.tr\/index.php\/wp-json\/wp\/v2\/media?parent=744649"}],"wp:term":[{"taxonomy":"product_brand","embeddable":true,"href":"https:\/\/roveyayinevi.com.tr\/index.php\/wp-json\/wp\/v2\/product_brand?post=744649"},{"taxonomy":"product_cat","embeddable":true,"href":"https:\/\/roveyayinevi.com.tr\/index.php\/wp-json\/wp\/v2\/product_cat?post=744649"},{"taxonomy":"product_tag","embeddable":true,"href":"https:\/\/roveyayinevi.com.tr\/index.php\/wp-json\/wp\/v2\/product_tag?post=744649"}],"curies":[{"name":"wp","href":"https:\/\/api.w.org\/{rel}","templated":true}]}}