{"id":744635,"date":"2025-08-28T02:01:35","date_gmt":"2025-08-27T23:01:35","guid":{"rendered":"https:\/\/roveyayinevi.com.tr\/index.php\/urun\/benekli-baykus-ormani\/"},"modified":"2026-04-16T02:56:36","modified_gmt":"2026-04-15T23:56:36","slug":"benekli-baykus-ormani","status":"publish","type":"product","link":"https:\/\/roveyayinevi.com.tr\/index.php\/urun\/benekli-baykus-ormani\/","title":{"rendered":"Benekli Bayku\u015f Orman\u0131"},"content":{"rendered":"<p>Benekli bayku\u015flar&#8230; Korumaya al\u0131nm\u0131\u015f bir t\u00fcr&#8230;&#8217;Orman vasf\u0131n\u0131 yitirdi\u011fi&#8217; iddias\u0131yla in\u015faata kurban verilmek istenen bir orman. F\u00fcsun \u00f6\u011fretmenin ve \u00f6\u011frencilerinin \u00c7evre Kul\u00fcb\u00fc&#8217;yle umutsuz \u00e7abalar\u0131&#8230;Arkada\u015flar\u0131n\u0131n g\u00f6z\u00fcnde &#8216;korkak&#8217; olan Metin&#8217;in plan\u0131 ve beklenmedik cesareti&#8230;<\/p>\n","protected":false},"excerpt":{"rendered":"<p>Benekli bayku\u015flar&#8230; Korumaya al\u0131nm\u0131\u015f bir t\u00fcr&#8230;&#8217;Orman vasf\u0131n\u0131 yitirdi\u011fi&#8217; iddias\u0131yla in\u015faata kurban verilmek istenen bir orman. F\u00fcsun \u00f6\u011fretmenin ve \u00f6\u011frencilerinin \u00c7evre Kul\u00fcb\u00fc&#8217;yle umutsuz \u00e7abalar\u0131&#8230;Arkada\u015flar\u0131n\u0131n g\u00f6z\u00fcnde &#8216;korkak&#8217; olan<span class=\"excerpt-hellip\"> [\u2026]<\/span><\/p>\n","protected":false},"featured_media":0,"template":"","meta":{"_monsterinsights_skip_tracking":false,"_monsterinsights_sitenote_active":false,"_monsterinsights_sitenote_note":"","_monsterinsights_sitenote_category":0},"product_brand":[],"product_cat":[12689,12274],"product_tag":[],"class_list":{"0":"post-744635","1":"product","2":"type-product","3":"status-publish","5":"product_cat-cizgi-roman-cocuk-ve-genclik-kitaplari","6":"product_cat-cocuk-ve-genclik-kitaplari","7":"pa_cilt-ciltsiz","8":"pa_tur-kitap","9":"pa_yayinevi-mavi-bulut-yayinlari","10":"pa_yazar-fatih-erdogan","12":"first","13":"instock","14":"sale","15":"shipping-taxable","16":"purchasable","17":"product-type-simple"},"_links":{"self":[{"href":"https:\/\/roveyayinevi.com.tr\/index.php\/wp-json\/wp\/v2\/product\/744635","targetHints":{"allow":["GET"]}}],"collection":[{"href":"https:\/\/roveyayinevi.com.tr\/index.php\/wp-json\/wp\/v2\/product"}],"about":[{"href":"https:\/\/roveyayinevi.com.tr\/index.php\/wp-json\/wp\/v2\/types\/product"}],"wp:attachment":[{"href":"https:\/\/roveyayinevi.com.tr\/index.php\/wp-json\/wp\/v2\/media?parent=744635"}],"wp:term":[{"taxonomy":"product_brand","embeddable":true,"href":"https:\/\/roveyayinevi.com.tr\/index.php\/wp-json\/wp\/v2\/product_brand?post=744635"},{"taxonomy":"product_cat","embeddable":true,"href":"https:\/\/roveyayinevi.com.tr\/index.php\/wp-json\/wp\/v2\/product_cat?post=744635"},{"taxonomy":"product_tag","embeddable":true,"href":"https:\/\/roveyayinevi.com.tr\/index.php\/wp-json\/wp\/v2\/product_tag?post=744635"}],"curies":[{"name":"wp","href":"https:\/\/api.w.org\/{rel}","templated":true}]}}