{"id":744620,"date":"2025-08-28T02:00:44","date_gmt":"2025-08-27T23:00:44","guid":{"rendered":"https:\/\/roveyayinevi.com.tr\/index.php\/urun\/kamu-yonetiminde-katilim-uzerine-guncel-tartismalar\/"},"modified":"2026-04-16T02:56:36","modified_gmt":"2026-04-15T23:56:36","slug":"kamu-yonetiminde-katilim-uzerine-guncel-tartismalar","status":"publish","type":"product","link":"https:\/\/roveyayinevi.com.tr\/index.php\/urun\/kamu-yonetiminde-katilim-uzerine-guncel-tartismalar\/","title":{"rendered":"Kamu Y\u00f6netiminde Kat\u0131l\u0131m \u00dczerine G\u00fcncel Tart\u0131\u015fmalar"},"content":{"rendered":"<p>I. B\u00d6L\u00dcM KAMU Y\u00d6NET\u0130M\u0130NDE KATILIM \u00dcZER\u0130NE GELENEKSEL VE G\u00dcNCEL TARTI\u015eMALARA \u0130L\u0130\u015eK\u0130N GENEL B\u0130R \u00c7ER\u00c7EVE   II. B\u00d6L\u00dcM HALK, VATANDA\u015e, KATILIM KAVRAMLARININ D\u00d6N\u00dc\u015e\u00dcM\u00dc VE DEMOKRAT\u0130K S\u00dcRE\u00c7LERE TABANDAN KATILIM   III. B\u00d6L\u00dcM KAMU H\u0130ZMETLER\u0130NDE K\u0130TLE KAYNAK KULLANIMI, Y\u00d6NET\u0130\u015e\u0130M VE VATANDA\u015e KATILIMI    IV. B\u00d6L\u00dcM MAHALLE D\u00dcZEY\u0130NDE YEREL KATILIM   V. B\u00d6L\u00dcM YEREL Y\u00d6NET\u0130MLERDE VATANDA\u015e KATILIMININ ETK\u0130NL\u0130\u011e\u0130 : BURSA N\u0130L\u00dcFER BELED\u0130YES\u0130 \u00dcZER\u0130NDEN B\u0130R DE\u011eERLEND\u0130RME   VI. B\u00d6L\u00dcM YEREL Y\u00d6NET\u0130MLERDE VATANDA\u015e KATILIMINI KENT KONSEYLER\u0130 \u00dcZER\u0130NDEN TARTI\u015eMAK   VII. B\u00d6L\u00dcM KAMU Y\u00d6NET\u0130M\u0130NDE VATANDA\u015e KATILIMI \u0130LE \u0130LG\u0130L\u0130 ET\u0130K TARTI\u015eMALAR   VIII. B\u00d6L\u00dcM KAMU Y\u00d6NET\u0130M\u0130NDE HESAP VEREB\u0130L\u0130RL\u0130K BA\u011eLAMINDA KATILIM   IX. B\u00d6L\u00dcM KAMU Y\u00d6NET\u0130M\u0130NDE ELEKTRON\u0130K VATANDA\u015e KATILIMI UYGULAMALARI: ANKARA B\u00dcY\u00dcK\u015eEH\u0130R BELED\u0130YES\u0130 \u00d6RNE\u011e\u0130 \u00dcZER\u0130NDEN B\u0130R \u0130NCELEME   X. B\u00d6L\u00dcM D\u0130J\u0130TAL DI\u015eLANMA VE E-KATILIM \u0130L\u0130\u015eK\u0130S\u0130: KURAMSAL B\u0130R \u0130NCELEME VE MODEL \u00d6NER\u0130S\u0130    XI. B\u00d6L\u00dcM YEREL Y\u00d6NET\u0130MLERDE S\u0130YASAL \u0130LET\u0130\u015e\u0130M VE VATANDA\u015e ETK\u0130LE\u015e\u0130M\u0130 BA\u011eLAMINDA SOSYAL MEDYA KULLANIMI \u00dcZER\u0130NE B\u0130R TARTI\u015eMA   XII. B\u00d6L\u00dcM AFET Y\u00d6NET\u0130M\u0130NDE VATANDA\u015e KATILIMI   XIII. B\u00d6L\u00dcM KAMU H\u0130ZMETLER\u0130NE G\u00d6N\u00dcLL\u00dc KATILIM   XV. B\u00d6L\u00dcM S\u00dcRD\u00dcR\u00dcLEB\u0130L\u0130R KALKINMA Y\u00d6NET\u0130\u015e\u0130M\u0130   XVI. B\u00d6L\u00dcM KATILIMIN C\u0130NS\u0130YET\u0130 VE YEREL S\u0130YASETE YANSIMALARI   <\/p>\n","protected":false},"excerpt":{"rendered":"<p>I. B\u00d6L\u00dcM KAMU Y\u00d6NET\u0130M\u0130NDE KATILIM \u00dcZER\u0130NE GELENEKSEL VE G\u00dcNCEL TARTI\u015eMALARA \u0130L\u0130\u015eK\u0130N GENEL B\u0130R \u00c7ER\u00c7EVE II. B\u00d6L\u00dcM HALK, VATANDA\u015e, KATILIM KAVRAMLARININ D\u00d6N\u00dc\u015e\u00dcM\u00dc VE DEMOKRAT\u0130K S\u00dcRE\u00c7LERE TABANDAN KATILIM<span class=\"excerpt-hellip\"> [\u2026]<\/span><\/p>\n","protected":false},"featured_media":0,"template":"","meta":{"_monsterinsights_skip_tracking":false,"_monsterinsights_sitenote_active":false,"_monsterinsights_sitenote_note":"","_monsterinsights_sitenote_category":0},"product_brand":[],"product_cat":[13043,14381],"product_tag":[],"class_list":{"0":"post-744620","1":"product","2":"type-product","3":"status-publish","5":"product_cat-ekonomi","6":"product_cat-isletme-muhasebe-maliye","7":"pa_cilt-ciltsiz","8":"pa_tur-kitap","9":"pa_yayinevi-gazi-kitabevi","10":"pa_yazar-kolektif","12":"first","13":"instock","14":"sale","15":"shipping-taxable","16":"purchasable","17":"product-type-simple"},"_links":{"self":[{"href":"https:\/\/roveyayinevi.com.tr\/index.php\/wp-json\/wp\/v2\/product\/744620","targetHints":{"allow":["GET"]}}],"collection":[{"href":"https:\/\/roveyayinevi.com.tr\/index.php\/wp-json\/wp\/v2\/product"}],"about":[{"href":"https:\/\/roveyayinevi.com.tr\/index.php\/wp-json\/wp\/v2\/types\/product"}],"wp:attachment":[{"href":"https:\/\/roveyayinevi.com.tr\/index.php\/wp-json\/wp\/v2\/media?parent=744620"}],"wp:term":[{"taxonomy":"product_brand","embeddable":true,"href":"https:\/\/roveyayinevi.com.tr\/index.php\/wp-json\/wp\/v2\/product_brand?post=744620"},{"taxonomy":"product_cat","embeddable":true,"href":"https:\/\/roveyayinevi.com.tr\/index.php\/wp-json\/wp\/v2\/product_cat?post=744620"},{"taxonomy":"product_tag","embeddable":true,"href":"https:\/\/roveyayinevi.com.tr\/index.php\/wp-json\/wp\/v2\/product_tag?post=744620"}],"curies":[{"name":"wp","href":"https:\/\/api.w.org\/{rel}","templated":true}]}}