{"id":744617,"date":"2025-08-28T02:00:41","date_gmt":"2025-08-27T23:00:41","guid":{"rendered":"https:\/\/roveyayinevi.com.tr\/index.php\/urun\/finansal-performans-uygulamali-calismalar\/"},"modified":"2026-04-16T02:56:36","modified_gmt":"2026-04-15T23:56:36","slug":"finansal-performans-uygulamali-calismalar","status":"publish","type":"product","link":"https:\/\/roveyayinevi.com.tr\/index.php\/urun\/finansal-performans-uygulamali-calismalar\/","title":{"rendered":"Finansal Performans Uygulamal\u0131 \u00c7al\u0131\u015fmalar"},"content":{"rendered":"<p>\u00b7         T\u00dcRK\u0130YE\u2019DE TARIM SEKT\u00d6R\u00dcNDE FAAL\u0130YET G\u00d6STEREN \u0130\u015eLETMELERE \u0130L\u0130\u015eK\u0130N F\u0130NANSAL ANAL\u0130Z   \u00b7         TCMB POL\u0130T\u0130KA FA\u0130Z KARARLARININ BIST L\u0130K\u0130T BANKA ENDEKS\u0130NDE \u0130\u015eLEM G\u00d6REN H\u0130SSE SENETLER\u0130N\u0130N P\u0130YASA DE\u011eERLER\u0130NE ETK\u0130S\u0130N\u0130N OLAY \u00c7ALI\u015eMASI Y\u00d6NTEM\u0130 \u00c7ER\u00c7EVES\u0130NDE \u0130NCELENMES\u0130   \u00b7         \u0130KVAN BORSA \u0130STANBUL (BIST) PERAKENDE T\u0130CARET SEKT\u00d6R\u00dcNDEK\u0130 Z\u0130NC\u0130R MARKETLER\u0130N F\u0130NANSAL PERFORMANS ANAL\u0130Z\u0130   \u00b7         BIST METAL ANA ENDEKS\u0130NDE YER ALAN \u0130\u015eLETMELER\u0120N F\u0130NANSAL PERFORMANS ANAL\u0130Z\u0130: PANEL VER\u0130 UYGULAMASI (2016-2020)   \u00b7         RUSYA-UKRAYNA SAVA\u015eININ BORSA \u0130STANBUL, D\u00d6V\u0130Z KURU, B\u0130TCO\u0130N VE ALTIN F\u0130YATLARI \u00dcZER\u0130NDEK\u0130 ETK\u0130S\u0130 \u00b7         BIST TEKNOLOJ\u0130 SEKT\u00d6R ENDEKS\u0130NDEK\u0130 \u015e\u0130RKETLER\u0130N ETK\u0130NL\u0130K ANAL\u0130Z\u0130   \u00b7         SERMAYE YAPILARINA G\u00d6RE MEVDUAT BANKALARININ F\u0130NANSAL PERFORMANS ANAL\u0130Z\u0130   ABD HAVAYOLU F\u0130RMALARININ F\u0130NANSAL PERFORMANSININ B\u0130R MAK\u0130NE \u00d6\u011eRENMES\u0130 MODEL\u0130 \u0130LE ANAL\u0130Z\u0130<\/p>\n","protected":false},"excerpt":{"rendered":"<p>\u00b7 T\u00dcRK\u0130YE\u2019DE TARIM SEKT\u00d6R\u00dcNDE FAAL\u0130YET G\u00d6STEREN \u0130\u015eLETMELERE \u0130L\u0130\u015eK\u0130N F\u0130NANSAL ANAL\u0130Z \u00b7 TCMB POL\u0130T\u0130KA FA\u0130Z KARARLARININ BIST L\u0130K\u0130T BANKA ENDEKS\u0130NDE \u0130\u015eLEM G\u00d6REN H\u0130SSE SENETLER\u0130N\u0130N P\u0130YASA DE\u011eERLER\u0130NE ETK\u0130S\u0130N\u0130N<span class=\"excerpt-hellip\"> [\u2026]<\/span><\/p>\n","protected":false},"featured_media":0,"template":"","meta":{"_monsterinsights_skip_tracking":false,"_monsterinsights_sitenote_active":false,"_monsterinsights_sitenote_note":"","_monsterinsights_sitenote_category":0},"product_brand":[],"product_cat":[13043,14381],"product_tag":[],"class_list":{"0":"post-744617","1":"product","2":"type-product","3":"status-publish","5":"product_cat-ekonomi","6":"product_cat-isletme-muhasebe-maliye","7":"pa_cilt-ciltsiz","8":"pa_tur-kitap","9":"pa_yayinevi-gazi-kitabevi","10":"pa_yazar-kolektif","12":"first","13":"instock","14":"sale","15":"shipping-taxable","16":"purchasable","17":"product-type-simple"},"_links":{"self":[{"href":"https:\/\/roveyayinevi.com.tr\/index.php\/wp-json\/wp\/v2\/product\/744617","targetHints":{"allow":["GET"]}}],"collection":[{"href":"https:\/\/roveyayinevi.com.tr\/index.php\/wp-json\/wp\/v2\/product"}],"about":[{"href":"https:\/\/roveyayinevi.com.tr\/index.php\/wp-json\/wp\/v2\/types\/product"}],"wp:attachment":[{"href":"https:\/\/roveyayinevi.com.tr\/index.php\/wp-json\/wp\/v2\/media?parent=744617"}],"wp:term":[{"taxonomy":"product_brand","embeddable":true,"href":"https:\/\/roveyayinevi.com.tr\/index.php\/wp-json\/wp\/v2\/product_brand?post=744617"},{"taxonomy":"product_cat","embeddable":true,"href":"https:\/\/roveyayinevi.com.tr\/index.php\/wp-json\/wp\/v2\/product_cat?post=744617"},{"taxonomy":"product_tag","embeddable":true,"href":"https:\/\/roveyayinevi.com.tr\/index.php\/wp-json\/wp\/v2\/product_tag?post=744617"}],"curies":[{"name":"wp","href":"https:\/\/api.w.org\/{rel}","templated":true}]}}