{"id":744612,"date":"2025-08-28T02:00:36","date_gmt":"2025-08-27T23:00:36","guid":{"rendered":"https:\/\/roveyayinevi.com.tr\/index.php\/urun\/gorevimiz-yeniden-kullanim\/"},"modified":"2026-04-16T02:56:36","modified_gmt":"2026-04-15T23:56:36","slug":"gorevimiz-yeniden-kullanim","status":"publish","type":"product","link":"https:\/\/roveyayinevi.com.tr\/index.php\/urun\/gorevimiz-yeniden-kullanim\/","title":{"rendered":"G\u00f6revimiz Yeniden Kullan\u0131m"},"content":{"rendered":"<p>At\u0131klar\u0131m\u0131z\u0131 kurtard\u0131k, yarat\u0131c\u0131l\u0131\u011f\u0131m\u0131z\u0131 parlatt\u0131k! Madem en sonunda \u00e7\u00f6p\u00fc boylayacaklar neden bu kadar fazla e\u015fya \u00fcretiliyor? I\u015f\u0131k h\u0131z\u0131yla t\u00fcketilen t\u00fcm bu e\u015fyalar yeni bir hayat\u0131 hak etmiyor mu? Peki \u00e7\u00f6p kutular\u0131m\u0131z ve kald\u0131r\u0131mlar\u0131m\u0131z tekrar kullan\u0131labilecek at\u0131klarla doluyken gezegenimizi nas\u0131l bir gelecek bekliyor? T\u00fcrkiye&#8217;de, at\u0131klar\u0131m\u0131z\u0131n sadece %13&#8217;\u00fcn\u00fcn ger\u00e7ekten geri d\u00f6n\u00fc\u015ft\u00fcr\u00fcld\u00fc\u011f\u00fcn\u00fc biliyor muydunuz? Ti\u015f\u00f6rtten \u00e7anta yapmak, plastik \u015fi\u015feleri bovling kukalar\u0131na \u00e7evirmek ya da karton koliden dekoratif bir etajer tasarlamak art\u0131k \u00e7ok kolay!   Etraf\u0131m\u0131z yarat\u0131c\u0131l\u0131\u011f\u0131m\u0131z\u0131 tetikleyecek pek \u00e7ok at\u0131kla \u00e7evrili: K\u00e2\u011f\u0131t, karton, teneke kutu, cam \u015fi\u015fe, plastik ambalaj ve daha niceleri&#8230; \u0130srafa dur de, geri d\u00f6n\u00fc\u015ft\u00fcr ve hayat\u0131 g\u00fczelle\u015ftir! \u00dcst\u00fcne bir de kulland\u0131\u011f\u0131n e\u015fyalar\u0131n \u00f6mr\u00fcn\u00fc uzatman\u0131n yollar\u0131n\u0131 \u00f6\u011fren! Son y\u0131llarda y\u00fckseli\u015fe ge\u00e7en \u201cYeniden Kullan\u0131m\u201d kavram\u0131n\u0131 a&#8217;dan z&#8217;ye mercek alt\u0131na alan G\u00f6revimiz Yeniden Kullan\u0131m, okurlar\u0131 bu hedefte \u00fc\u00e7 de\u011fi\u015fmez kuralla tan\u0131\u015ft\u0131r\u0131yor; azaltarak, yeniden kulland\u0131rarak ve geri d\u00f6n\u00fc\u015ft\u00fcrerek \u00e7ocuklar\u0131n do\u011fa dostu yeni al\u0131\u015fkanl\u0131klar edinmesini sa\u011fl\u0131yor.  \u00c7evre bilinci kazand\u0131rma amac\u0131yla haz\u0131rlanan \u201cGezegenimizi Koruyal\u0131m!\u201d dizisinin \u201c\u0130srafa dur!\u201d demesini \u00f6\u011freten bu halkas\u0131; e\u011flenceli oyunlar, bulmacalar ve etkinlikler e\u015fli\u011finde, yeniden kullan\u0131m\u0131n s\u0131rlar\u0131n\u0131 ve s\u0131n\u0131rlar\u0131n\u0131 a\u00e7\u0131kl\u0131\u011fa kavu\u015fturuyor. Kitleleri etkileyen b\u00f6ylesine \u00f6nemli bir hareketi hayat\u0131m\u0131za kolayca uyarlamak i\u00e7in \u00e7e\u015fitli y\u00f6ntemler ve ipu\u00e7lar\u0131 payla\u015farak bizleri sa\u011fduyulu olmaya \u00e7a\u011f\u0131r\u0131yor! Unutmay\u0131n, sofradakileri \u00e7\u00f6p olmaktan kurtarmak da, okyanuslar\u0131 temiz tutmak da sizin elinizde!<\/p>\n","protected":false},"excerpt":{"rendered":"<p>At\u0131klar\u0131m\u0131z\u0131 kurtard\u0131k, yarat\u0131c\u0131l\u0131\u011f\u0131m\u0131z\u0131 parlatt\u0131k! Madem en sonunda \u00e7\u00f6p\u00fc boylayacaklar neden bu kadar fazla e\u015fya \u00fcretiliyor? I\u015f\u0131k h\u0131z\u0131yla t\u00fcketilen t\u00fcm bu e\u015fyalar yeni bir hayat\u0131 hak etmiyor<span class=\"excerpt-hellip\"> [\u2026]<\/span><\/p>\n","protected":false},"featured_media":0,"template":"","meta":{"_monsterinsights_skip_tracking":false,"_monsterinsights_sitenote_active":false,"_monsterinsights_sitenote_note":"","_monsterinsights_sitenote_category":0},"product_brand":[],"product_cat":[12274,12631],"product_tag":[],"class_list":{"0":"post-744612","1":"product","2":"type-product","3":"status-publish","5":"product_cat-cocuk-ve-genclik-kitaplari","6":"product_cat-diger-cocuk-ve-genclik-kitaplari","7":"pa_cilt-ciltsiz","8":"pa_tur-kitap","9":"pa_yayinevi-tudem-yayinlari","10":"pa_yazar-vinciane-okomo","12":"first","13":"instock","14":"sale","15":"shipping-taxable","16":"purchasable","17":"product-type-simple"},"_links":{"self":[{"href":"https:\/\/roveyayinevi.com.tr\/index.php\/wp-json\/wp\/v2\/product\/744612","targetHints":{"allow":["GET"]}}],"collection":[{"href":"https:\/\/roveyayinevi.com.tr\/index.php\/wp-json\/wp\/v2\/product"}],"about":[{"href":"https:\/\/roveyayinevi.com.tr\/index.php\/wp-json\/wp\/v2\/types\/product"}],"wp:attachment":[{"href":"https:\/\/roveyayinevi.com.tr\/index.php\/wp-json\/wp\/v2\/media?parent=744612"}],"wp:term":[{"taxonomy":"product_brand","embeddable":true,"href":"https:\/\/roveyayinevi.com.tr\/index.php\/wp-json\/wp\/v2\/product_brand?post=744612"},{"taxonomy":"product_cat","embeddable":true,"href":"https:\/\/roveyayinevi.com.tr\/index.php\/wp-json\/wp\/v2\/product_cat?post=744612"},{"taxonomy":"product_tag","embeddable":true,"href":"https:\/\/roveyayinevi.com.tr\/index.php\/wp-json\/wp\/v2\/product_tag?post=744612"}],"curies":[{"name":"wp","href":"https:\/\/api.w.org\/{rel}","templated":true}]}}