{"id":744587,"date":"2025-08-28T02:00:06","date_gmt":"2025-08-27T23:00:06","guid":{"rendered":"https:\/\/roveyayinevi.com.tr\/index.php\/urun\/suleyman-celebi-vesiletun-necat-mevlid\/"},"modified":"2026-04-16T02:56:35","modified_gmt":"2026-04-15T23:56:35","slug":"suleyman-celebi-vesiletun-necat-mevlid","status":"publish","type":"product","link":"https:\/\/roveyayinevi.com.tr\/index.php\/urun\/suleyman-celebi-vesiletun-necat-mevlid\/","title":{"rendered":"S\u00fcleyman \u00c7elebi Ves\u00eelet\u00fc&#8217;n &#8211; Nec\u00e2t (Mevlid)"},"content":{"rendered":"<p>\u00d6N S\u00d6Z \u0130\u00c7\u0130NDEK\u0130LER KISALTMALAR ve \u0130\u015eARETLER \u00c7EV\u0130R\u0130 YAZI \u0130\u015eARETLER\u0130 G\u0130R\u0130\u015e S\u00fcleyman \u00c7elebi Kimdir? Ves\u00eelet\u00fc\u2019n-Nec\u00e2t (Mevlid) \u0130stanbul Millet K\u00fct\u00fcphanesi N\u00fcshas\u0131 \u00c7EV\u0130R\u0130 YAZILI METN\u0130 OLU\u015eTURMA Y\u00d6NTEM\u0130 KAYNAK\u00c7A <\/p>\n","protected":false},"excerpt":{"rendered":"<p>\u00d6N S\u00d6Z \u0130\u00c7\u0130NDEK\u0130LER KISALTMALAR ve \u0130\u015eARETLER \u00c7EV\u0130R\u0130 YAZI \u0130\u015eARETLER\u0130 G\u0130R\u0130\u015e S\u00fcleyman \u00c7elebi Kimdir? Ves\u00eelet\u00fc\u2019n-Nec\u00e2t (Mevlid) \u0130stanbul Millet K\u00fct\u00fcphanesi N\u00fcshas\u0131 \u00c7EV\u0130R\u0130 YAZILI METN\u0130 OLU\u015eTURMA Y\u00d6NTEM\u0130 KAYNAK\u00c7A<\/p>\n","protected":false},"featured_media":0,"template":"","meta":{"_monsterinsights_skip_tracking":false,"_monsterinsights_sitenote_active":false,"_monsterinsights_sitenote_note":"","_monsterinsights_sitenote_category":0},"product_brand":[],"product_cat":[13072,12291],"product_tag":[],"class_list":{"0":"post-744587","1":"product","2":"type-product","3":"status-publish","5":"product_cat-arastirma-inceleme-referans","6":"product_cat-edebiyat","7":"pa_cilt-ciltsiz","8":"pa_tur-kitap","9":"pa_yayinevi-gazi-kitabevi","10":"pa_yazar-erdogan-boz","12":"first","13":"instock","14":"sale","15":"shipping-taxable","16":"purchasable","17":"product-type-simple"},"_links":{"self":[{"href":"https:\/\/roveyayinevi.com.tr\/index.php\/wp-json\/wp\/v2\/product\/744587","targetHints":{"allow":["GET"]}}],"collection":[{"href":"https:\/\/roveyayinevi.com.tr\/index.php\/wp-json\/wp\/v2\/product"}],"about":[{"href":"https:\/\/roveyayinevi.com.tr\/index.php\/wp-json\/wp\/v2\/types\/product"}],"wp:attachment":[{"href":"https:\/\/roveyayinevi.com.tr\/index.php\/wp-json\/wp\/v2\/media?parent=744587"}],"wp:term":[{"taxonomy":"product_brand","embeddable":true,"href":"https:\/\/roveyayinevi.com.tr\/index.php\/wp-json\/wp\/v2\/product_brand?post=744587"},{"taxonomy":"product_cat","embeddable":true,"href":"https:\/\/roveyayinevi.com.tr\/index.php\/wp-json\/wp\/v2\/product_cat?post=744587"},{"taxonomy":"product_tag","embeddable":true,"href":"https:\/\/roveyayinevi.com.tr\/index.php\/wp-json\/wp\/v2\/product_tag?post=744587"}],"curies":[{"name":"wp","href":"https:\/\/api.w.org\/{rel}","templated":true}]}}