{"id":744547,"date":"2025-08-28T01:59:22","date_gmt":"2025-08-27T22:59:22","guid":{"rendered":"https:\/\/roveyayinevi.com.tr\/index.php\/urun\/bidigago-bir-dunya-fikir\/"},"modified":"2026-04-16T02:56:34","modified_gmt":"2026-04-15T23:56:34","slug":"bidigago-bir-dunya-fikir","status":"publish","type":"product","link":"https:\/\/roveyayinevi.com.tr\/index.php\/urun\/bidigago-bir-dunya-fikir\/","title":{"rendered":"Bidigago Bir D\u00fcnya Fikir"},"content":{"rendered":"<p>Bir ak\u0131l, bir fikir Bir renkli, bir benekli Belki de \u00e7ok hareketli Bil bakal\u0131m bu nedir? Belki de i\u00e7indedir. Bu kitapta bir d\u00fcnya fikirle, akl\u0131m\u0131z\u0131n s\u0131n\u0131rlar\u0131n\u0131 zorlayaca\u011f\u0131z.   <\/p>\n","protected":false},"excerpt":{"rendered":"<p>Bir ak\u0131l, bir fikir Bir renkli, bir benekli Belki de \u00e7ok hareketli Bil bakal\u0131m bu nedir? Belki de i\u00e7indedir. Bu kitapta bir d\u00fcnya fikirle, akl\u0131m\u0131z\u0131n s\u0131n\u0131rlar\u0131n\u0131<span class=\"excerpt-hellip\"> [\u2026]<\/span><\/p>\n","protected":false},"featured_media":0,"template":"","meta":{"_monsterinsights_skip_tracking":false,"_monsterinsights_sitenote_active":false,"_monsterinsights_sitenote_note":"","_monsterinsights_sitenote_category":0},"product_brand":[],"product_cat":[12274,15842],"product_tag":[],"class_list":{"0":"post-744547","1":"product","2":"type-product","3":"status-publish","5":"product_cat-cocuk-ve-genclik-kitaplari","6":"product_cat-egitici-kitaplar","7":"pa_cilt-ciltsiz","8":"pa_tur-kitap","9":"pa_yayinevi-dogan-cocuk","10":"pa_yazar-eda-albayrak","12":"first","13":"instock","14":"sale","15":"shipping-taxable","16":"purchasable","17":"product-type-simple"},"_links":{"self":[{"href":"https:\/\/roveyayinevi.com.tr\/index.php\/wp-json\/wp\/v2\/product\/744547","targetHints":{"allow":["GET"]}}],"collection":[{"href":"https:\/\/roveyayinevi.com.tr\/index.php\/wp-json\/wp\/v2\/product"}],"about":[{"href":"https:\/\/roveyayinevi.com.tr\/index.php\/wp-json\/wp\/v2\/types\/product"}],"wp:attachment":[{"href":"https:\/\/roveyayinevi.com.tr\/index.php\/wp-json\/wp\/v2\/media?parent=744547"}],"wp:term":[{"taxonomy":"product_brand","embeddable":true,"href":"https:\/\/roveyayinevi.com.tr\/index.php\/wp-json\/wp\/v2\/product_brand?post=744547"},{"taxonomy":"product_cat","embeddable":true,"href":"https:\/\/roveyayinevi.com.tr\/index.php\/wp-json\/wp\/v2\/product_cat?post=744547"},{"taxonomy":"product_tag","embeddable":true,"href":"https:\/\/roveyayinevi.com.tr\/index.php\/wp-json\/wp\/v2\/product_tag?post=744547"}],"curies":[{"name":"wp","href":"https:\/\/api.w.org\/{rel}","templated":true}]}}