{"id":744525,"date":"2025-08-28T01:58:53","date_gmt":"2025-08-27T22:58:53","guid":{"rendered":"https:\/\/roveyayinevi.com.tr\/index.php\/urun\/mermerden-bir-lokma-bir-hirka\/"},"modified":"2025-11-21T08:26:38","modified_gmt":"2025-11-21T05:26:38","slug":"mermerden-bir-lokma-bir-hirka","status":"publish","type":"product","link":"https:\/\/roveyayinevi.com.tr\/index.php\/urun\/mermerden-bir-lokma-bir-hirka\/","title":{"rendered":"Mermerden Bir Lokma Bir H\u0131rka"},"content":{"rendered":"<p>Elinizdeki bu kitap, sadece bu \u00fclkede d\u00fcr\u00fcst\u00e7e i\u015f yapmaya \u00e7al\u0131\u015fan bir insan\u0131n hayat \u00f6yk\u00fcs\u00fcn\u00fcn kitab\u0131 de\u011fil\u2026 Bu kitap ayn\u0131 zamanda bu insan\u0131n ya\u015fant\u0131s\u0131ndan dam\u0131t\u0131lan \u00f6yk\u00fclerden olu\u015fuyor. Usta bir edebiyat\u00e7\u0131n\u0131n kaleminden \u00e7\u0131km\u0131\u015f gibi yaz\u0131lan bu \u00f6yk\u00fcler, insan\u0131 bulutlara kadar \u00e7\u0131kar\u0131yor, sonra aniden yere b\u0131rak\u0131yor. \u00d6zg\u00fcn bir dille ve anlat\u0131mla yaz\u0131lan bu \u00f6yk\u00fcleri okudu\u011funuzda k\u00e2h a\u011flayacak, k\u00e2h g\u00fcleceksiniz ve \u00e7ok ders \u00e7\u0131karacaks\u0131n\u0131z.   Taner Kuvand\u0131k\u2019\u0131n bu \u00f6yk\u00fcleri \u00f6yle \u00f6yk\u00fcler ki, insanl\u0131\u011f\u0131n\u0131za dokunuyor, y\u00fcre\u011finizi burkuyor. Bu kitaptan etkilenmemek m\u00fcmk\u00fcn de\u011fil\u2026                                                                                                                                                                                                                                                                 Adnan GERGER   <\/p>\n","protected":false},"excerpt":{"rendered":"<p>Elinizdeki bu kitap, sadece bu \u00fclkede d\u00fcr\u00fcst\u00e7e i\u015f yapmaya \u00e7al\u0131\u015fan bir insan\u0131n hayat \u00f6yk\u00fcs\u00fcn\u00fcn kitab\u0131 de\u011fil\u2026 Bu kitap ayn\u0131 zamanda bu insan\u0131n ya\u015fant\u0131s\u0131ndan dam\u0131t\u0131lan \u00f6yk\u00fclerden olu\u015fuyor.<span class=\"excerpt-hellip\"> [\u2026]<\/span><\/p>\n","protected":false},"featured_media":0,"template":"","meta":{"_monsterinsights_skip_tracking":false,"_monsterinsights_sitenote_active":false,"_monsterinsights_sitenote_note":"","_monsterinsights_sitenote_category":0},"product_brand":[],"product_cat":[12291,12711],"product_tag":[],"class_list":{"0":"post-744525","1":"product","2":"type-product","3":"status-publish","5":"product_cat-edebiyat","6":"product_cat-roman-oyku","7":"pa_cilt-ciltsiz","8":"pa_tur-kitap","9":"pa_yayinevi-favori-yayinlari","10":"pa_yazar-taner-kuvandik","12":"first","13":"instock","14":"sale","15":"shipping-taxable","16":"purchasable","17":"product-type-simple"},"_links":{"self":[{"href":"https:\/\/roveyayinevi.com.tr\/index.php\/wp-json\/wp\/v2\/product\/744525","targetHints":{"allow":["GET"]}}],"collection":[{"href":"https:\/\/roveyayinevi.com.tr\/index.php\/wp-json\/wp\/v2\/product"}],"about":[{"href":"https:\/\/roveyayinevi.com.tr\/index.php\/wp-json\/wp\/v2\/types\/product"}],"wp:attachment":[{"href":"https:\/\/roveyayinevi.com.tr\/index.php\/wp-json\/wp\/v2\/media?parent=744525"}],"wp:term":[{"taxonomy":"product_brand","embeddable":true,"href":"https:\/\/roveyayinevi.com.tr\/index.php\/wp-json\/wp\/v2\/product_brand?post=744525"},{"taxonomy":"product_cat","embeddable":true,"href":"https:\/\/roveyayinevi.com.tr\/index.php\/wp-json\/wp\/v2\/product_cat?post=744525"},{"taxonomy":"product_tag","embeddable":true,"href":"https:\/\/roveyayinevi.com.tr\/index.php\/wp-json\/wp\/v2\/product_tag?post=744525"}],"curies":[{"name":"wp","href":"https:\/\/api.w.org\/{rel}","templated":true}]}}