{"id":744518,"date":"2025-08-28T01:58:44","date_gmt":"2025-08-27T22:58:44","guid":{"rendered":"https:\/\/roveyayinevi.com.tr\/index.php\/urun\/fergani-gunesi-donduren-adam\/"},"modified":"2026-04-16T02:56:33","modified_gmt":"2026-04-15T23:56:33","slug":"fergani-gunesi-donduren-adam","status":"publish","type":"product","link":"https:\/\/roveyayinevi.com.tr\/index.php\/urun\/fergani-gunesi-donduren-adam\/","title":{"rendered":"Fergani-G\u00fcne\u015fi D\u00f6nd\u00fcren Adam"},"content":{"rendered":"<p>G\u00dcNE\u015e\u0130 D\u00d6ND\u00dcREN ADAM FERGAN\u0130, K\u00c2\u0130NATIN SIRLARINI KE\u015eFED\u0130YOR! Arkada\u015f\u0131m Berna\u2019n\u0131n \u00f6devine yard\u0131m edeyim derken y\u00fczy\u0131llar \u00f6ncesinden bir astronomla tan\u0131\u015ft\u0131m: Fergani. Do\u011fdu\u011fu yer tahminlerle bulunan Fergani, g\u00f6ky\u00fcz\u00fcn\u00fc evi bilmi\u015f. G\u00fcne\u015fi ziyaret edip, hareket sistemini incelemi\u015f. Hatta ismi, bir Ay kraterine bile verilmi\u015f. Bunlardan haberiniz var m\u0131yd\u0131? Ya da Dante\u2019nin yazd\u0131\u011f\u0131 bir eserinde Fergani\u2019yi \u00f6vd\u00fc\u011f\u00fcn\u00fc duymu\u015f muydunuz? Yoksa onu da m\u0131 bilmiyordunuz? O zaman buyurun bilgi havuzuna! \u00dcstat Fergani ile evrenin b\u00fcy\u00fcl\u00fc kap\u0131lar\u0131n\u0131 aralamaya ne dersiniz? Tarihe Y\u00f6n Veren \u00dcnl\u00fc T\u00fcrk Bilginleri Serisi\u2019nin her bir kitab\u0131, tarihe ismini alt\u0131n harflerle yazd\u0131rm\u0131\u015f \u00f6nemli \u00e2limlerin gizemli hayatlar\u0131na kap\u0131 aral\u0131yor. <\/p>\n","protected":false},"excerpt":{"rendered":"<p>G\u00dcNE\u015e\u0130 D\u00d6ND\u00dcREN ADAM FERGAN\u0130, K\u00c2\u0130NATIN SIRLARINI KE\u015eFED\u0130YOR! Arkada\u015f\u0131m Berna\u2019n\u0131n \u00f6devine yard\u0131m edeyim derken y\u00fczy\u0131llar \u00f6ncesinden bir astronomla tan\u0131\u015ft\u0131m: Fergani. Do\u011fdu\u011fu yer tahminlerle bulunan Fergani, g\u00f6ky\u00fcz\u00fcn\u00fc evi<span class=\"excerpt-hellip\"> [\u2026]<\/span><\/p>\n","protected":false},"featured_media":0,"template":"","meta":{"_monsterinsights_skip_tracking":false,"_monsterinsights_sitenote_active":false,"_monsterinsights_sitenote_note":"","_monsterinsights_sitenote_category":0},"product_brand":[],"product_cat":[12274,12284],"product_tag":[],"class_list":{"0":"post-744518","1":"product","2":"type-product","3":"status-publish","5":"product_cat-cocuk-ve-genclik-kitaplari","6":"product_cat-hikayeler","7":"pa_cilt-ciltsiz","8":"pa_tur-kitap","9":"pa_yayinevi-dokuz-yayinlari","10":"pa_yazar-cezmi-ersoz","12":"first","13":"instock","14":"sale","15":"shipping-taxable","16":"purchasable","17":"product-type-simple"},"_links":{"self":[{"href":"https:\/\/roveyayinevi.com.tr\/index.php\/wp-json\/wp\/v2\/product\/744518","targetHints":{"allow":["GET"]}}],"collection":[{"href":"https:\/\/roveyayinevi.com.tr\/index.php\/wp-json\/wp\/v2\/product"}],"about":[{"href":"https:\/\/roveyayinevi.com.tr\/index.php\/wp-json\/wp\/v2\/types\/product"}],"wp:attachment":[{"href":"https:\/\/roveyayinevi.com.tr\/index.php\/wp-json\/wp\/v2\/media?parent=744518"}],"wp:term":[{"taxonomy":"product_brand","embeddable":true,"href":"https:\/\/roveyayinevi.com.tr\/index.php\/wp-json\/wp\/v2\/product_brand?post=744518"},{"taxonomy":"product_cat","embeddable":true,"href":"https:\/\/roveyayinevi.com.tr\/index.php\/wp-json\/wp\/v2\/product_cat?post=744518"},{"taxonomy":"product_tag","embeddable":true,"href":"https:\/\/roveyayinevi.com.tr\/index.php\/wp-json\/wp\/v2\/product_tag?post=744518"}],"curies":[{"name":"wp","href":"https:\/\/api.w.org\/{rel}","templated":true}]}}