{"id":744515,"date":"2025-08-28T01:58:39","date_gmt":"2025-08-27T22:58:39","guid":{"rendered":"https:\/\/roveyayinevi.com.tr\/index.php\/urun\/cahit-arf-bir-matematik-dehasi\/"},"modified":"2026-04-12T03:00:47","modified_gmt":"2026-04-12T00:00:47","slug":"cahit-arf-bir-matematik-dehasi","status":"publish","type":"product","link":"https:\/\/roveyayinevi.com.tr\/index.php\/urun\/cahit-arf-bir-matematik-dehasi\/","title":{"rendered":"Cahit Arf &#8211; Bir Matematik Dehas\u0131"},"content":{"rendered":"<p>MATEMAT\u0130K DEHASI CAH\u0130T ARF\u2019IN SAYILARI D\u0130LE GELD\u0130! Ald\u0131\u011f\u0131m ilk har\u00e7l\u0131\u011fa sevin\u00e7le bakarken bir de ne g\u00f6reyim: Cahit Arf. Selanik\u2019ten \u0130stanbul\u2019a g\u00f6\u00e7 etmek zorunda kalan Cahit Arf\u2019\u0131n e\u011fitim hayat\u0131 Fransa\u2019n\u0131n en prestijli y\u00fcksek\u00f6\u011frenim kurumuna kadar uzanm\u0131\u015f. Peki Cahit Arf\u2019\u0131 bir paran\u0131n \u00fczerine foto\u011fraf\u0131 bas\u0131lacak kadar \u00f6nemli yapan \u015fey neydi? Neden T\u00dcB\u0130TAK \u00f6d\u00fcl\u00fc verilmi\u015fti? Matematik dehas\u0131 olarak an\u0131lmas\u0131na sebep neydi? Say\u0131lar\u0131n s\u0131rr\u0131n\u0131 Cahit Arf ile birlikte \u00e7\u00f6zmeye ne dersiniz? Tarihe Y\u00f6n Veren \u00dcnl\u00fc T\u00fcrk Bilginleri Serisi\u2019nin her bir kitab\u0131, tarihe ismini alt\u0131n harflerle yazd\u0131rm\u0131\u015f \u00f6nemli \u00e2limlerin gizemli hayatlar\u0131na kap\u0131 aral\u0131yor. <\/p>\n","protected":false},"excerpt":{"rendered":"<p>MATEMAT\u0130K DEHASI CAH\u0130T ARF\u2019IN SAYILARI D\u0130LE GELD\u0130! Ald\u0131\u011f\u0131m ilk har\u00e7l\u0131\u011fa sevin\u00e7le bakarken bir de ne g\u00f6reyim: Cahit Arf. Selanik\u2019ten \u0130stanbul\u2019a g\u00f6\u00e7 etmek zorunda kalan Cahit Arf\u2019\u0131n<span class=\"excerpt-hellip\"> [\u2026]<\/span><\/p>\n","protected":false},"featured_media":0,"template":"","meta":{"_monsterinsights_skip_tracking":false,"_monsterinsights_sitenote_active":false,"_monsterinsights_sitenote_note":"","_monsterinsights_sitenote_category":0},"product_brand":[],"product_cat":[12274,12284],"product_tag":[],"class_list":{"0":"post-744515","1":"product","2":"type-product","3":"status-publish","5":"product_cat-cocuk-ve-genclik-kitaplari","6":"product_cat-hikayeler","7":"pa_cilt-ciltsiz","8":"pa_tur-kitap","9":"pa_yayinevi-dokuz-yayinlari","10":"pa_yazar-cezmi-ersoz","12":"first","13":"instock","14":"sale","15":"shipping-taxable","16":"purchasable","17":"product-type-simple"},"_links":{"self":[{"href":"https:\/\/roveyayinevi.com.tr\/index.php\/wp-json\/wp\/v2\/product\/744515","targetHints":{"allow":["GET"]}}],"collection":[{"href":"https:\/\/roveyayinevi.com.tr\/index.php\/wp-json\/wp\/v2\/product"}],"about":[{"href":"https:\/\/roveyayinevi.com.tr\/index.php\/wp-json\/wp\/v2\/types\/product"}],"wp:attachment":[{"href":"https:\/\/roveyayinevi.com.tr\/index.php\/wp-json\/wp\/v2\/media?parent=744515"}],"wp:term":[{"taxonomy":"product_brand","embeddable":true,"href":"https:\/\/roveyayinevi.com.tr\/index.php\/wp-json\/wp\/v2\/product_brand?post=744515"},{"taxonomy":"product_cat","embeddable":true,"href":"https:\/\/roveyayinevi.com.tr\/index.php\/wp-json\/wp\/v2\/product_cat?post=744515"},{"taxonomy":"product_tag","embeddable":true,"href":"https:\/\/roveyayinevi.com.tr\/index.php\/wp-json\/wp\/v2\/product_tag?post=744515"}],"curies":[{"name":"wp","href":"https:\/\/api.w.org\/{rel}","templated":true}]}}