{"id":744500,"date":"2025-08-28T01:58:19","date_gmt":"2025-08-27T22:58:19","guid":{"rendered":"https:\/\/roveyayinevi.com.tr\/index.php\/urun\/her-seyin-sonu-astrofiziksel-manada\/"},"modified":"2026-04-16T02:56:32","modified_gmt":"2026-04-15T23:56:32","slug":"her-seyin-sonu-astrofiziksel-manada","status":"publish","type":"product","link":"https:\/\/roveyayinevi.com.tr\/index.php\/urun\/her-seyin-sonu-astrofiziksel-manada\/","title":{"rendered":"Her \u015eeyin Sonu (Astrofiziksel Manada)"},"content":{"rendered":"<p>\u201cBa\u015flang\u0131\u00e7lar, sonlar\u0131 ima eder ve gerektirir.\u201d Ann Leckie  Belki biz g\u00f6rmeyiz ama g\u00fcn\u00fcn birinde her \u015fey sona erecek. Evrenimizin bir ba\u015flang\u0131c\u0131 oldu\u011funu biliyoruz; peki bu hik\u00e2yenin sonunda ne olacak? Ve bu son bizim i\u00e7in ne anlama geliyor? Capcanl\u0131, esprili dili ve mizah anlay\u0131\u015f\u0131yla astrofizik\u00e7i Katie Mack, bizi kozmosun be\u015f olas\u0131 finaline \u2013B\u00fcy\u00fck \u00c7\u00f6k\u00fc\u015f, S\u0131cak \u00d6l\u00fcm, Vakum Bozunumu, B\u00fcy\u00fck Y\u0131rt\u0131lma ve Sekme\u2013 do\u011fru hayret verici bir geziye \u00e7\u0131kar\u0131yor. Bunu yaparken kuantum mekani\u011fi, kozmoloji, sicim teorisi ve daha pek \u00e7ok m\u00fchim kavram aras\u0131nda bize keyifle yol g\u00f6steriyor. Halihaz\u0131rdaki eksik evren bilgimizde yap\u0131lacak ufak oynamalar\u0131n ortaya bamba\u015fka gelecekler \u00e7\u0131karabilece\u011fini ke\u015ffediyoruz: Evrenimiz nihayetinde kendi i\u00e7ine \u00e7\u00f6kebilir, kendini y\u0131rtabilir, hatta \u2013\u00f6n\u00fcm\u00fczdeki birka\u00e7 dakika i\u00e7inde\u2013 \u00f6nlenemez bi\u00e7imde geni\u015fleyen bir k\u0131yamet baloncu\u011funa kurban gidebilir. Bu s\u00fcr\u00fckleyici \u201ckozmik ger\u00e7ekli\u011fe ka\u00e7\u0131\u015f\u201d \u00f6yk\u00fcs\u00fc, b\u00fcy\u00fcl\u00fc ve pek a\u015fina olmad\u0131\u011f\u0131m\u0131z bir fizik sahas\u0131n\u0131 incelemenin \u00f6tesinde, y\u00fckselen bir astrofizik\u00e7inin evreni ve evrendeki yerimizi d\u00fc\u015f\u00fcn\u00fcrken ya\u015fad\u0131\u011f\u0131 heyecan\u0131 da bizle payla\u015f\u0131yor. Patlayan y\u0131ld\u0131zlar ve s\u0131\u00e7rayan evrenler aras\u0131nda Mack, aciz faniler olarak yolun sonunu de\u011fi\u015ftiremesek de en az\u0131ndan ne olup bitti\u011fini birazc\u0131k kavramaya ba\u015flayabilece\u011fimizi g\u00f6steriyor. Her \u015eeyin Sonu, t\u00fcm bildiklerimizin en ucuna do\u011fru uzanan, \u00e7\u0131lg\u0131nca e\u011flenceli, \u015fa\u015f\u0131lacak derecede ne\u015feli ve iyimser bir seyahat. YILIN K\u0130TABI SE\u00c7K\u0130LER\u0130NDE WASHINGTON POST \u2022 ECONOMIST \u2022 NEW SCIENTIST \u2022 PUBLISHERS WEEKLY \u2022 GUARDIAN   \u201cEvrenin her an yok olabilece\u011fini anlat\u0131yor ama o kadar iyi bir kitap ki, en az\u0131ndan okuman\u0131z bitene kadar yok olmas\u0131n istiyorsunuz.\u201d Alexandra Petri, Washington Post <\/p>\n","protected":false},"excerpt":{"rendered":"<p>\u201cBa\u015flang\u0131\u00e7lar, sonlar\u0131 ima eder ve gerektirir.\u201d Ann Leckie Belki biz g\u00f6rmeyiz ama g\u00fcn\u00fcn birinde her \u015fey sona erecek. Evrenimizin bir ba\u015flang\u0131c\u0131 oldu\u011funu biliyoruz; peki bu hik\u00e2yenin<span class=\"excerpt-hellip\"> [\u2026]<\/span><\/p>\n","protected":false},"featured_media":0,"template":"","meta":{"_monsterinsights_skip_tracking":false,"_monsterinsights_sitenote_active":false,"_monsterinsights_sitenote_note":"","_monsterinsights_sitenote_category":0},"product_brand":[],"product_cat":[43754,13005],"product_tag":[],"class_list":{"0":"post-744500","1":"product","2":"type-product","3":"status-publish","5":"product_cat-astronomi","6":"product_cat-bilim-muhendislik","7":"pa_cilt-ciltsiz","8":"pa_tur-kitap","9":"pa_yayinevi-domingo-yayinevi","10":"pa_yazar-katie-mack","12":"first","13":"instock","14":"sale","15":"shipping-taxable","16":"purchasable","17":"product-type-simple"},"_links":{"self":[{"href":"https:\/\/roveyayinevi.com.tr\/index.php\/wp-json\/wp\/v2\/product\/744500","targetHints":{"allow":["GET"]}}],"collection":[{"href":"https:\/\/roveyayinevi.com.tr\/index.php\/wp-json\/wp\/v2\/product"}],"about":[{"href":"https:\/\/roveyayinevi.com.tr\/index.php\/wp-json\/wp\/v2\/types\/product"}],"wp:attachment":[{"href":"https:\/\/roveyayinevi.com.tr\/index.php\/wp-json\/wp\/v2\/media?parent=744500"}],"wp:term":[{"taxonomy":"product_brand","embeddable":true,"href":"https:\/\/roveyayinevi.com.tr\/index.php\/wp-json\/wp\/v2\/product_brand?post=744500"},{"taxonomy":"product_cat","embeddable":true,"href":"https:\/\/roveyayinevi.com.tr\/index.php\/wp-json\/wp\/v2\/product_cat?post=744500"},{"taxonomy":"product_tag","embeddable":true,"href":"https:\/\/roveyayinevi.com.tr\/index.php\/wp-json\/wp\/v2\/product_tag?post=744500"}],"curies":[{"name":"wp","href":"https:\/\/api.w.org\/{rel}","templated":true}]}}