{"id":744495,"date":"2025-08-28T01:58:14","date_gmt":"2025-08-27T22:58:14","guid":{"rendered":"https:\/\/roveyayinevi.com.tr\/index.php\/urun\/nicel-karar-yontemlerinde-yoneylem-arastirmasi-uygulamalari\/"},"modified":"2026-04-16T02:56:32","modified_gmt":"2026-04-15T23:56:32","slug":"nicel-karar-yontemlerinde-yoneylem-arastirmasi-uygulamalari","status":"publish","type":"product","link":"https:\/\/roveyayinevi.com.tr\/index.php\/urun\/nicel-karar-yontemlerinde-yoneylem-arastirmasi-uygulamalari\/","title":{"rendered":"Nicel Karar Y\u00f6ntemlerinde Y\u00f6neylem Ara\u015ft\u0131rmas\u0131 Uygulamalar\u0131"},"content":{"rendered":"<p>1.1. Giri\u015f 1.2. Y\u00f6neylem Ara\u015ft\u0131rmas\u0131n\u0131n Tarihsel Geli\u015fimi 1.3. Y\u00f6neylem Ara\u015ft\u0131rmas\u0131 Kavram\u0131 Amac\u0131, Tan\u0131m\u0131 ve \u00d6nemi 1.4. Y\u00f6neylem Ara\u015ft\u0131rmas\u0131n\u0131n \u00d6zellikleri 1.5. Y\u00f6neylem Ara\u015ft\u0131rmas\u0131nda Model Kavram\u0131 1.6. Y\u00f6neylem Ara\u015ft\u0131rmas\u0131nda Model Kurma A\u015famalar\u0131 1.7. Y\u00f6neylem Ara\u015ft\u0131rmas\u0131n\u0131n Uygulama Alanlar\u0131   2.1. Giri\u015f 2.2. Do\u011frusal Programlama Kavram\u0131 ve Tan\u0131m\u0131 2.3. Do\u011frusal Programlaman\u0131n Uygulama Alanlar\u0131 2.4. Do\u011frusal Programlama Probleminin Matematiksel Modeli 2.5. Do\u011frusal Programlama Modelinin Varsay\u0131mlar\u0131 2.6. Do\u011frusal Programlama Modeliyle \u0130lgili \u00c7\u00f6z\u00fcml\u00fc \u00d6rnekler 2.7. Problemler 3.1. Giri\u015f 3.1.2.1. Uygun \u00c7\u00f6z\u00fcm B\u00f6lgesinin Olmamas\u0131 3.1.2.2. S\u0131n\u0131rs\u0131z \u00c7\u00f6z\u00fcm 3.1.2.3. Uygun \u00c7\u00f6z\u00fcm B\u00f6lgesinin Bir Nokta Olmas\u0131 3.1.2.4. Ba\u011flay\u0131c\u0131 Olmayan K\u0131s\u0131tlay\u0131c\u0131lar 3.1.2.5. Alternatif (\u00c7oklu) \u00c7\u00f6z\u00fcmler 3.1.3.1. Simpleks Y\u00f6ntem Algoritmas\u0131 3.1.5.1. Bozulma (Dejenerasyon) Durumu 3.1.5.2. S\u0131n\u0131rs\u0131z \u00c7\u00f6z\u00fcm 3.1.5.3. Alternatifli (Se\u00e7enekli, \u00c7oklu) En \u0130yi \u00c7\u00f6z\u00fcm 3.1.5.4. Uygun \u00c7\u00f6z\u00fcm Bulunamama Durumu 3.6. Problemler   4.1. Giri\u015f 4.2. Dualite (\u0130killik) Tan\u0131m\u0131 4.2.2. Simetrik Olma 4.3. Dual Problemin \u00c7\u00f6z\u00fcm\u00fc ve Ekonomik A\u00e7\u0131klamas\u0131 4.4. Primal ve Dual Modellerle \u0130lgili \u00d6nermeler 4.5. Dual Simpleks Y\u00f6ntemi 4.6. Do\u011frusal Programlama Modelinde Duyarl\u0131l\u0131k Analizi 4.6.1.1. Ama\u00e7 Fonksiyonu Katsay\u0131lar\u0131ndaki De\u011fi\u015fmeler 4.6.1.2. Sa\u011f Taraf De\u011ferlerindeki De\u011fi\u015fmeler (bi) 4.6.1.3. Modele Yeni Bir K\u0131s\u0131tlay\u0131c\u0131 Eklenmesi 4.7. Problemler   5. Giri\u015f 5.1. Ula\u015ft\u0131rma Modelinin Varsay\u0131mlar\u0131 ve Matematiksel Yap\u0131s\u0131 5.2. Ba\u015flang\u0131\u00e7 Temel Uygun \u00c7\u00f6z\u00fcm\u00fcn Belirlenmesinde Kullan\u0131lan Y\u00f6ntemler 5.2.1. Kuzey 5.3. En Uygun \u00c7\u00f6z\u00fcm\u00fcn Bulunmas\u0131 5.4. Ula\u015ft\u0131rma Problemlerinin \u00c7\u00f6z\u00fcm\u00fcnde Kar\u015f\u0131la\u015f\u0131lan \u00d6zel Durumlar 5.4.2. Bozulma (Dejenerasyon) Durumu 5.6. Problemler 6.1. Giri\u015f 6.2. Atama Modelinin Kurulmas\u0131 6.3. Atama Modelinin \u00c7\u00f6z\u00fcm\u00fcnde Kullan\u0131lan Y\u00f6ntemleri 6.4. Atama Modelinde Kar\u015f\u0131la\u015f\u0131lan \u00d6zel Durumlar 6.5. Atama Modelinde Duyarl\u0131l\u0131k Analizi 6.6. Problemler   7.1. Giri\u015f 7.2. Tamsay\u0131l\u0131 Programlama Model T\u00fcrleri 7.3. Tamsay\u0131l\u0131 Programlama Uygulama \u00d6rnekleri 7.3.3. Sabit Maliyet Problemi 7.4. Tamsay\u0131l\u0131 Programlama Problemlerinin \u00c7\u00f6z\u00fcm\u00fc i\u00e7in Kullan\u0131lan Y\u00f6ntemler 7.5. Problemler <\/p>\n","protected":false},"excerpt":{"rendered":"<p>1.1. Giri\u015f 1.2. Y\u00f6neylem Ara\u015ft\u0131rmas\u0131n\u0131n Tarihsel Geli\u015fimi 1.3. Y\u00f6neylem Ara\u015ft\u0131rmas\u0131 Kavram\u0131 Amac\u0131, Tan\u0131m\u0131 ve \u00d6nemi 1.4. Y\u00f6neylem Ara\u015ft\u0131rmas\u0131n\u0131n \u00d6zellikleri 1.5. Y\u00f6neylem Ara\u015ft\u0131rmas\u0131nda Model Kavram\u0131 1.6. Y\u00f6neylem<span class=\"excerpt-hellip\"> [\u2026]<\/span><\/p>\n","protected":false},"featured_media":0,"template":"","meta":{"_monsterinsights_skip_tracking":false,"_monsterinsights_sitenote_active":false,"_monsterinsights_sitenote_note":"","_monsterinsights_sitenote_category":0},"product_brand":[],"product_cat":[12573,12566],"product_tag":[],"class_list":{"0":"post-744495","1":"product","2":"type-product","3":"status-publish","5":"product_cat-akademik-kitaplar","6":"product_cat-egitim","7":"pa_cilt-ciltsiz","8":"pa_tur-kitap","9":"pa_yayinevi-gazi-kitabevi","10":"pa_yazar-murat-atan-senol-altan","12":"first","13":"instock","14":"sale","15":"shipping-taxable","16":"purchasable","17":"product-type-simple"},"_links":{"self":[{"href":"https:\/\/roveyayinevi.com.tr\/index.php\/wp-json\/wp\/v2\/product\/744495","targetHints":{"allow":["GET"]}}],"collection":[{"href":"https:\/\/roveyayinevi.com.tr\/index.php\/wp-json\/wp\/v2\/product"}],"about":[{"href":"https:\/\/roveyayinevi.com.tr\/index.php\/wp-json\/wp\/v2\/types\/product"}],"wp:attachment":[{"href":"https:\/\/roveyayinevi.com.tr\/index.php\/wp-json\/wp\/v2\/media?parent=744495"}],"wp:term":[{"taxonomy":"product_brand","embeddable":true,"href":"https:\/\/roveyayinevi.com.tr\/index.php\/wp-json\/wp\/v2\/product_brand?post=744495"},{"taxonomy":"product_cat","embeddable":true,"href":"https:\/\/roveyayinevi.com.tr\/index.php\/wp-json\/wp\/v2\/product_cat?post=744495"},{"taxonomy":"product_tag","embeddable":true,"href":"https:\/\/roveyayinevi.com.tr\/index.php\/wp-json\/wp\/v2\/product_tag?post=744495"}],"curies":[{"name":"wp","href":"https:\/\/api.w.org\/{rel}","templated":true}]}}