{"id":744490,"date":"2025-08-28T01:58:08","date_gmt":"2025-08-27T22:58:08","guid":{"rendered":"https:\/\/roveyayinevi.com.tr\/index.php\/urun\/galib\/"},"modified":"2025-09-15T14:43:38","modified_gmt":"2025-09-15T11:43:38","slug":"galib","status":"publish","type":"product","link":"https:\/\/roveyayinevi.com.tr\/index.php\/urun\/galib\/","title":{"rendered":"Galib"},"content":{"rendered":"<p>H\u00fcsn \u00fc A\u015fk, ku\u011funun, yani medeniyetimizin son g\u00fczel sark\u0131\u015f\u0131yd\u0131. G\u00e2lib bu \u015fark\u0131y\u0131 Sultan III. Selim, Hattat Mustafa Rak\u0131m ve Dede Efendi&#8217;yle birlikte s\u00f6yledi ve sustu. S\u00f6z art\u0131k &#8220;Nas\u0131l bu taze ma\u00e2rifle eskiler \u00e2layim&#8221; diyenlerdeydi. Ancak, be\u015f y\u00fcz y\u0131ll\u0131k birikimiyle kar\u015f\u0131lar\u0131nda bir heyula gibi duran ve inan\u0131lmaz zenginliklere sahip . olan divan \u015fiiri, Galibin getirip b\u0131rakt\u0131\u011f\u0131 par\u0131lt\u0131l\u0131 noktada h\u00e2l\u00e2 g\u00f6zleri kama\u015ft\u0131r\u0131yordu. Bu \u015fiirin asla \u00f6lmeyen bir taraf\u0131 vard\u0131; \u015fiirimizin damarlar\u0131nda bir usare gibi, Tanzimat \u015fairlerinin pek fark\u0131na varamad\u0131klar\u0131 bir ak\u0131\u015fkanl\u0131kla, f\u0131rsat bulur bulmaz yepyeni bir hayatiyetle g\u00fcn \u0131\u015f\u0131\u011f\u0131na \u00e7\u0131kmak \u00fczere dola\u015f\u0131yordu. Bu saf \u015fiir usaresi \u015eeyh G\u00e2lib \u015fiirinin imbi\u011finde dam\u0131t\u0131lm\u0131\u015ft\u0131.  <\/p>\n","protected":false},"excerpt":{"rendered":"<p>H\u00fcsn \u00fc A\u015fk, ku\u011funun, yani medeniyetimizin son g\u00fczel sark\u0131\u015f\u0131yd\u0131. G\u00e2lib bu \u015fark\u0131y\u0131 Sultan III. Selim, Hattat Mustafa Rak\u0131m ve Dede Efendi&#8217;yle birlikte s\u00f6yledi ve sustu. S\u00f6z<span class=\"excerpt-hellip\"> [\u2026]<\/span><\/p>\n","protected":false},"featured_media":0,"template":"","meta":{"_monsterinsights_skip_tracking":false,"_monsterinsights_sitenote_active":false,"_monsterinsights_sitenote_note":"","_monsterinsights_sitenote_category":0},"product_brand":[],"product_cat":[14009,12291],"product_tag":[],"class_list":{"0":"post-744490","1":"product","2":"type-product","3":"status-publish","5":"product_cat-biyografi-otobiyografi-edebiyat","6":"product_cat-edebiyat","7":"pa_cilt-ciltsiz","8":"pa_tur-kitap","9":"pa_yayinevi-kapi-yayinlari","10":"pa_yazar-besir-ayvazoglu","12":"first","13":"instock","14":"sale","15":"shipping-taxable","16":"purchasable","17":"product-type-simple"},"_links":{"self":[{"href":"https:\/\/roveyayinevi.com.tr\/index.php\/wp-json\/wp\/v2\/product\/744490","targetHints":{"allow":["GET"]}}],"collection":[{"href":"https:\/\/roveyayinevi.com.tr\/index.php\/wp-json\/wp\/v2\/product"}],"about":[{"href":"https:\/\/roveyayinevi.com.tr\/index.php\/wp-json\/wp\/v2\/types\/product"}],"wp:attachment":[{"href":"https:\/\/roveyayinevi.com.tr\/index.php\/wp-json\/wp\/v2\/media?parent=744490"}],"wp:term":[{"taxonomy":"product_brand","embeddable":true,"href":"https:\/\/roveyayinevi.com.tr\/index.php\/wp-json\/wp\/v2\/product_brand?post=744490"},{"taxonomy":"product_cat","embeddable":true,"href":"https:\/\/roveyayinevi.com.tr\/index.php\/wp-json\/wp\/v2\/product_cat?post=744490"},{"taxonomy":"product_tag","embeddable":true,"href":"https:\/\/roveyayinevi.com.tr\/index.php\/wp-json\/wp\/v2\/product_tag?post=744490"}],"curies":[{"name":"wp","href":"https:\/\/api.w.org\/{rel}","templated":true}]}}