{"id":744487,"date":"2025-08-28T01:58:04","date_gmt":"2025-08-27T22:58:04","guid":{"rendered":"https:\/\/roveyayinevi.com.tr\/index.php\/urun\/son-gun\/"},"modified":"2026-04-16T02:56:32","modified_gmt":"2026-04-15T23:56:32","slug":"son-gun","status":"publish","type":"product","link":"https:\/\/roveyayinevi.com.tr\/index.php\/urun\/son-gun\/","title":{"rendered":"Son G\u00fcn"},"content":{"rendered":"<p>Furu\u011f, hi\u00e7 ku\u015fku yok ki b\u00fcy\u00fck bir cesaret, irade, \u00e7al\u0131\u015fkanl\u0131k, co\u015fku ve y\u0131lmaz bir ara\u015ft\u0131r\u0131c\u0131 ruhla sadece \u015fiirle i\u00e7li d\u0131\u015fl\u0131 olmam\u0131\u015f, o ayn\u0131 zamanda \u00f6yk\u00fcler yazm\u0131\u015f, tiyatro oyunculu\u011funun yan\u0131 s\u0131ra sinema d\u00fcnyas\u0131nda da teknik eleman, oyuncu, y\u00f6netmen ve senarist olarak emek vermi\u015f ve ciddi eserler yaratm\u0131\u015ft\u0131r Furu\u011f\u2019un \u00f6yk\u00fclerinde terk edilmi\u015f bir kad\u0131n\u0131n sesi var. A\u015fk var. Cesur bir kad\u0131n\u0131n a\u015fk\u0131 sahipleni\u015fi var. Belki \u015fiirleri kadar ba\u015far\u0131l\u0131 \u00f6yk\u00fcler de\u011fildir bunlar. Daha \u00e7ok ge\u00e7inebilmek i\u00e7in yaz\u0131lm\u0131\u015f \u00f6yk\u00fcler ve ayakta durmak i\u00e7in direnen bir kad\u0131n\u0131n duru\u015funu, dokunu\u015funu g\u00f6r\u00fcr\u00fcz. Yer yer \u015fiirsel bir ak\u0131\u015fla da kar\u015f\u0131la\u015fmak m\u00fcmk\u00fcn. Furu\u011f\u2019un bu kitapta yer alan \u00f6yk\u00fcleri, bir kad\u0131n\u0131n cesur s\u00f6zc\u00fckleri olarak anla\u015f\u0131lmal\u0131d\u0131r. \u201cSabahtan beri burada, cam kenar\u0131nda oturuyorum. D\u0131\u015far\u0131da kar ya\u011f\u0131yor ve ben k\u0131\u015f\u0131n buz gibi so\u011fu\u011funu kalbimde hissediyorum. Kargalar beyaz ve par\u0131ldayan kar taneleri aras\u0131nda sessiz \u00e7\u0131\u011fl\u0131klar\u0131 ile u\u00e7u\u015fuyorlar. \u015eimdi art\u0131k g\u00fcnd\u00fcz g\u00fcn bat\u0131m\u0131na do\u011fru e\u011filmekte ve yaln\u0131z mezarlar karanl\u0131\u011f\u0131n geli\u015fini beklerken g\u00f6ky\u00fcz\u00fcne bak\u0131yorlar. Bilmiyorum nedense sebepsiz bir \u015fekilde Tevrat\u2019tan bir c\u00fcmleyi an\u0131msad\u0131m: \u201cVe sevgi \u00f6l\u00fcm gibi a\u011f\u0131rd\u0131r!\u201d<\/p>\n","protected":false},"excerpt":{"rendered":"<p>Furu\u011f, hi\u00e7 ku\u015fku yok ki b\u00fcy\u00fck bir cesaret, irade, \u00e7al\u0131\u015fkanl\u0131k, co\u015fku ve y\u0131lmaz bir ara\u015ft\u0131r\u0131c\u0131 ruhla sadece \u015fiirle i\u00e7li d\u0131\u015fl\u0131 olmam\u0131\u015f, o ayn\u0131 zamanda \u00f6yk\u00fcler yazm\u0131\u015f,<span class=\"excerpt-hellip\"> [\u2026]<\/span><\/p>\n","protected":false},"featured_media":0,"template":"","meta":{"_monsterinsights_skip_tracking":false,"_monsterinsights_sitenote_active":false,"_monsterinsights_sitenote_note":"","_monsterinsights_sitenote_category":0},"product_brand":[],"product_cat":[12291,17281],"product_tag":[],"class_list":{"0":"post-744487","1":"product","2":"type-product","3":"status-publish","5":"product_cat-edebiyat","6":"product_cat-ortadogu-arap-edebiyati","7":"pa_cilt-ciltsiz","8":"pa_tur-kitap","9":"pa_yayinevi-totem-yayinlari","10":"pa_yazar-furug-ferruhzad","12":"first","13":"instock","14":"sale","15":"shipping-taxable","16":"purchasable","17":"product-type-simple"},"_links":{"self":[{"href":"https:\/\/roveyayinevi.com.tr\/index.php\/wp-json\/wp\/v2\/product\/744487","targetHints":{"allow":["GET"]}}],"collection":[{"href":"https:\/\/roveyayinevi.com.tr\/index.php\/wp-json\/wp\/v2\/product"}],"about":[{"href":"https:\/\/roveyayinevi.com.tr\/index.php\/wp-json\/wp\/v2\/types\/product"}],"wp:attachment":[{"href":"https:\/\/roveyayinevi.com.tr\/index.php\/wp-json\/wp\/v2\/media?parent=744487"}],"wp:term":[{"taxonomy":"product_brand","embeddable":true,"href":"https:\/\/roveyayinevi.com.tr\/index.php\/wp-json\/wp\/v2\/product_brand?post=744487"},{"taxonomy":"product_cat","embeddable":true,"href":"https:\/\/roveyayinevi.com.tr\/index.php\/wp-json\/wp\/v2\/product_cat?post=744487"},{"taxonomy":"product_tag","embeddable":true,"href":"https:\/\/roveyayinevi.com.tr\/index.php\/wp-json\/wp\/v2\/product_tag?post=744487"}],"curies":[{"name":"wp","href":"https:\/\/api.w.org\/{rel}","templated":true}]}}