{"id":744480,"date":"2025-08-28T01:57:54","date_gmt":"2025-08-27T22:57:54","guid":{"rendered":"https:\/\/roveyayinevi.com.tr\/index.php\/urun\/gorevi-siir-meslegi-sair\/"},"modified":"2026-04-16T02:56:32","modified_gmt":"2026-04-15T23:56:32","slug":"gorevi-siir-meslegi-sair","status":"publish","type":"product","link":"https:\/\/roveyayinevi.com.tr\/index.php\/urun\/gorevi-siir-meslegi-sair\/","title":{"rendered":"G\u00f6revi \u015eiir Mesle\u011fi \u015eair"},"content":{"rendered":"<p>\u0130\u011fne ile kuyu kazmak gibi me\u015fakkatlidir yazmak. Kuyudan a\u011f\u0131rca su \u00e7ekmek gibi zahmetlidir yazmak. Yusuf\u2019\u00e7a kuyuya at\u0131lmak gibi hikmetlidir yazmak. Bu g\u00f6revi ald\u0131m Hak&#8217;tan, siire memurum, \u015fiire mecburum. \u201cFerdun, Hayyun, Kayyumun, Hakemun, Adlun, ve Kudd\u00fcsun.&#8221; Rahman ve Rahim Y\u00fcce Allah her an yard\u0131mc\u0131m\u0131z olsun.   Ben \u015fiiri, kendime meslek, en b\u00fcy\u00fck bir g\u00f6rev bildim. Her daim yerine getirilmesi gereken \u00f6dev bildim. Ben \u015fiiri bir s\u0131\u011f\u0131nak, huzur bulacak bir ev bildim.   Bu g\u00f6revi ald\u0131m Rabb&#8217;den, \u015fiire memurum, \u015fiire mecburum.   \u201cFerdun, Hayyun, Kayyumun, Hakemun, Adlun, ve Kudd\u00fcsun.\u201d Aziz ve Kerim Y\u00fcce Allah her an yard\u0131mc\u0131m\u0131z olsun.   \u015eiir yazmak hayat\u0131ma de\u011fer katar, mana getirir. Belki \u015fiirlerim idrake, belki izana getirir. Elbette Allah nasip ederse imana getirir. Bu g\u00f6revi ald\u0131m Hak&#8217;tan, siire memurum, \u015fiire mecburum.   \u201cFerdun, Hayyun, Kayyumun, Hakemun, Adlun, ve Kudd\u00fcsun.&#8221; Vehhab ve Rezzak Y\u00fcce Allah her an yard\u0131mc\u0131m\u0131z olsun.   Ey Sandali! Senin g\u00f6revin \u015fiir, mesle\u011fin \u015fair. Asla unutma! Hayat\u0131n\u0131n merkezi hep buna dair. Di\u011fer i\u015fler senin i\u00e7in ikincil, \u00f6nemsiz ve sair. Bu g\u00f6revi ald\u0131m Rabb&#8217;den, \u015fiire memurum, \u015fiire mecburum.   <\/p>\n","protected":false},"excerpt":{"rendered":"<p>\u0130\u011fne ile kuyu kazmak gibi me\u015fakkatlidir yazmak. Kuyudan a\u011f\u0131rca su \u00e7ekmek gibi zahmetlidir yazmak. Yusuf\u2019\u00e7a kuyuya at\u0131lmak gibi hikmetlidir yazmak. Bu g\u00f6revi ald\u0131m Hak&#8217;tan, siire memurum,<span class=\"excerpt-hellip\"> [\u2026]<\/span><\/p>\n","protected":false},"featured_media":0,"template":"","meta":{"_monsterinsights_skip_tracking":false,"_monsterinsights_sitenote_active":false,"_monsterinsights_sitenote_note":"","_monsterinsights_sitenote_category":0},"product_brand":[],"product_cat":[12291,12509],"product_tag":[],"class_list":{"0":"post-744480","1":"product","2":"type-product","3":"status-publish","5":"product_cat-edebiyat","6":"product_cat-siir","7":"pa_cilt-ciltsiz","8":"pa_tur-kitap","9":"pa_yayinevi-gulnar-yayinlari","10":"pa_yazar-ahmet-sandal","12":"first","13":"instock","14":"sale","15":"shipping-taxable","16":"purchasable","17":"product-type-simple"},"_links":{"self":[{"href":"https:\/\/roveyayinevi.com.tr\/index.php\/wp-json\/wp\/v2\/product\/744480","targetHints":{"allow":["GET"]}}],"collection":[{"href":"https:\/\/roveyayinevi.com.tr\/index.php\/wp-json\/wp\/v2\/product"}],"about":[{"href":"https:\/\/roveyayinevi.com.tr\/index.php\/wp-json\/wp\/v2\/types\/product"}],"wp:attachment":[{"href":"https:\/\/roveyayinevi.com.tr\/index.php\/wp-json\/wp\/v2\/media?parent=744480"}],"wp:term":[{"taxonomy":"product_brand","embeddable":true,"href":"https:\/\/roveyayinevi.com.tr\/index.php\/wp-json\/wp\/v2\/product_brand?post=744480"},{"taxonomy":"product_cat","embeddable":true,"href":"https:\/\/roveyayinevi.com.tr\/index.php\/wp-json\/wp\/v2\/product_cat?post=744480"},{"taxonomy":"product_tag","embeddable":true,"href":"https:\/\/roveyayinevi.com.tr\/index.php\/wp-json\/wp\/v2\/product_tag?post=744480"}],"curies":[{"name":"wp","href":"https:\/\/api.w.org\/{rel}","templated":true}]}}