{"id":744476,"date":"2025-08-28T01:57:50","date_gmt":"2025-08-27T22:57:50","guid":{"rendered":"https:\/\/roveyayinevi.com.tr\/index.php\/urun\/mavi-ses\/"},"modified":"2026-04-16T02:56:31","modified_gmt":"2026-04-15T23:56:31","slug":"mavi-ses","status":"publish","type":"product","link":"https:\/\/roveyayinevi.com.tr\/index.php\/urun\/mavi-ses\/","title":{"rendered":"Mavi Ses"},"content":{"rendered":"<p>Sohrab Sepehri renklerin insan\u0131d\u0131r. En \u00e7ok da mavinin. Rengi \u0131\u015f\u0131\u011f\u0131n ac\u0131s\u0131 olarak tan\u0131mlayan Goethe&#8217;nin s\u00f6z\u00fc, onun f\u0131r\u00e7as\u0131ndan tuvale ge\u00e7er. Onun \u015fiirleri bir tablonun renkleriyle doludur. Resimleri de \u015fiirin imgelerinden beslenmi\u015ftir.Yay\u0131nevimiz Sohrab Sepehri&#8217;nin Yaln\u0131zl\u0131\u011f\u0131m\u0131n \u00c7inisi isimiyle yay\u0131mlad\u0131\u011f\u0131 \u015fiir kitab\u0131ndan sonra, onun d\u00fcz yaz\u0131lar\u0131yla da ba\u015fka bir Sohrab&#8217;\u0131 okurlarla tan\u0131\u015ft\u0131rmaktad\u0131r. Ha\u015fim H\u00fcsrev\u015fahi&#8217;nin uzun emekler sonucu T\u00fcrk\u00e7eye kazand\u0131rd\u0131\u011f\u0131 Mavi Ses, Sohrab&#8217;\u0131n ruhuna ve yaln\u0131zl\u0131\u011f\u0131na bir selamd\u0131r.<\/p>\n","protected":false},"excerpt":{"rendered":"<p>Sohrab Sepehri renklerin insan\u0131d\u0131r. En \u00e7ok da mavinin. Rengi \u0131\u015f\u0131\u011f\u0131n ac\u0131s\u0131 olarak tan\u0131mlayan Goethe&#8217;nin s\u00f6z\u00fc, onun f\u0131r\u00e7as\u0131ndan tuvale ge\u00e7er. Onun \u015fiirleri bir tablonun renkleriyle doludur. Resimleri<span class=\"excerpt-hellip\"> [\u2026]<\/span><\/p>\n","protected":false},"featured_media":0,"template":"","meta":{"_monsterinsights_skip_tracking":false,"_monsterinsights_sitenote_active":false,"_monsterinsights_sitenote_note":"","_monsterinsights_sitenote_category":0},"product_brand":[],"product_cat":[12777,12291],"product_tag":[],"class_list":{"0":"post-744476","1":"product","2":"type-product","3":"status-publish","5":"product_cat-deneme","6":"product_cat-edebiyat","7":"pa_cilt-ciltsiz","8":"pa_tur-kitap","9":"pa_yayinevi-totem-yayinlari","10":"pa_yazar-sohrab-sepehri","12":"first","13":"instock","14":"sale","15":"shipping-taxable","16":"purchasable","17":"product-type-simple"},"_links":{"self":[{"href":"https:\/\/roveyayinevi.com.tr\/index.php\/wp-json\/wp\/v2\/product\/744476","targetHints":{"allow":["GET"]}}],"collection":[{"href":"https:\/\/roveyayinevi.com.tr\/index.php\/wp-json\/wp\/v2\/product"}],"about":[{"href":"https:\/\/roveyayinevi.com.tr\/index.php\/wp-json\/wp\/v2\/types\/product"}],"wp:attachment":[{"href":"https:\/\/roveyayinevi.com.tr\/index.php\/wp-json\/wp\/v2\/media?parent=744476"}],"wp:term":[{"taxonomy":"product_brand","embeddable":true,"href":"https:\/\/roveyayinevi.com.tr\/index.php\/wp-json\/wp\/v2\/product_brand?post=744476"},{"taxonomy":"product_cat","embeddable":true,"href":"https:\/\/roveyayinevi.com.tr\/index.php\/wp-json\/wp\/v2\/product_cat?post=744476"},{"taxonomy":"product_tag","embeddable":true,"href":"https:\/\/roveyayinevi.com.tr\/index.php\/wp-json\/wp\/v2\/product_tag?post=744476"}],"curies":[{"name":"wp","href":"https:\/\/api.w.org\/{rel}","templated":true}]}}