{"id":744467,"date":"2025-08-28T01:57:36","date_gmt":"2025-08-27T22:57:36","guid":{"rendered":"https:\/\/roveyayinevi.com.tr\/index.php\/urun\/huzundur-ask\/"},"modified":"2026-04-16T02:56:31","modified_gmt":"2026-04-15T23:56:31","slug":"huzundur-ask","status":"publish","type":"product","link":"https:\/\/roveyayinevi.com.tr\/index.php\/urun\/huzundur-ask\/","title":{"rendered":"H\u00fcz\u00fcnd\u00fcr A\u015fk"},"content":{"rendered":"<p>Bug\u00fcn kederliyim beterim bug\u00fcnSesime ses de\u011fse \u00e7\u0131\u011fl\u0131k oluyor\u00dc\u015f\u00fcyor toprak ta\u015flar \u00fc\u015f\u00fcyorVuslat\u0131 yak\u0131n eden yollar \u00fc\u015f\u00fcyorYumma g\u00f6zlerini uyuma bug\u00fcnB\u00fct\u00fcn g\u00f6lgeler ak\u015fam oluyor\u00dc\u015f\u00fcyor yaprak dallar \u00fc\u015f\u00fcyorSavrulup y\u0131rt\u0131lan r\u00fczg\u00e2r \u00fc\u015f\u00fcyor\u0130\u00e7imde k\u0131\u015f gibi bir mevsim \u00fc\u015f\u00fcyorOysa ben senden neler neler isterdimSenli sevdalarda do\u011fmak isterdimSabahlar isterdim asi ve maviB\u00fcy\u00fcs\u00fcn isterdim \u0131\u015f\u0131\u011f\u0131n rengiAma gel g\u00f6r ki k\u00f6t\u00fcy\u00fcm bug\u00fcn<\/p>\n","protected":false},"excerpt":{"rendered":"<p>Bug\u00fcn kederliyim beterim bug\u00fcnSesime ses de\u011fse \u00e7\u0131\u011fl\u0131k oluyor\u00dc\u015f\u00fcyor toprak ta\u015flar \u00fc\u015f\u00fcyorVuslat\u0131 yak\u0131n eden yollar \u00fc\u015f\u00fcyorYumma g\u00f6zlerini uyuma bug\u00fcnB\u00fct\u00fcn g\u00f6lgeler ak\u015fam oluyor\u00dc\u015f\u00fcyor yaprak dallar \u00fc\u015f\u00fcyorSavrulup y\u0131rt\u0131lan r\u00fczg\u00e2r<span class=\"excerpt-hellip\"> [\u2026]<\/span><\/p>\n","protected":false},"featured_media":0,"template":"","meta":{"_monsterinsights_skip_tracking":false,"_monsterinsights_sitenote_active":false,"_monsterinsights_sitenote_note":"","_monsterinsights_sitenote_category":0},"product_brand":[],"product_cat":[12291,12509],"product_tag":[],"class_list":{"0":"post-744467","1":"product","2":"type-product","3":"status-publish","5":"product_cat-edebiyat","6":"product_cat-siir","7":"pa_cilt-ciltsiz","8":"pa_tur-kitap","9":"pa_yayinevi-totem-yayinlari","10":"pa_yazar-ahmet-can-akyol","12":"first","13":"instock","14":"sale","15":"shipping-taxable","16":"purchasable","17":"product-type-simple"},"_links":{"self":[{"href":"https:\/\/roveyayinevi.com.tr\/index.php\/wp-json\/wp\/v2\/product\/744467","targetHints":{"allow":["GET"]}}],"collection":[{"href":"https:\/\/roveyayinevi.com.tr\/index.php\/wp-json\/wp\/v2\/product"}],"about":[{"href":"https:\/\/roveyayinevi.com.tr\/index.php\/wp-json\/wp\/v2\/types\/product"}],"wp:attachment":[{"href":"https:\/\/roveyayinevi.com.tr\/index.php\/wp-json\/wp\/v2\/media?parent=744467"}],"wp:term":[{"taxonomy":"product_brand","embeddable":true,"href":"https:\/\/roveyayinevi.com.tr\/index.php\/wp-json\/wp\/v2\/product_brand?post=744467"},{"taxonomy":"product_cat","embeddable":true,"href":"https:\/\/roveyayinevi.com.tr\/index.php\/wp-json\/wp\/v2\/product_cat?post=744467"},{"taxonomy":"product_tag","embeddable":true,"href":"https:\/\/roveyayinevi.com.tr\/index.php\/wp-json\/wp\/v2\/product_tag?post=744467"}],"curies":[{"name":"wp","href":"https:\/\/api.w.org\/{rel}","templated":true}]}}