{"id":744456,"date":"2025-08-28T01:57:22","date_gmt":"2025-08-27T22:57:22","guid":{"rendered":"https:\/\/roveyayinevi.com.tr\/index.php\/urun\/saglik-ve-fitness-tesislerinde-risk-yonetimi\/"},"modified":"2026-04-16T02:56:31","modified_gmt":"2026-04-15T23:56:31","slug":"saglik-ve-fitness-tesislerinde-risk-yonetimi","status":"publish","type":"product","link":"https:\/\/roveyayinevi.com.tr\/index.php\/urun\/saglik-ve-fitness-tesislerinde-risk-yonetimi\/","title":{"rendered":"Sa\u011fl\u0131k ve Fitness Tesislerinde Risk Y\u00f6netimi"},"content":{"rendered":"<p>G\u0130R\u0130\u015e KAVRAMSAL \u00c7ER\u00c7EVE Risk Kavram\u0131 Risk Y\u00f6netimi \u00b7         Risk y\u00f6netiminin \u00f6nemi \u00b7         Risk y\u00f6netimi eylem plan\u0131 \u00b7         Risk analizi teknikleri \u00b7         Risk y\u00f6netimi uygulamalar\u0131n\u0131n yararlar\u0131 Sa\u011fl\u0131k ve Fitness Sekt\u00f6r\u00fc \u00b7         Sa\u011fl\u0131k ve fitness sekt\u00f6r\u00fcnde risk y\u00f6netimi \u00b7         Sa\u011fl\u0131k ve fitness tesislerinde potansiyel risk alanlar\u0131 <\/p>\n","protected":false},"excerpt":{"rendered":"<p>G\u0130R\u0130\u015e KAVRAMSAL \u00c7ER\u00c7EVE Risk Kavram\u0131 Risk Y\u00f6netimi \u00b7 Risk y\u00f6netiminin \u00f6nemi \u00b7 Risk y\u00f6netimi eylem plan\u0131 \u00b7 Risk analizi teknikleri \u00b7 Risk y\u00f6netimi uygulamalar\u0131n\u0131n yararlar\u0131 Sa\u011fl\u0131k<span class=\"excerpt-hellip\"> [\u2026]<\/span><\/p>\n","protected":false},"featured_media":0,"template":"","meta":{"_monsterinsights_skip_tracking":false,"_monsterinsights_sitenote_active":false,"_monsterinsights_sitenote_note":"","_monsterinsights_sitenote_category":0},"product_brand":[],"product_cat":[15563,15564],"product_tag":[],"class_list":{"0":"post-744456","1":"product","2":"type-product","3":"status-publish","5":"product_cat-hobi","6":"product_cat-spor","7":"pa_cilt-ciltsiz","8":"pa_tur-kitap","9":"pa_yayinevi-gazi-kitabevi","10":"pa_yazar-ali-eraslan","12":"first","13":"instock","14":"sale","15":"shipping-taxable","16":"purchasable","17":"product-type-simple"},"_links":{"self":[{"href":"https:\/\/roveyayinevi.com.tr\/index.php\/wp-json\/wp\/v2\/product\/744456","targetHints":{"allow":["GET"]}}],"collection":[{"href":"https:\/\/roveyayinevi.com.tr\/index.php\/wp-json\/wp\/v2\/product"}],"about":[{"href":"https:\/\/roveyayinevi.com.tr\/index.php\/wp-json\/wp\/v2\/types\/product"}],"wp:attachment":[{"href":"https:\/\/roveyayinevi.com.tr\/index.php\/wp-json\/wp\/v2\/media?parent=744456"}],"wp:term":[{"taxonomy":"product_brand","embeddable":true,"href":"https:\/\/roveyayinevi.com.tr\/index.php\/wp-json\/wp\/v2\/product_brand?post=744456"},{"taxonomy":"product_cat","embeddable":true,"href":"https:\/\/roveyayinevi.com.tr\/index.php\/wp-json\/wp\/v2\/product_cat?post=744456"},{"taxonomy":"product_tag","embeddable":true,"href":"https:\/\/roveyayinevi.com.tr\/index.php\/wp-json\/wp\/v2\/product_tag?post=744456"}],"curies":[{"name":"wp","href":"https:\/\/api.w.org\/{rel}","templated":true}]}}