{"id":744430,"date":"2025-08-28T01:56:48","date_gmt":"2025-08-27T22:56:48","guid":{"rendered":"https:\/\/roveyayinevi.com.tr\/index.php\/urun\/alevi-sorunu\/"},"modified":"2026-04-16T02:56:30","modified_gmt":"2026-04-15T23:56:30","slug":"alevi-sorunu","status":"publish","type":"product","link":"https:\/\/roveyayinevi.com.tr\/index.php\/urun\/alevi-sorunu\/","title":{"rendered":"Alevi Sorunu"},"content":{"rendered":"<p>&#8220;&#8230;Kerbela bize insan olman\u0131n, kendi gibi insan olman\u0131n, inand\u0131\u011f\u0131 gibi insan olman\u0131n, inand\u0131\u011f\u0131 gibi ya\u015famaya kavilli insan olman\u0131n, Rea Haq inanc\u0131na ikrar vermi\u015f insan olman\u0131n, nefes al\u0131p verdik\u00e7e \u00f6denmesi, g\u00f6\u011f\u00fcslenmesi, ya\u015fanmas\u0131 gereken bedeli oldu hep\u2026&#8221; Bu kitap, i\u00e7erisinden ge\u00e7ti\u011fimiz s\u00fcrecin geli\u015fmeleriyle birlikte temel sorunlar\u0131ndan biri olan Alevi meselesini anlamakve y\u00fczle\u015fmek ihtiyac\u0131 duyanlar i\u00e7in bir ba\u015fucu kitab\u0131 olacak \u00f6nemde\u2026 <\/p>\n","protected":false},"excerpt":{"rendered":"<p>&#8220;&#8230;Kerbela bize insan olman\u0131n, kendi gibi insan olman\u0131n, inand\u0131\u011f\u0131 gibi insan olman\u0131n, inand\u0131\u011f\u0131 gibi ya\u015famaya kavilli insan olman\u0131n, Rea Haq inanc\u0131na ikrar vermi\u015f insan olman\u0131n, nefes<span class=\"excerpt-hellip\"> [\u2026]<\/span><\/p>\n","protected":false},"featured_media":0,"template":"","meta":{"_monsterinsights_skip_tracking":false,"_monsterinsights_sitenote_active":false,"_monsterinsights_sitenote_note":"","_monsterinsights_sitenote_category":0},"product_brand":[],"product_cat":[13575,12718,12719],"product_tag":[],"class_list":{"0":"post-744430","1":"product","2":"type-product","3":"status-publish","5":"product_cat-alevilik-bektasilik","6":"product_cat-din","7":"product_cat-islam","8":"pa_cilt-ciltsiz","9":"pa_tur-kitap","10":"pa_yayinevi-totem-yayinlari","11":"pa_yazar-cafer-solgun","13":"first","14":"instock","15":"sale","16":"shipping-taxable","17":"purchasable","18":"product-type-simple"},"_links":{"self":[{"href":"https:\/\/roveyayinevi.com.tr\/index.php\/wp-json\/wp\/v2\/product\/744430","targetHints":{"allow":["GET"]}}],"collection":[{"href":"https:\/\/roveyayinevi.com.tr\/index.php\/wp-json\/wp\/v2\/product"}],"about":[{"href":"https:\/\/roveyayinevi.com.tr\/index.php\/wp-json\/wp\/v2\/types\/product"}],"wp:attachment":[{"href":"https:\/\/roveyayinevi.com.tr\/index.php\/wp-json\/wp\/v2\/media?parent=744430"}],"wp:term":[{"taxonomy":"product_brand","embeddable":true,"href":"https:\/\/roveyayinevi.com.tr\/index.php\/wp-json\/wp\/v2\/product_brand?post=744430"},{"taxonomy":"product_cat","embeddable":true,"href":"https:\/\/roveyayinevi.com.tr\/index.php\/wp-json\/wp\/v2\/product_cat?post=744430"},{"taxonomy":"product_tag","embeddable":true,"href":"https:\/\/roveyayinevi.com.tr\/index.php\/wp-json\/wp\/v2\/product_tag?post=744430"}],"curies":[{"name":"wp","href":"https:\/\/api.w.org\/{rel}","templated":true}]}}