{"id":744422,"date":"2025-08-28T01:56:32","date_gmt":"2025-08-27T22:56:32","guid":{"rendered":"https:\/\/roveyayinevi.com.tr\/index.php\/urun\/kis-yolculugu-2\/"},"modified":"2026-04-16T02:56:30","modified_gmt":"2026-04-15T23:56:30","slug":"kis-yolculugu-2","status":"publish","type":"product","link":"https:\/\/roveyayinevi.com.tr\/index.php\/urun\/kis-yolculugu-2\/","title":{"rendered":"K\u0131\u015f Yolculu\u011fu"},"content":{"rendered":"<p>\u201cA\u015fkta kaybetmek diye bir \u015fey yoktur.\u201d   Zo\u00efle \u00e2\u015f\u0131k oldu\u011fu kad\u0131n\u0131n g\u00f6nl\u00fcn\u00fc bir t\u00fcrl\u00fc kazanam\u0131yor. \u00c7\u00fcnk\u00fc o kad\u0131n bir ba\u015fkas\u0131na \u00e2\u015f\u0131k. B\u00f6ylece akl\u0131na olabilecek en anlams\u0131z fikirlerden biri geliyor: 13.30 u\u00e7a\u011f\u0131n\u0131 havaya u\u00e7urmak. Uluslararas\u0131 bir ter\u00f6rist mi? Say\u0131l\u0131r. Ama o a\u015fk\u0131 u\u011fruna sava\u015f\u0131yor. Kar\u015f\u0131l\u0131ks\u0131z bir a\u015fk\u2026   Fakat a\u015fkta kaybetmek yoktur. A\u015fk\u0131 hissetmek kendi ba\u015f\u0131na \u00f6ylesine bir tutkudur ki neden daha fazlas\u0131 istenir diye kendine sormal\u0131 insan. Ka\u00e7\u0131rd\u0131\u011f\u0131 u\u00e7a\u011f\u0131 Eyfel Kulesi\u2019ne \u00e7arp\u0131p a\u015fk\u0131n\u0131 ispatlamak niyetinde olan Zo\u00efle amac\u0131na ula\u015fabilecek mi?   Am\u00e9lie Nothomb bu k\u00fc\u00e7\u00fck kitapta zihninin parlakl\u0131\u011f\u0131n\u0131 bir kez daha g\u00f6zler \u00f6n\u00fcne seriyor.   \u201cAm\u00e9lie Nothomb yarat\u0131c\u0131l\u0131\u011f\u0131n\u0131 kullanarak \u015fu karanl\u0131k d\u00fcnyay\u0131 biraz olsun ayd\u0131nlat\u0131yor.\u201d \u2014Fran\u00e7ois Busnel, L\u2019Express.   \u201c\u0130smini Schubert\u2019in yap\u0131t\u0131ndan alan K\u0131\u015f Yolculu\u011fu ak\u0131llardan uzun s\u00fcre \u00e7\u0131kmayacak orijinal bir tat b\u0131rak\u0131yor okurda.\u201d \u2014Delphine Peras, Read <\/p>\n","protected":false},"excerpt":{"rendered":"<p>\u201cA\u015fkta kaybetmek diye bir \u015fey yoktur.\u201d Zo\u00efle \u00e2\u015f\u0131k oldu\u011fu kad\u0131n\u0131n g\u00f6nl\u00fcn\u00fc bir t\u00fcrl\u00fc kazanam\u0131yor. \u00c7\u00fcnk\u00fc o kad\u0131n bir ba\u015fkas\u0131na \u00e2\u015f\u0131k. B\u00f6ylece akl\u0131na olabilecek en anlams\u0131z fikirlerden<span class=\"excerpt-hellip\"> [\u2026]<\/span><\/p>\n","protected":false},"featured_media":0,"template":"","meta":{"_monsterinsights_skip_tracking":false,"_monsterinsights_sitenote_active":false,"_monsterinsights_sitenote_note":"","_monsterinsights_sitenote_category":0},"product_brand":[],"product_cat":[12291,12711],"product_tag":[],"class_list":{"0":"post-744422","1":"product","2":"type-product","3":"status-publish","5":"product_cat-edebiyat","6":"product_cat-roman-oyku","7":"pa_cilt-ciltsiz","8":"pa_tur-kitap","9":"pa_yayinevi-sahi-kitap","10":"pa_yazar-amelie-nothomb","12":"first","13":"instock","14":"sale","15":"shipping-taxable","16":"purchasable","17":"product-type-simple"},"_links":{"self":[{"href":"https:\/\/roveyayinevi.com.tr\/index.php\/wp-json\/wp\/v2\/product\/744422","targetHints":{"allow":["GET"]}}],"collection":[{"href":"https:\/\/roveyayinevi.com.tr\/index.php\/wp-json\/wp\/v2\/product"}],"about":[{"href":"https:\/\/roveyayinevi.com.tr\/index.php\/wp-json\/wp\/v2\/types\/product"}],"wp:attachment":[{"href":"https:\/\/roveyayinevi.com.tr\/index.php\/wp-json\/wp\/v2\/media?parent=744422"}],"wp:term":[{"taxonomy":"product_brand","embeddable":true,"href":"https:\/\/roveyayinevi.com.tr\/index.php\/wp-json\/wp\/v2\/product_brand?post=744422"},{"taxonomy":"product_cat","embeddable":true,"href":"https:\/\/roveyayinevi.com.tr\/index.php\/wp-json\/wp\/v2\/product_cat?post=744422"},{"taxonomy":"product_tag","embeddable":true,"href":"https:\/\/roveyayinevi.com.tr\/index.php\/wp-json\/wp\/v2\/product_tag?post=744422"}],"curies":[{"name":"wp","href":"https:\/\/api.w.org\/{rel}","templated":true}]}}