{"id":744421,"date":"2025-08-28T01:56:31","date_gmt":"2025-08-27T22:56:31","guid":{"rendered":"https:\/\/roveyayinevi.com.tr\/index.php\/urun\/gokyuzunde-etkinlik\/"},"modified":"2026-04-16T02:56:30","modified_gmt":"2026-04-15T23:56:30","slug":"gokyuzunde-etkinlik","status":"publish","type":"product","link":"https:\/\/roveyayinevi.com.tr\/index.php\/urun\/gokyuzunde-etkinlik\/","title":{"rendered":"G\u00f6ky\u00fcz\u00fcnde Etkinlik"},"content":{"rendered":"<p>Ya\u015fam alanlar\u0131 farkl\u0131 hayvanlar\u0131n d\u00fcnyas\u0131na misafir olurken oyun tad\u0131nda etkinlikler sunan bu kitaplar, bili\u015fsel geli\u015fimi desteklemeyi ama\u00e7l\u0131yor. Ku\u015flar, kelebekler, foklar, bal\u0131klar, \u00f6rdekler, ke\u00e7iler, ahtapotlar\u2026 Dostlar\u0131m\u0131z\u0131n renkli d\u00fcnyalar\u0131, \u00e7ocuklar\u0131n boya kalemleriyle bulu\u015fuyor. Ortaya e\u011flenceli bir \u00f6\u011frenme s\u00fcreci \u00e7\u0131k\u0131yor. \u00c7ocuklar\u0131m\u0131z e\u015fle\u015ftirme, dikkat, fark bulma, mant\u0131k, kodlama etkinliklerini yaparken hem e\u011flenecek hem de becerilerini geli\u015ftirecekler! <\/p>\n","protected":false},"excerpt":{"rendered":"<p>Ya\u015fam alanlar\u0131 farkl\u0131 hayvanlar\u0131n d\u00fcnyas\u0131na misafir olurken oyun tad\u0131nda etkinlikler sunan bu kitaplar, bili\u015fsel geli\u015fimi desteklemeyi ama\u00e7l\u0131yor. Ku\u015flar, kelebekler, foklar, bal\u0131klar, \u00f6rdekler, ke\u00e7iler, ahtapotlar\u2026 Dostlar\u0131m\u0131z\u0131n renkli<span class=\"excerpt-hellip\"> [\u2026]<\/span><\/p>\n","protected":false},"featured_media":0,"template":"","meta":{"_monsterinsights_skip_tracking":false,"_monsterinsights_sitenote_active":false,"_monsterinsights_sitenote_note":"","_monsterinsights_sitenote_category":0},"product_brand":[],"product_cat":[12644,12274],"product_tag":[],"class_list":{"0":"post-744421","1":"product","2":"type-product","3":"status-publish","5":"product_cat-boyama-kitaplari","6":"product_cat-cocuk-ve-genclik-kitaplari","7":"pa_cilt-ciltsiz","8":"pa_tur-kitap","9":"pa_yayinevi-turkuvaz-kitap","10":"pa_yazar-fatma-hazan-turkkol","12":"first","13":"instock","14":"sale","15":"shipping-taxable","16":"purchasable","17":"product-type-simple"},"_links":{"self":[{"href":"https:\/\/roveyayinevi.com.tr\/index.php\/wp-json\/wp\/v2\/product\/744421","targetHints":{"allow":["GET"]}}],"collection":[{"href":"https:\/\/roveyayinevi.com.tr\/index.php\/wp-json\/wp\/v2\/product"}],"about":[{"href":"https:\/\/roveyayinevi.com.tr\/index.php\/wp-json\/wp\/v2\/types\/product"}],"wp:attachment":[{"href":"https:\/\/roveyayinevi.com.tr\/index.php\/wp-json\/wp\/v2\/media?parent=744421"}],"wp:term":[{"taxonomy":"product_brand","embeddable":true,"href":"https:\/\/roveyayinevi.com.tr\/index.php\/wp-json\/wp\/v2\/product_brand?post=744421"},{"taxonomy":"product_cat","embeddable":true,"href":"https:\/\/roveyayinevi.com.tr\/index.php\/wp-json\/wp\/v2\/product_cat?post=744421"},{"taxonomy":"product_tag","embeddable":true,"href":"https:\/\/roveyayinevi.com.tr\/index.php\/wp-json\/wp\/v2\/product_tag?post=744421"}],"curies":[{"name":"wp","href":"https:\/\/api.w.org\/{rel}","templated":true}]}}