{"id":744414,"date":"2025-08-28T01:56:23","date_gmt":"2025-08-27T22:56:23","guid":{"rendered":"https:\/\/roveyayinevi.com.tr\/index.php\/urun\/cok-ozel-bir-mektup\/"},"modified":"2026-04-16T02:56:29","modified_gmt":"2026-04-15T23:56:29","slug":"cok-ozel-bir-mektup","status":"publish","type":"product","link":"https:\/\/roveyayinevi.com.tr\/index.php\/urun\/cok-ozel-bir-mektup\/","title":{"rendered":"\u00c7ok \u00d6zel Bir Mektup"},"content":{"rendered":"<p>Can\u2019\u0131n do\u011fum g\u00fcn\u00fc ge\u00e7mi\u015fti. Y\u0131lba\u015f\u0131na ise daha \u00e7ok zaman vard\u0131. \u00dcstelik para toplanm\u0131yordu. Peki bu durumda Can yeni bir bisikleti nas\u0131l alacakt\u0131? Neyse ki ablas\u0131 karde\u015fine heyecan verici bir teklifte bulundu.   Astronot Dedem kitab\u0131n\u0131n sevilen yazar\u0131 Jonathan Meres\u2019in yazd\u0131\u011f\u0131 bu samimi hik\u00e2yeyi Hannah Coulson resimledi. <\/p>\n","protected":false},"excerpt":{"rendered":"<p>Can\u2019\u0131n do\u011fum g\u00fcn\u00fc ge\u00e7mi\u015fti. Y\u0131lba\u015f\u0131na ise daha \u00e7ok zaman vard\u0131. \u00dcstelik para toplanm\u0131yordu. Peki bu durumda Can yeni bir bisikleti nas\u0131l alacakt\u0131? Neyse ki ablas\u0131 karde\u015fine<span class=\"excerpt-hellip\"> [\u2026]<\/span><\/p>\n","protected":false},"featured_media":0,"template":"","meta":{"_monsterinsights_skip_tracking":false,"_monsterinsights_sitenote_active":false,"_monsterinsights_sitenote_note":"","_monsterinsights_sitenote_category":0},"product_brand":[],"product_cat":[12274,12284],"product_tag":[],"class_list":{"0":"post-744414","1":"product","2":"type-product","3":"status-publish","5":"product_cat-cocuk-ve-genclik-kitaplari","6":"product_cat-hikayeler","7":"pa_cilt-ciltsiz","8":"pa_tur-kitap","9":"pa_yayinevi-yapi-kredi-yayinlari","10":"pa_yazar-jonathan-meres","12":"first","13":"instock","14":"sale","15":"shipping-taxable","16":"purchasable","17":"product-type-simple"},"_links":{"self":[{"href":"https:\/\/roveyayinevi.com.tr\/index.php\/wp-json\/wp\/v2\/product\/744414","targetHints":{"allow":["GET"]}}],"collection":[{"href":"https:\/\/roveyayinevi.com.tr\/index.php\/wp-json\/wp\/v2\/product"}],"about":[{"href":"https:\/\/roveyayinevi.com.tr\/index.php\/wp-json\/wp\/v2\/types\/product"}],"wp:attachment":[{"href":"https:\/\/roveyayinevi.com.tr\/index.php\/wp-json\/wp\/v2\/media?parent=744414"}],"wp:term":[{"taxonomy":"product_brand","embeddable":true,"href":"https:\/\/roveyayinevi.com.tr\/index.php\/wp-json\/wp\/v2\/product_brand?post=744414"},{"taxonomy":"product_cat","embeddable":true,"href":"https:\/\/roveyayinevi.com.tr\/index.php\/wp-json\/wp\/v2\/product_cat?post=744414"},{"taxonomy":"product_tag","embeddable":true,"href":"https:\/\/roveyayinevi.com.tr\/index.php\/wp-json\/wp\/v2\/product_tag?post=744414"}],"curies":[{"name":"wp","href":"https:\/\/api.w.org\/{rel}","templated":true}]}}