{"id":744399,"date":"2025-08-28T01:56:03","date_gmt":"2025-08-27T22:56:03","guid":{"rendered":"https:\/\/roveyayinevi.com.tr\/index.php\/urun\/tasarruftan-firlatip-atma-kulturune\/"},"modified":"2026-01-29T03:26:56","modified_gmt":"2026-01-29T00:26:56","slug":"tasarruftan-firlatip-atma-kulturune","status":"publish","type":"product","link":"https:\/\/roveyayinevi.com.tr\/index.php\/urun\/tasarruftan-firlatip-atma-kulturune\/","title":{"rendered":"Tasarruftan F\u0131rlat\u0131p Atma K\u00fclt\u00fcr\u00fcne"},"content":{"rendered":"<p>T\u00fcketimin tarihsel geli\u015fimini T\u00fcrk roman\u0131 \u00fczerinden yorumlayan kitap, tasarruf ve birikim odakl\u0131 toplumdan \u201cf\u0131rlat\u0131p atma\u201d odakl\u0131 t\u00fcketim toplumuna ya\u015fanan de\u011fi\u015fimin izlerini farkl\u0131 d\u00f6nemlerden romanlar \u00e7er\u00e7evesinde de\u011ferlendirmektedir. Kitapta, 19. y\u00fczy\u0131ldan 21. y\u00fczy\u0131la romanlarda t\u00fcketimin de\u011fi\u015fen anlam\u0131; \u00f6zneler, nesneler, mek\u00e2nlar ve bo\u015f zaman, e\u011flence ve ya\u015fam tarz\u0131 temalar\u0131 ekseninde ele al\u0131nmaktad\u0131r. Romanlarda t\u00fcketici \u00f6zneler alafranga z\u00fcppelerden aylaklara, Do\u011fu-Bat\u0131 ikilemindeki \u00f6znelerden Bat\u0131l\u0131la\u015fm\u0131\u015f \u00f6znelere ve yeni kentli t\u00fcketicilere de\u011fi\u015fim g\u00f6stermektedir. T\u00fcketimin merkezi mek\u00e2n\u0131 b\u00fcy\u00fck\u015fehirler, romanlarda ticaret merkezi \u0130stanbul ve sosyok\u00fclt\u00fcrel merkez Ankara \u00fczerinden \u00f6rneklendirilirken, ya\u015fam alanlar\u0131 olan evler ve al\u0131\u015fveri\u015f alanlar\u0131 da t\u00fcketimi vurgulayan y\u00f6nleriyle incelenmektedir. Bu \u00e7er\u00e7evede romanlarda t\u00fcketim toplumunun izini s\u00fcrmeyi ama\u00e7layan kitap, T\u00fcrkiye\u2019de t\u00fcketim toplumu tarihine y\u00f6nelik bir yol haritas\u0131 sunmaktad\u0131r&#8230; <\/p>\n","protected":false},"excerpt":{"rendered":"<p>T\u00fcketimin tarihsel geli\u015fimini T\u00fcrk roman\u0131 \u00fczerinden yorumlayan kitap, tasarruf ve birikim odakl\u0131 toplumdan \u201cf\u0131rlat\u0131p atma\u201d odakl\u0131 t\u00fcketim toplumuna ya\u015fanan de\u011fi\u015fimin izlerini farkl\u0131 d\u00f6nemlerden romanlar \u00e7er\u00e7evesinde de\u011ferlendirmektedir.<span class=\"excerpt-hellip\"> [\u2026]<\/span><\/p>\n","protected":false},"featured_media":0,"template":"","meta":{"_monsterinsights_skip_tracking":false,"_monsterinsights_sitenote_active":false,"_monsterinsights_sitenote_note":"","_monsterinsights_sitenote_category":0},"product_brand":[],"product_cat":[12325,12324],"product_tag":[],"class_list":{"0":"post-744399","1":"product","2":"type-product","3":"status-publish","5":"product_cat-diger-sosyoloji","6":"product_cat-sosyoloji","7":"pa_cilt-ciltsiz","8":"pa_tur-kitap","9":"pa_yayinevi-utopya-yayinevi","10":"pa_yazar-deniz-calik","12":"first","13":"instock","14":"sale","15":"shipping-taxable","16":"purchasable","17":"product-type-simple"},"_links":{"self":[{"href":"https:\/\/roveyayinevi.com.tr\/index.php\/wp-json\/wp\/v2\/product\/744399","targetHints":{"allow":["GET"]}}],"collection":[{"href":"https:\/\/roveyayinevi.com.tr\/index.php\/wp-json\/wp\/v2\/product"}],"about":[{"href":"https:\/\/roveyayinevi.com.tr\/index.php\/wp-json\/wp\/v2\/types\/product"}],"wp:attachment":[{"href":"https:\/\/roveyayinevi.com.tr\/index.php\/wp-json\/wp\/v2\/media?parent=744399"}],"wp:term":[{"taxonomy":"product_brand","embeddable":true,"href":"https:\/\/roveyayinevi.com.tr\/index.php\/wp-json\/wp\/v2\/product_brand?post=744399"},{"taxonomy":"product_cat","embeddable":true,"href":"https:\/\/roveyayinevi.com.tr\/index.php\/wp-json\/wp\/v2\/product_cat?post=744399"},{"taxonomy":"product_tag","embeddable":true,"href":"https:\/\/roveyayinevi.com.tr\/index.php\/wp-json\/wp\/v2\/product_tag?post=744399"}],"curies":[{"name":"wp","href":"https:\/\/api.w.org\/{rel}","templated":true}]}}